000
CXUS54 KMEG 031510
CLMMKL


CLIMATE REPORT
NATIONAL WEATHER SERVICE MEMPHIS TN
1007 AM CDT SUN APR 3 2016

...................................

...THE JACKSON CLIMATE SUMMARY FOR THE MONTH OF MARCH 2016...

CLIMATE NORMAL PERIOD 1981 TO 2010
CLIMATE RECORD PERIOD 1948 TO 2016

WEATHER         OBSERVED          NORMAL  DEPART  LAST YEAR`S
                 VALUE   DATE(S)  VALUE   FROM    VALUE  DATE(S)
                                          NORMAL
................................................................
TEMPERATURE (F)
RECORD
 HIGH              87   03/15/2016
                        03/30/1986
                        03/28/1895
 LOW                3   03/06/2015
HIGHEST            87R  03/15        62      25       79  03/31
LOWEST             26   03/02        40     -14        3  03/06
AVG. MAXIMUM     66.1              62.6     3.5     61.1
AVG. MINIMUM     43.5              39.4     4.1     37.6
MEAN             54.8              51.0     3.8     49.4
DAYS MAX >= 90      0               0.0     0.0        0
DAYS MAX <= 32      0               0.1    -0.1        1
DAYS MIN <= 32      5               8.2    -3.2        9
DAYS MIN <= 0       0               0.0     0.0        0

PRECIPITATION (INCHES)
RECORD
 MAXIMUM        12.28   2002
 MINIMUM         1.69   2007
TOTALS          12.65R             4.75    7.90     5.08
DAILY AVG.       0.41              0.15    0.26     0.16
DAYS >= .01        15              10.5     4.5       17
DAYS >= .10        10               7.0     3.0       11
DAYS >= .50         5               3.3     1.7        3
DAYS >= 1.00        3               1.3     1.7        1
GREATEST
 24 HR. TOTAL    5.81   03/09 TO 03/10

SNOWFALL (INCHES)
RECORDS
 TOTAL           13.0   1968
TOTALS              T               0.4    -0.4      4.4
SINCE 7/1         1.5               4.6    -3.1      5.9
SNOWDEPTH AVG.      0                MM      MM        0
DAYS >= 1.0         0               0.1    -0.1        1
GREATEST
 SNOW DEPTH         0   MM                             4  03/05
 24 HR TOTAL        T   03/20 TO 03/20

DEGREE_DAYS
HEATING TOTAL     313               444    -131      479
 SINCE 7/1       2681              3328    -647     3652
COOLING TOTAL       6                10      -4        2
 SINCE 1/1          6                11      -5        2
.................................................................

WIND (MPH)
AVERAGE WIND SPEED              7.5
HIGHEST WIND SPEED/DIRECTION    30/300    DATE  03/20
HIGHEST GUST SPEED/DIRECTION    40/260    DATE  03/27

SKY COVER
POSSIBLE SUNSHINE (PERCENT)   MM
AVERAGE SKY COVER           0.40
NUMBER OF DAYS FAIR           15
NUMBER OF DAYS PC              9
NUMBER OF DAYS CLOUDY          7

AVERAGE RH (PERCENT)     67

WEATHER CONDITIONS. NUMBER OF DAYS WITH
THUNDERSTORM              0     MIXED PRECIP               0
HEAVY RAIN               10     RAIN                      10
LIGHT RAIN               15     FREEZING RAIN              0
LT FREEZING RAIN          0     HAIL                       0
HEAVY SNOW                0     SNOW                       0
LIGHT SNOW                1     SLEET                      0
FOG                      16     FOG W/VIS <= 1/4 MILE      1
HAZE                      2

-  INDICATES NEGATIVE NUMBERS.
R  INDICATES RECORD WAS SET OR TIED.
MM INDICATES DATA IS MISSING.
T  INDICATES TRACE AMOUNT.

$$
