000
CXUS54 KMEG 110312
CLMMKL


CLIMATE REPORT
NATIONAL WEATHER SERVICE MEMPHIS TN
907 PM CST TUE JAN 10 2017

...................................

...THE JACKSON CLIMATE SUMMARY FOR THE YEAR OF 2016...

CLIMATE NORMAL PERIOD 1981 TO 2010
CLIMATE RECORD PERIOD 1948 TO 2017

WEATHER         OBSERVED          NORMAL  DEPART  LAST YEAR`S
                 VALUE   DATE(S)  VALUE   FROM    VALUE  DATE(S)
                                          NORMAL
................................................................
TEMPERATURE (F)
RECORD
 HIGH             107   07/27/1952
 LOW              -13   01/24/1963
HIGHEST            99   07/22                         98  08/04
                                                          07/29
LOWEST             12   01/18                          3  03/06
AVG. MAXIMUM     73.3              71.1     2.2     71.7
AVG. MINIMUM     50.8              48.6     2.2     49.5
MEAN             62.1              59.8     2.3     60.6
DAYS MAX >= 90     78              52.4    25.6       64
DAYS MAX <= 32      4               5.9    -1.9        9
DAYS MIN <= 32     70              73.6    -3.6       72
DAYS MIN <= 0       0               0.4    -0.4        0

PRECIPITATION (INCHES)
RECORD
 MAXIMUM        75.98   1974
 MINIMUM        34.68   1963
TOTALS          46.73             53.27   -6.54    48.22
DAILY AVG.       0.13              0.15   -0.02     0.13
DAYS >= .01       121             111.1     9.9      111
DAYS >= .10        75              73.6     1.4       75
DAYS >= .50        30              36.5    -6.5       32
DAYS >= 1.00       11              16.9    -5.9       16

SNOWFALL (INCHES)
RECORDS
 TOTAL           25.0   1985
 SNOW DEPTH        14   03/01/2009
TOTALS            1.5               4.6    -3.1      5.8
SINCE 7/1           T               0.3    -0.3      0.0
SNOWDEPTH AVG.      0                MM      MM        0
DAYS >= TRACE      12               3.0     9.0       13
DAYS >= 1.0         1               1.5    -0.5        2
GREATEST
 SNOW DEPTH         1   01/23                          4  03/05

DEGREE_DAYS
HEATING TOTAL    3057              3574    -517     3308
 SINCE 7/1         MM              1418      MM       MM
COOLING TOTAL    2094              1699     395     1864
 SINCE 1/1       2094              1698     396     1864

FREEZE DATES
RECORD
 EARLIEST     10/04/1987
 LATEST       04/23/1986
EARLIEST                        10/29
LATEST                          04/03
.................................................................

WIND (MPH)
AVERAGE WIND SPEED              6.4
RESULTANT WIND SPEED/DIRECTION   1/225
HIGHEST WIND SPEED/DIRECTION    37/200    DATE  04/06
HIGHEST GUST SPEED/DIRECTION    47/310    DATE  12/17

SKY COVER
AVERAGE SKY COVER           0.30

AVERAGE RH (PERCENT)     71

WEATHER CONDITIONS. NUMBER OF DAYS WITH
THUNDERSTORM              0     MIXED PRECIP               0
HEAVY RAIN               56     RAIN                      66
LIGHT RAIN              128     FREEZING RAIN              3
LT FREEZING RAIN          5     HAIL                       0
HEAVY SNOW                1     SNOW                       1
LIGHT SNOW                9     SLEET                      1
FOG                     156     FOG W/VIS <= 1/4 MILE     18
HAZE                     33

-  INDICATES NEGATIVE NUMBERS.
R  INDICATES RECORD WAS SET OR TIED.
MM INDICATES DATA IS MISSING.
T  INDICATES TRACE AMOUNT.

$$
