000
CXUS52 KMLB 021654 AAA
CLMMLB

CLIMATE REPORT...UPDATED TO INCLUDE THE SUMMER SEASON
NATIONAL WEATHER SERVICE MELBOURNE FL
1254 PM EDT WED SEP 2 2015

................................................................

...THE MELBOURNE CLIMATE SUMMARY FOR THE MONTH OF AUGUST 2015...

CLIMATE NORMAL PERIOD 1981 TO 2010
CLIMATE RECORD PERIOD 1939 TO 2015

WEATHER         OBSERVED          NORMAL  DEPART  LAST YEAR`S
                 VALUE   DATE(S)  VALUE   FROM    VALUE  DATE(S)
                                          NORMAL
................................................................
TEMPERATURE (F)
MONTHLY RECORD
 HOTTEST         84.2   2011
 COLDEST         79.6   1967

DAILY RECORD
 HIGH             101   08/02/1999
 LOW               60   08/07/1983

AUGUST 2015
HIGHEST            94   08/12                         95
LOWEST             71   08/14                         72
AVG. MAXIMUM     89.5              90.5    -1.0     91.2
AVG. MINIMUM     74.6              73.2     1.4     75.9
MEAN             82.1              81.8     0.3     83.6
DAYS MAX >= 90     15              18.9    -3.9       25
DAYS MAX <= 32      0               0.0     0.0        0
DAYS MIN <= 32      0               0.0     0.0        0
DAYS MIN <= 0       0               0.0     0.0        0

PRECIPITATION (INCHES)
MONTHLY RECORD
 MAXIMUM        21.06   2008
 MINIMUM         1.14   1971

DAILY RECORD
 MAXIMUM         9.06   08/02/1995

AUGUST 2015
TOTALS           9.36              7.68    1.68     4.35
DAYS >= .01        16              14.4     1.6       12
DAYS >= .10        12              10.4     1.6        9
DAYS >= .50         5               4.9     0.1        4
DAYS >= 1.00        3               2.3     0.7        1
GREATEST
 24 HR. TOTAL    2.47   08/26 TO 08/27

SNOWFALL (INCHES)
TOTALS            0.0               0.0     0.0      0.0
SINCE 7/1         0.0               0.0     0.0      0.0
DAYS >= TRACE       0                                  0

DEGREE_DAYS
HEATING TOTAL       0                 0       0        0
 SINCE 7/1          0                 0       0        0
COOLING TOTAL     536               522      14      583
 SINCE 1/1       2659              2226     433     2487
.................................................................

WIND (MPH)
AVERAGE WIND SPEED              6.5
HIGHEST WIND SPEED/DIRECTION    31/080    DATE  08/13
HIGHEST GUST SPEED/DIRECTION    49/060    DATE  08/13

SKY COVER
POSSIBLE SUNSHINE (PERCENT)   MM
AVERAGE SKY COVER           0.20
NUMBER OF DAYS FAIR           26
NUMBER OF DAYS PC              4
NUMBER OF DAYS CLOUDY          1

AVERAGE RH (PERCENT)     79

WEATHER CONDITIONS. NUMBER OF DAYS WITH
THUNDERSTORM             24     MIXED PRECIP               0
HEAVY RAIN                8     RAIN                       9
LIGHT RAIN               17     LT FREEZING RAIN           0
HAIL                      0     LIGHT SNOW                 0
SLEET                     0     FOG                       17
FOG W/VIS <= 1/4 MILE     0     HAZE                       2

-  INDICATES NEGATIVE NUMBERS.
R  INDICATES RECORD WAS SET OR TIED.
MM INDICATES DATA IS MISSING.
T  INDICATES TRACE AMOUNT.

=============================================================

...............................................................

...THE MELBOURNE CLIMATE SUMMARY FOR THE SUMMER SEASON, FROM
6/1/2015 TO 8/31/2015...

CLIMATE NORMAL PERIOD 1981 TO 2010
CLIMATE RECORD PERIOD 1939 TO 2015

WEATHER         OBSERVED          NORMAL  DEPART  LAST YEAR`S
                 VALUE   DATE(S)  VALUE   FROM    VALUE  DATE(S)
                                          NORMAL
................................................................
TEMPERATURE (F)
SUMMER RECORDS
 WARMEST         84.0   1998
 COLDEST         79.0   1965

DAILY RECORD
 HIGH             102   07/14/1980
 LOW               55   06/02/1984

SUMMER 2015
HIGHEST            97   07/02                         95


LOWEST             68   06/04                         67

AVG. MAXIMUM     89.7              90.1    -0.4     90.1
AVG. MINIMUM     73.3              72.5     0.8     74.0
MEAN             81.5              81.3     0.2     82.1
DAYS MAX >= 90     48              48.9    -0.9       57
DAYS MAX <= 32      0               0.0     0.0        0
DAYS MIN <= 32      0               0.0     0.0        0
DAYS MIN <= 0       0               0.0                0

PRECIPITATION (INCHES)
SUMMER RECORDS
 MAXIMUM        38.40   2008
 MINIMUM         8.28   1993

SUMMER 2015
TOTALS          26.27             20.35    5.92    21.61
DAYS >= .01        45              39.4     5.6       47
DAYS >= .10        34              28.3     5.7       36
DAYS >= .50        17              13.9     3.1       16
DAYS >= 1.00       10               6.2     3.8        8
GREATEST
 24 HR. TOTAL    2.51   07/16 TO 07/17               2.09

SNOWFALL (INCHES)
TOTALS            0.0               0.0     0.0      0.0
SINCE 7/1         0.0                                0.0
SNOWDEPTH AVG.      0
DAYS >= TRACE       0                                  0

DEGREE_DAYS
HEATING TOTAL       0                 0       0        0
COOLING TOTAL    1547              1500      47     1594
.................................................................

WIND (MPH)
AVERAGE WIND SPEED              7.2
HIGHEST WIND SPEED/DIRECTION    31/080    DATE  08/13
HIGHEST GUST SPEED/DIRECTION    49/060    DATE  08/13

SKY COVER
POSSIBLE SUNSHINE (PERCENT)   MM
AVERAGE SKY COVER           0.20
NUMBER OF DAYS FAIR           76
NUMBER OF DAYS PC             15
NUMBER OF DAYS CLOUDY          1

AVERAGE RH (PERCENT)     78

WEATHER CONDITIONS. NUMBER OF DAYS WITH
THUNDERSTORM             62     MIXED PRECIP               0
HEAVY RAIN               24     RAIN                      31
LIGHT RAIN               48     LT FREEZING RAIN           0
HAIL                      0     SLEET                      0
FOG                      49     FOG W/VIS <= 1/4 MILE      0
HAZE                     10

-  INDICATES NEGATIVE NUMBERS.
R  INDICATES RECORD WAS SET OR TIED.
MM INDICATES DATA IS MISSING.
T  INDICATES TRACE AMOUNT.

$$

GLITTO
