000
CXUS53 KDVN 011120 CCA
CLMMLI

CLIMATE REPORT
NATIONAL WEATHER SERVICE QUAD CITIES IA IL
429 AM CST SUN MAR 1 2015

...................................

...THE MOLINE CLIMATE SUMMARY FOR THE MONTH OF FEBRUARY 2015...

CLIMATE NORMAL PERIOD 1981 TO 2010
CLIMATE RECORD PERIOD 1872 TO 2015

WEATHER         OBSERVED          NORMAL  DEPART
                 VALUE   DATE(S)  VALUE   FROM
                                          NORMAL
................................................
TEMPERATURE (F)
RECORD
 HIGH              73   02/15/1921
 LOW              -28   02/03/1996
HIGHEST            44   02/07        41       3
LOWEST            -18   02/28        15     -33
AVG. MAXIMUM     24.4              35.7   -11.3
AVG. MINIMUM      4.6              18.3   -13.7
MEAN             14.5              27.0   -12.5
DAYS MAX >= 90      0               0.0     0.0
DAYS MAX <= 32     22              10.5    11.5
DAYS MIN <= 32     28              24.6     3.4
DAYS MIN <= 0       8               2.6     5.4

PRECIPITATION (INCHES)
RECORD
 MAXIMUM         4.87   1887
 MINIMUM         0.07   1877
TOTALS           1.38              1.60   -0.22
DAILY AVG.       0.05              0.06   -0.01
DAYS >= .01         4               8.3    -4.3
DAYS >= .10         2
DAYS >= .50         1
DAYS >= 1.00        1               0.3     0.7
GREATEST
 24 HR. TOTAL    1.32   02/01 TO 02/01

SNOWFALL (INCHES)
RECORDS
 TOTAL           22.3   2014
TOTALS           19.3               6.8    12.5
SINCE 7/1        39.0              26.7    12.3
SNOWDEPTH AVG.      5
DAYS >= TRACE      13               5.6     7.4
DAYS >= 1.0         2               2.1    -0.1
GREATEST
 SNOW DEPTH        11   02/02
 24 HR TOTAL     13.8   02/01 TO 02/01

DEGREE_DAYS
HEATING TOTAL    1407              1064     343
 SINCE 7/1       5258              4798     460
COOLING TOTAL       0                 0       0
 SINCE 1/1          0                 0       0
.................................................

WIND (MPH)
AVERAGE WIND SPEED              9.2
HIGHEST WIND SPEED/DIRECTION    36/320    DATE  02/14
HIGHEST GUST SPEED/DIRECTION    45/330    DATE  02/14

SKY COVER
POSSIBLE SUNSHINE (PERCENT)   MM
AVERAGE SKY COVER           0.40
NUMBER OF DAYS FAIR           12
NUMBER OF DAYS PC             14
NUMBER OF DAYS CLOUDY          2

AVERAGE RH (PERCENT)     69

WEATHER CONDITIONS. NUMBER OF DAYS WITH
THUNDERSTORM              0     HAIL                       0
SLEET                     0     FOG                       12
FOG W/VIS <= 1/4 MILE     1     HAZE                      15

-  INDICATES NEGATIVE NUMBERS.
R  INDICATES RECORD WAS SET OR TIED.
MM INDICATES DATA IS MISSING.
T  INDICATES TRACE AMOUNT.

$$

===================================================================

NOTE: SUPPLEMENTAL CLIMATE DATA WAS USED FROM A NEARBY
CLIMATOLOGICALLY REPRESENTATIVE STATION.

===================================================================

PARAMETER   DATE
---------   ----
   WTR      02/01,02/10,02/11
   SNW      ALL OBSERVED SNW ABOVE
12Z DPTH    ALL OBSERVED 12Z DPTH ABOVE
