000
CXUS51 KCAR 010809
CLMMLT


CLIMATE REPORT
NATIONAL WEATHER SERVICE CARIBOU, ME
408 AM EDT TUE SEP 1 2015

...................................

...THE MILLINOCKET ME CLIMATE SUMMARY FOR THE MONTH OF AUGUST 2015...

CLIMATE NORMAL PERIOD 1981 TO 2010
CLIMATE RECORD PERIOD 1903 TO 2015

WEATHER         OBSERVED          NORMAL  DEPART  LAST YEAR`S
                 VALUE   DATE(S)  VALUE   FROM    VALUE  DATE(S)
                                          NORMAL
................................................................
TEMPERATURE (F)
RECORD
 HIGH             100   08/03/1975
 LOW               32   08/29/1986
                        08/31/1952
                        08/28/1915
HIGHEST            91   08/18        MM      MM       90  08/25
LOWEST             52   08/14        MM      MM       47  08/30
                        08/10
AVG. MAXIMUM     79.5              76.7     2.8     77.9
AVG. MINIMUM     60.0              54.9     5.1     56.5
MEAN             69.8              65.8     4.0     67.2
DAYS MAX >= 90      2               0.9     1.1        1
DAYS MAX <= 32      0               0.0     0.0        0
DAYS MIN <= 32      0               0.0     0.0        0
DAYS MIN <= 0       0               0.0     0.0        0

PRECIPITATION (INCHES)
RECORD
 MAXIMUM           MM   MM
 MINIMUM           MM   MM
TOTALS           5.88                      1.94
DAILY AVG.       0.19              0.13    0.06     0.07
DAYS >= .01        11                MM      MM        8
DAYS >= .10        10                MM      MM        3
DAYS >= .50         5                MM      MM        1
DAYS >= 1.00        2                MM      MM        1

SNOWFALL (INCHES)
RECORDS
 TOTAL             MM   MM
TOTALS            0.0                MM      MM       MM
SINCE 7/1         0.0                MM      MM       MM
SNOWDEPTH AVG.      0                MM      MM       MM
DAYS >= 1.0         0                MM      MM        0
GREATEST
 SNOW DEPTH         0   MM                            MM  MM
 24 HR TOTAL      0.0   08/11 TO 08/11                MM

DEGREE_DAYS
HEATING TOTAL       0                55     -55       19
 SINCE 7/1         21                79     -58       28
COOLING TOTAL     154                79      75       94
 SINCE 1/1        312               251      61      328
.................................................................

WIND (MPH)
AVERAGE WIND SPEED              3.4
HIGHEST WIND SPEED/DIRECTION    18/300    DATE  08/27
HIGHEST GUST SPEED/DIRECTION    32/170    DATE  08/03

SKY COVER
POSSIBLE SUNSHINE (PERCENT)   MM
AVERAGE SKY COVER           0.40
NUMBER OF DAYS FAIR           15
NUMBER OF DAYS PC             12
NUMBER OF DAYS CLOUDY          4

AVERAGE RH (PERCENT)     74

WEATHER CONDITIONS. NUMBER OF DAYS WITH
THUNDERSTORM              0     MIXED PRECIP               0
HEAVY RAIN               10     RAIN                       8
LIGHT RAIN               12     FREEZING RAIN              0
LT FREEZING RAIN          0     HAIL                       0
HEAVY SNOW                0     SNOW                       0
LIGHT SNOW                0     SLEET                      0
FOG                      19     FOG W/VIS <= 1/4 MILE      2
HAZE                      0

-  INDICATES NEGATIVE NUMBERS.
R  INDICATES RECORD WAS SET OR TIED.
MM INDICATES DATA IS MISSING.
T  INDICATES TRACE AMOUNT.

$$
