000
CXUS54 KMOB 010726
CLMMOB


CLIMATE REPORT
NATIONAL WEATHER SERVICE MOBILE AL
217 AM CDT SAT AUG 1 2015

...................................

...THE MOBILE CLIMATE SUMMARY FOR THE MONTH OF JULY 2015...

CLIMATE NORMAL PERIOD 1981 TO 2010
CLIMATE RECORD PERIOD 1842 TO 2015

WEATHER         OBSERVED          NORMAL  DEPART  LAST YEAR`S
                 VALUE   DATE(S)  VALUE   FROM    VALUE  DATE(S)
                                          NORMAL
................................................................
TEMPERATURE (F)
RECORD
 HIGH             104   07/25/1952
 LOW               62   07/16/1967
                        07/15/1967
                        07/23/1947
HIGHEST            98   07/19                         94  07/28
                                                          07/12
                                                          07/02
LOWEST             67   07/06                         63  07/31
AVG. MAXIMUM     93.1              91.0     2.1     89.2
AVG. MINIMUM     73.7              72.7     1.0     70.3
MEAN             83.4              81.8     1.6     79.8
DAYS MAX >= 90     29              20.0     9.0       14
DAYS MAX <= 32      0               0.0     0.0        0
DAYS MIN <= 32      0               0.0     0.0        0
DAYS MIN <= 0       0               0.0     0.0        0

PRECIPITATION (INCHES)

TOTALS           6.84              7.25   -0.41     7.92
DAILY AVG.       0.22              0.23   -0.01     0.26
DAYS >= .01        15              14.7     0.3       12
DAYS >= .10        12              10.0     2.0       10
DAYS >= .50         5               4.7     0.3        4
DAYS >= 1.00        3               2.2     0.8        4
GREATEST
 24 HR. TOTAL    2.06   07/19 TO 07/20

DEGREE_DAYS
COOLING TOTAL     578               522      56      463
 SINCE 1/1       1656              1411     245     1211
.................................................................

WIND (MPH)
AVERAGE WIND SPEED              5.3
HIGHEST WIND SPEED/DIRECTION    40/120    DATE  07/17
HIGHEST GUST SPEED/DIRECTION    50/110    DATE  07/17

SKY COVER
POSSIBLE SUNSHINE (PERCENT)   MM
AVERAGE SKY COVER           0.40
NUMBER OF DAYS FAIR           11
NUMBER OF DAYS PC             20
NUMBER OF DAYS CLOUDY          0

AVERAGE RH (PERCENT)     77

WEATHER CONDITIONS. NUMBER OF DAYS WITH
THUNDERSTORM             17     MIXED PRECIP               0
HEAVY RAIN               10     RAIN                       9
LIGHT RAIN               14     FREEZING RAIN              0
LT FREEZING RAIN          0     HAIL                       0
HEAVY SNOW                0     SNOW                       0
LIGHT SNOW                0     SLEET                      0
FOG                      20     FOG W/VIS <= 1/4 MILE      0
HAZE                      7

-  INDICATES NEGATIVE NUMBERS.
R  INDICATES RECORD WAS SET OR TIED.
MM INDICATES DATA IS MISSING.
T  INDICATES TRACE AMOUNT.

$$
