000
CXUS53 KMKX 011353
CLMMSN

CLIMATE REPORT
NATIONAL WEATHER SERVICE IN MILWAUKEE
814 AM CDT THU JUN 1 2017

...................................

...THE MADISON WI CLIMATE SUMMARY FOR THE MONTH OF MAY 2017...

CLIMATE NORMAL PERIOD 1981 TO 2010
CLIMATE RECORD PERIOD 1871 TO 2017

WEATHER         OBSERVED          NORMAL  DEPART  LAST YEAR`S
                 VALUE   DATE(S)  VALUE   FROM    VALUE  DATE(S)
                                          NORMAL
................................................................
TEMPERATURE (F)
RECORD
 HIGH             101   05/31/1934
 LOW               20   05/09/1966
HIGHEST            85   05/16        84       1       86  05/06
LOWEST             32   05/03        33      -1       30  05/15
AVG. MAXIMUM     66.5              68.4    -1.9     70.7
AVG. MINIMUM     45.7              46.1    -0.4     46.3
MEAN             56.1              57.3    -1.2     58.5
DAYS MAX >= 90      0               0.1    -0.1        0
DAYS MAX <= 32      0               0.0     0.0        0
DAYS MIN <= 32      1               1.4    -0.4        2
DAYS MIN <= 0       0               0.0     0.0        0

PRECIPITATION (INCHES)
RECORD
 MAXIMUM        10.84   2004
 MINIMUM         0.38   1925
TOTALS           2.83              3.55   -0.72     2.22
DAILY AVG.       0.09              0.11   -0.02     0.07
DAYS >= .01        19              11.9     7.1       14
DAYS >= .10         7               7.2    -0.2        6
DAYS >= .50         1               2.2    -1.2        0
DAYS >= 1.00        0               0.7    -0.7        0
GREATEST
 24 HR. TOTAL    0.57   05/20 TO 05/21              0.66

SNOWFALL (INCHES)
RECORDS
 TOTAL            5.0   1935

TOTALS            0.0               0.2    -0.2      0.0
SINCE 7/1        44.0              50.9    -6.9     32.7
SNOWDEPTH AVG.      0                MM      MM        0
DAYS >= 1.0         0               0.1    -0.1        0
GREATEST
 SNOW DEPTH         0   MM                             0  MM
 24 HR TOTAL      0.0   05/31 TO 05/31               0.0

DEGREE_DAYS
HEATING TOTAL     284               266      18      246
 SINCE 7/1       6188              7273   -1085     6184
COOLING TOTAL      15                26     -11       52
 SINCE 1/1         15                30     -15       52
.................................................................

WIND (MPH)
AVERAGE WIND SPEED              7.4
HIGHEST WIND SPEED/DIRECTION    33/170    DATE  05/17
HIGHEST GUST SPEED/DIRECTION    41/160    DATE  05/17

SKY COVER
POSSIBLE SUNSHINE (PERCENT)   MM
AVERAGE SKY COVER           0.60
NUMBER OF DAYS FAIR            4
NUMBER OF DAYS PC             18
NUMBER OF DAYS CLOUDY          9

AVERAGE RH (PERCENT)     69

WEATHER CONDITIONS. NUMBER OF DAYS WITH
THUNDERSTORM              8     MIXED PRECIP               0
HEAVY RAIN                2     RAIN                       6
LIGHT RAIN               23     FREEZING RAIN              0
LT FREEZING RAIN          0     HAIL                       0
HEAVY SNOW                0     SNOW                       0
LIGHT SNOW                0     SLEET                      0
FOG                      17     FOG W/VIS <= 1/4 MILE      3
HAZE                      3

-  INDICATES NEGATIVE NUMBERS.
R  INDICATES RECORD WAS SET OR TIED.
MM INDICATES DATA IS MISSING.
T  INDICATES TRACE AMOUNT.

$$
