000
CXUS55 KMSO 011330
CLMMSO


CLIMATE REPORT
NATIONAL WEATHER SERVICE MISSOULA, MT
730 AM MDT TUE APR 1 2014

...................................

...THE MISSOULA MT CLIMATE SUMMARY FOR THE MONTH OF MARCH 2014...

CLIMATE NORMAL PERIOD 1981 TO 2010
CLIMATE RECORD PERIOD 1893 TO 2014

WEATHER         OBSERVED          NORMAL  DEPART  LAST YEAR`S
                 VALUE   DATE(S)  VALUE   FROM    VALUE
                                          NORMAL
.............................................................
TEMPERATURE (F)
RECORD
 HIGH              78   03/30/2004
 LOW              -13   03/05/1955
HIGHEST            63   03/16        MM      MM       67
LOWEST              0   03/01        MM      MM       14
AVG. MAXIMUM     46.4              49.8    -3.4     49.5
AVG. MINIMUM     27.1              27.7    -0.6     26.8
MEAN             36.7              38.8    -2.1     38.1
DAYS MAX >= 90      0               0.0     0.0        0
DAYS MAX <= 32      2               0.9     1.1        0
DAYS MIN <= 32     22              23.0    -1.0       26
DAYS MIN <= 0       1               0.1     0.9        0

PRECIPITATION (INCHES)
RECORD
 MAXIMUM         2.31   1901
 MINIMUM         0.11   1911
TOTALS           1.76              1.00    0.76     0.60
DAILY AVG.       0.06              0.03    0.03     0.02
DAYS >= .01        17              11.4     5.6       12
DAYS >= .10         5               3.4     1.6        2
DAYS >= .50         0               0.1    -0.1        0
DAYS >= 1.00        0               0.0     0.0        0
GREATEST
 24 HR. TOTAL    0.37   03/10 TO 03/10              0.13

SNOWFALL (INCHES)
TOTALS            5.1               5.1     0.0      7.0
SINCE 7/1        65.7              36.5    29.2     43.7
DAYS >= TRACE      11               5.1     5.9       13
DAYS >= 1.0         3               1.8     1.2        4
GREATEST
 SNOW DEPTH        14   03/02                          2
                        03/01
 24 HR TOTAL      1.8   MM                           1.8

DEGREE_DAYS
HEATING TOTAL     868               814      54
 SINCE 7/1       6378              6183     195
COOLING TOTAL       0                 0       0
 SINCE 1/1          0                 0       0
..............................................................

WIND (MPH)
AVERAGE WIND SPEED              5.8
HIGHEST WIND SPEED/DIRECTION    32/280    DATE  03/17
HIGHEST GUST SPEED/DIRECTION    40/290    DATE  03/17

SKY COVER
POSSIBLE SUNSHINE (PERCENT)   MM
AVERAGE SKY COVER           0.70
NUMBER OF DAYS FAIR            5
NUMBER OF DAYS PC             14
NUMBER OF DAYS CLOUDY         12

AVERAGE RH (PERCENT)     68

WEATHER CONDITIONS. NUMBER OF DAYS WITH
THUNDERSTORM              0     MIXED PRECIP               0
HEAVY RAIN                0     RAIN                       1
LIGHT RAIN               17     FREEZING RAIN              0
LT FREEZING RAIN          1     HAIL                       0
HEAVY SNOW                1     SNOW                       1
LIGHT SNOW               11     SLEET                      0
FOG                      13     FOG W/VIS <= 1/4 MILE      3
HAZE                      3

-  INDICATES NEGATIVE NUMBERS.
R  INDICATES RECORD WAS SET OR TIED.
MM INDICATES DATA IS MISSING.
T  INDICATES TRACE AMOUNT.

$$
