000
CXUS53 KLIX 011217
CLMNEW


CLIMATE REPORT
NATIONAL WEATHER SERVICE NEW ORLEANS
706 AM CDT MON AUG 1 2016

...................................

...THE NEW ORLEANS CLIMATE SUMMARY FOR THE MONTH OF JULY 2016...

CLIMATE NORMAL PERIOD 1981 TO 2010
CLIMATE RECORD PERIOD 1946 TO 2016

WEATHER         OBSERVED          NORMAL  DEPART  LAST YEAR`S
                 VALUE   DATE(S)  VALUE   FROM    VALUE  DATE(S)
                                          NORMAL
................................................................
TEMPERATURE (F)
RECORD
 HIGH             101   07/23/1981
                        07/16/1980
 LOW               60   07/16/1967
HIGHEST            99   07/21                         99  07/29
LOWEST             75   07/16                         72  07/05
                        07/10
AVG. MAXIMUM     94.0              91.2     2.8     94.0
AVG. MINIMUM     79.4              75.3     4.1     77.1
MEAN             86.7              83.3     3.4     85.6
DAYS MAX >= 90     28              20.7     7.3       31
DAYS MAX <= 32      0               0.0     0.0        0
DAYS MIN <= 32      0               0.0     0.0        0
DAYS MIN <= 0       0               0.0     0.0        0

PRECIPITATION (INCHES)
RECORD
 MAXIMUM
 MINIMUM
TOTALS           4.45              5.93   -1.48     4.17
DAILY AVG.       0.14              0.19   -0.05     0.13
DAYS >= .01        16              13.6     2.4       11
DAYS >= .10        10               8.9     1.1        7
DAYS >= .50         4               4.1    -0.1        4
DAYS >= 1.00        0               1.7    -1.7        1
GREATEST
 24 HR. TOTAL    1.21   07/10 TO 07/11

SNOWFALL (INCHES)
RECORDS
 TOTAL
 24 HR TOTAL
 SNOW DEPTH
TOTALS            0.0               0.0     0.0      0.0
SINCE 7/1         0.0               0.0     0.0      0.0
SNOWDEPTH AVG.      0                                  0
DAYS >= TRACE       0               0.0     0.0        0
DAYS >= 1.0         0               0.0     0.0        0
GREATEST
 SNOW DEPTH         0                                  0
 24 HR TOTAL      0.0

DEGREE_DAYS
HEATING TOTAL       0                 0       0        0
 SINCE 7/1          0                 0       0        0
COOLING TOTAL     682               566     116      645
 SINCE 1/1       2046              1680     366     2004
.......................................................

WIND (MPH)
AVERAGE WIND SPEED              5.6
HIGHEST WIND SPEED/DIRECTION    28/310    DATE  07/13
HIGHEST GUST SPEED/DIRECTION    44/270    DATE  07/13

SKY COVER
POSSIBLE SUNSHINE (PERCENT)
AVERAGE SKY COVER           0.50
NUMBER OF DAYS FAIR            1
NUMBER OF DAYS PC             30
NUMBER OF DAYS CLOUDY          0

AVERAGE RH (PERCENT)     72

WEATHER CONDITIONS. NUMBER OF DAYS WITH
THUNDERSTORM              0     MIXED PRECIP               0
HEAVY RAIN                3     RAIN                       6
LIGHT RAIN               18     FREEZING RAIN              0
LT FREEZING RAIN          0     HAIL                       1
HEAVY SNOW                0     SNOW                       0
LIGHT SNOW                0     SLEET                      0
FOG                       9     FOG W/VIS <= 1/4 MILE      0
HAZE                     13

-  INDICATES NEGATIVE NUMBERS.
R  INDICATES RECORD WAS SET OR TIED.
MM INDICATES DATA IS MISSING.
T  INDICATES TRACE AMOUNT.

$$
