000
CXUS51 KOKX 022207
CLMNYC

CLIMATE REPORT
NATIONAL WEATHER SERVICE NEW YORK NY
506 PM EST MON MAR 2 2015

...................................

...THE CENTRAL PARK NY CLIMATE SUMMARY FOR THE MONTH OF FEBRUARY 2015...

CLIMATE NORMAL PERIOD 1981 TO 2010
CLIMATE RECORD PERIOD 1869 TO 2015

WEATHER         OBSERVED          NORMAL  DEPART  LAST YEAR`S
                 VALUE   DATE(S)  VALUE   FROM    VALUE  DATE(S)
                                          NORMAL
................................................................
TEMPERATURE (F)
RECORD
 HIGH              75   02/24/1985
                        02/25/1930
 LOW              -15   02/09/1934
HIGHEST            43   02/22        MM      MM       56  02/02
                        02/04
LOWEST              2   02/20        MM      MM        9  02/28
AVG. MAXIMUM     32.1              41.6    -9.5     37.5
AVG. MINIMUM     15.8              28.9   -13.1     25.8
MEAN             23.9              35.3   -11.4     31.6
DAYS MAX >= 90      0               0.0     0.0        0
DAYS MAX <= 32     15               4.4    10.6       11
DAYS MIN <= 32     28              17.7    10.3       21
DAYS MIN <= 0       0               0.0     0.0        0

PRECIPITATION (INCHES)
RECORD
 MAXIMUM         6.87   1869
 MINIMUM         0.46   1895
TOTALS           2.04              3.09   -1.05     5.48
DAILY AVG.       0.07              0.11   -0.04     0.20
DAYS >= .01         9               9.2    -0.2       11
DAYS >= .10         4               5.9    -1.9        8
DAYS >= .50         2               2.0     0.0        3
DAYS >= 1.00        1               0.9     0.1        3
GREATEST
 24 HR. TOTAL    1.05   02/01 TO 02/02           02/13 TO 02/14
                                                          02/13 TO 02/13
                                                          02/13 TO 02/13
 STORM TOTAL       MM                                 MM
 (MM/DD(HH))            MM                    02/14(00) TO 02/14(00)
                                                 02/13(00) TO 02/13(00)3
                                                 02/13(00) TO 02/13(00)3

SNOWFALL (INCHES)
TOTALS           11.9               9.2     2.7     29.0
 LIQUID EQUIV    1.19              0.90    0.29     2.90
SINCE 7/1        28.4              21.3     7.1     57.3
 LIQUID 7/1      2.84              2.10    0.74     5.73
SNOWDEPTH AVG.      9                 4       5       10
DAYS >= TRACE      12               2.8     9.2        8
DAYS >= 1.0         4               1.9     2.1        7
GREATEST
 SNOW DEPTH        13   02/22                         18  02/18
                                                          02/16
                                                          02/15
 24 HR TOTAL      3.6   02/01 TO 02/02           02/13 TO 02/13
                                                          02/13 TO 02/13
                                                          02/13 TO 02/13
 STORM TOTAL       MM                                 MM
 (MM/DD(HH))            MM                    02/13(00) TO 02/13(00)
                                                 02/13(00) TO 02/13(00)3
                                                 02/13(00) TO 02/13(00)3

DEGREE_DAYS
HEATING TOTAL    1143               833     310      927
 SINCE 7/1       3759              3522     237     3670
COOLING TOTAL       0                 0       0        0
 SINCE 1/1          0                 0       0        0
....................................................

WIND (MPH)
AVERAGE WIND SPEED              7.2
HIGHEST WIND SPEED/DIRECTION    23/300    DATE  02/15
HIGHEST GUST SPEED/DIRECTION    42/310    DATE  02/15

AVERAGE RH (PERCENT)     54

WEATHER CONDITIONS. NUMBER OF DAYS WITH
THUNDERSTORM              0     MIXED PRECIP               0
HEAVY RAIN                0     RAIN                       1
LIGHT RAIN                0     FREEZING RAIN              1
LT FREEZING RAIN          3     HAIL                       0
HEAVY SNOW                1     SNOW                       4
LIGHT SNOW               11     SLEET                      0
FOG                       5     FOG W/VIS <= 1/4 MILE      1
HAZE                     14

-  INDICATES NEGATIVE NUMBERS.
R  INDICATES RECORD WAS SET OR TIED.
MM INDICATES DATA IS MISSING.
T  INDICATES TRACE AMOUNT.

$$
