000
CXUS55 KPSR 011034
CLMNYL

CLIMATE REPORT
NATIONAL WEATHER SERVICE PHOENIX AZ
332 AM MST WED FEB 1 2017

...................................

...THE YUMA AZ CLIMATE SUMMARY FOR THE MONTH OF JANUARY 2017...

CLIMATE NORMAL PERIOD 1981 TO 2010
CLIMATE RECORD PERIOD 1876 TO 2017

WEATHER         OBSERVED          NORMAL  DEPART
                 VALUE   DATE(S)  VALUE   FROM
                                          NORMAL
................................................
TEMPERATURE (F)
RECORD
 HIGH              88   01/19/1971
 LOW               22   01/24/1937
                        01/20/1883
HIGHEST            77   01/31        79      -2
                        01/30
LOWEST             39   01/25        37       2
AVG. MAXIMUM     67.2              69.6    -2.4
AVG. MINIMUM     48.0              47.6     0.4
MEAN             57.6              58.6    -1.0
DAYS MAX >= 90      0               0.0     0.0
DAYS MAX <= 32      0               0.0     0.0
DAYS MIN <= 32      0               0.0     0.0
DAYS MIN <= 0       0               0.0     0.0

PRECIPITATION (INCHES)
RECORD
 MAXIMUM         2.83   1897
 MINIMUM         0.00   2012
                        2011
                        2009
TOTALS           0.31              0.37   -0.06
DAYS >= .01         3               2.6     0.4
DAYS >= .10         2               1.1     0.9
DAYS >= .50         0               0.1    -0.1
DAYS >= 1.00        0               0.0     0.0
GREATEST
 24 HR. TOTAL    0.17   12/31 TO 01/01

DEGREE_DAYS
HEATING TOTAL     220               204      16
 SINCE 7/1        451               508     -57
COOLING TOTAL       0                 6      -6
 SINCE 1/1          0                 0       0
.................................................

WIND (MPH)
AVERAGE WIND SPEED              7.6
HIGHEST GUST SPEED/DIRECTION    37/350    DATE  01/27

AVERAGE RH (PERCENT)     51

WEATHER CONDITIONS. NUMBER OF DAYS WITH
THUNDERSTORM              0     HEAVY RAIN                 1
RAIN                      1     LIGHT RAIN                 5
FOG W/VIS <= 1/4 MILE     0

-  INDICATES NEGATIVE NUMBERS.
R  INDICATES RECORD WAS SET OR TIED.
MM INDICATES DATA IS MISSING.
T  INDICATES TRACE AMOUNT.

$$
