000
CXUS53 KEAX 010750 RRA
CLMOJC

CLIMATE REPORT
NATIONAL WEATHER SERVICE KANSAS CITY/PLEASANT HILL MO
244 AM CDT SAT JUL 1 2017

...................................

...THE JOHNSON COUNTY EXECUTIVE CLIMATE SUMMARY FOR THE MONTH OF JUNE 2017...

CLIMATE NORMAL PERIOD 1981 TO 2010
CLIMATE RECORD PERIOD 9999 TO 9999

WEATHER         OBSERVED          NORMAL  DEPART  LAST YEAR`S
                 VALUE   DATE(S)  VALUE   FROM    VALUE  DATE(S)
                                          NORMAL
................................................................
TEMPERATURE (F)
HIGHEST            91   06/05        92      -1       98  06/22
                                                          06/15
LOWEST             50   06/26        52      -2       56  06/02
AVG. MAXIMUM     83.5              82.8     0.7     88.5
AVG. MINIMUM     63.6              63.8    -0.2     67.2
MEAN             73.6              73.3     0.3     77.8
DAYS MAX >= 90      3               4.7    -1.7       13
DAYS MAX <= 32      0               0.0     0.0        0
DAYS MIN <= 32      0               0.0     0.0        0
DAYS MIN <= 0       0               0.0     0.0        0

PRECIPITATION (INCHES)
TOTALS           5.79              5.78    0.01     1.61
DAILY AVG.       0.19              0.19    0.00     0.05
DAYS >= .01        12              10.6     1.4        6
DAYS >= .10         8               7.5     0.5        3
DAYS >= .50         3               3.6    -0.6        1
DAYS >= 1.00        3               2.0     1.0        0
GREATEST
 24 HR. TOTAL    2.03   06/29 TO 06/29

DEGREE_DAYS
HEATING TOTAL       5                 8      -3        0
 SINCE 7/1       4023              4934    -911     4139
COOLING TOTAL     268               257      11      390
 SINCE 1/1        364               361       3      444
.................................................................

WIND (MPH)
AVERAGE WIND SPEED              8.8
HIGHEST WIND SPEED/DIRECTION    32/250    DATE  06/14
HIGHEST GUST SPEED/DIRECTION    41/010    DATE  06/17

SKY COVER
POSSIBLE SUNSHINE (PERCENT)   MM
AVERAGE SKY COVER           0.20
NUMBER OF DAYS FAIR           26
NUMBER OF DAYS PC              4
NUMBER OF DAYS CLOUDY          0

AVERAGE RH (PERCENT)     72

WEATHER CONDITIONS. NUMBER OF DAYS WITH
THUNDERSTORM             10     MIXED PRECIP               0
HEAVY RAIN                5     RAIN                       7
LIGHT RAIN               12     FREEZING RAIN              0
LT FREEZING RAIN          0     HAIL                       0
HEAVY SNOW                0     SNOW                       0
LIGHT SNOW                0     SLEET                      0
FOG                      12     FOG W/VIS <= 1/4 MILE      0
HAZE                      3

-  INDICATES NEGATIVE NUMBERS.
R  INDICATES RECORD WAS SET OR TIED.
MM INDICATES DATA IS MISSING.
T  INDICATES TRACE AMOUNT.

$$
