000
CXUS53 KEAX 020344
CLMOJC

STLCLMWK4 000
TTAA00 KEAX 010750


CLIMATE REPORT
NATIONAL WEATHER SERVICE KANSAS CITY/PLEASANT HILL MO
249 AM CDT TUE SEP 1 2015

...................................

...THE JOHNSON COUNTY EXECUTIVE CLIMATE SUMMARY FOR THE MONTH OF AUGUST 2015...

CLIMATE NORMAL PERIOD 1981 TO 2010
CLIMATE RECORD PERIOD 9999 TO 9999

WEATHER         OBSERVED          NORMAL  DEPART  LAST YEAR`S
                 VALUE   DATE(S)  VALUE   FROM    VALUE  DATE(S)
                                          NORMAL
................................................................
TEMPERATURE (F)
HIGHEST            93   08/03        98      -5       96  08/23
                        08/01
LOWEST             51R  08/24        57      -6       58  08/13
AVG. MAXIMUM     83.8              87.4    -3.6     87.6
AVG. MINIMUM     65.1              67.9    -2.8     67.9
MEAN             74.4              77.6    -3.2     77.8
DAYS MAX >= 90      5              12.1    -7.1       14
DAYS MAX <= 32      0               0.0     0.0        0
DAYS MIN <= 32      0               0.0     0.0        0
DAYS MIN <= 0       0               0.0     0.0        0

PRECIPITATION (INCHES)
TOTALS           3.91              3.72    0.19     4.77
DAILY AVG.       0.13              0.12    0.01     0.15
DAYS >= .01         9               8.8     0.2        8
DAYS >= .10         5               5.8    -0.8        5
DAYS >= .50         2               2.3    -0.3        4
DAYS >= 1.00        2               1.3     0.7        3
GREATEST
 24 HR. TOTAL    2.06   08/27 TO 08/27

DEGREE_DAYS
HEATING TOTAL       1                 1       0        0
 SINCE 7/1          2                 1       1        1
COOLING TOTAL     302               393     -91      404
 SINCE 1/1       1118              1165     -47     1089
.................................................................

WIND (MPH)
AVERAGE WIND SPEED              6.5
HIGHEST WIND SPEED/DIRECTION    28/210    DATE  08/04
HIGHEST GUST SPEED/DIRECTION    38/230    DATE  08/04

SKY COVER
POSSIBLE SUNSHINE (PERCENT)   MM
AVERAGE SKY COVER           0.20
NUMBER OF DAYS FAIR           24
NUMBER OF DAYS PC              5
NUMBER OF DAYS CLOUDY          2

AVERAGE RH (PERCENT)     74

WEATHER CONDITIONS. NUMBER OF DAYS WITH
THUNDERSTORM              9    MIXED PRECIP               0
HEAVY RAIN                3     RAIN                       5
LIGHT RAIN                8     FREEZING RAIN              0
LT FREEZING RAIN          0     HAIL                       0
HEAVY SNOW                0     SNOW                       0
LIGHT SNOW                0     SLEET                      0
FOG                      14     FOG W/VIS <= 1/4 MILE      2
HAZE                      0

-  INDICATES NEGATIVE NUMBERS.
R  INDICATES RECORD WAS SET OR TIED.
MM INDICATES DATA IS MISSING.
T  INDICATES TRACE AMOUNT.

$$
