000
CXUS54 KOUN 011535 CCA
CLMOKC

CLIMATE REPORT
NATIONAL WEATHER SERVICE NORMAN OK
839 AM CST SAT MAR 1 2014

...................................

...THE OKLAHOMA CITY CLIMATE SUMMARY FOR THE MONTH OF FEBRUARY 2014...

CLIMATE NORMAL PERIOD 1981 TO 2010
CLIMATE RECORD PERIOD 1890 TO 2014

WEATHER         OBSERVED          NORMAL  DEPART  LAST YEAR`S
                 VALUE   DATE(S)  VALUE   FROM    VALUE
                                          NORMAL
.............................................................
TEMPERATURE (F)
RECORD
 HIGH              92   02/22/1996
 LOW              -17   02/12/1899
HIGHEST            75   02/18        75       0       71
LOWEST              9   02/06        13      -4       19
AVG. MAXIMUM     49.3              54.6    -5.3     53.8
AVG. MINIMUM     27.4              32.8    -5.4     31.5
MEAN             38.3              43.7    -5.4     42.6
DAYS MAX >= 90      0               0.0     0.0        0
DAYS MAX <= 32      5               1.6     3.4        0
DAYS MIN <= 32     19              12.3     6.7       16
DAYS MIN <= 0       0               0.0     0.0        0

PRECIPITATION (INCHES)
RECORD
 MAXIMUM         4.63   1990
 MINIMUM         0.02   1996
                        1947
TOTALS           0.36              1.58   -1.22     2.72
DAILY AVG.       0.01              0.06   -0.05     0.10
DAYS >= .01         3               5.8    -2.8        9
DAYS >= .10         2               3.4    -1.4        4
DAYS >= .50         0               1.1    -1.1        3
DAYS >= 1.00        0               0.3    -0.3        0
GREATEST
 24 HR. TOTAL    0.22   02/04 TO 02/04

SNOWFALL (INCHES)
TOTALS            4.0               1.4     2.6
SINCE 7/1         8.7               6.7     2.0

DEGREE_DAYS
HEATING TOTAL     738               597     141      617
 SINCE 7/1       3088              2750     338     2569
..............................................................

WIND (MPH)
AVERAGE WIND SPEED              11.6
HIGHEST WIND SPEED/DIRECTION    44/330    DATE  02/20
HIGHEST GUST SPEED/DIRECTION    52/330    DATE  02/20


WEATHER CONDITIONS. NUMBER OF DAYS WITH
THUNDERSTORM              0     MIXED PRECIP               0
HEAVY RAIN                0     RAIN                       0
LIGHT RAIN                2     FREEZING RAIN              2
LT FREEZING RAIN          2     HAIL                       0
HEAVY SNOW                0     SNOW                       1
LIGHT SNOW                5     SLEET                      1
FOG                      12     FOG W/VIS <= 1/4 MILE      2
HAZE                     15

-  INDICATES NEGATIVE NUMBERS.
R  INDICATES RECORD WAS SET OR TIED.
MM INDICATES DATA IS MISSING.
T  INDICATES TRACE AMOUNT.

&&
.........................................................................
REMARKS:
JAN-FEB PRECIPITATION TOTALS IS 0.43 INCH.

$$
