188
CXUS54 KOUN 011502
CLMOKC

CLIMATE REPORT
NATIONAL WEATHER SERVICE NORMAN OK
1002 AM CDT FRI JUL 1 2016

...................................

...THE OKLAHOMA CITY CLIMATE SUMMARY FOR THE MONTH OF JUNE 2016...

CLIMATE NORMAL PERIOD 1981 TO 2010
CLIMATE RECORD PERIOD 1890 TO 2016

WEATHER         OBSERVED          NORMAL  DEPART  LAST YEAR`S
                 VALUE   DATE(S)  VALUE   FROM    VALUE
                                          NORMAL
.............................................................
TEMPERATURE (F)
RECORD
 HIGH             107   06/22/1936
 LOW               46   06/02/1917
HIGHEST            97                97       0       96
LOWEST             57                56       1       55
AVG. MAXIMUM     90.2              88.1     2.1     89.6
AVG. MINIMUM     68.2              67.8     0.4     68.4
MEAN             79.2              78.0     1.2     79.0
DAYS MAX >= 90     21              11.6     9.4       18
DAYS MAX <= 32      0               0.0     0.0        0
DAYS MIN <= 32      0               0.0     0.0        0
DAYS MIN <= 0       0               0.0     0.0        0

PRECIPITATION (INCHES)
RECORD
 MAXIMUM        14.66   1989
 MINIMUM         0.02   1914
TOTALS           3.30              4.93   -1.63     5.77
DAILY AVG.       0.11              0.16   -0.05     0.19
DAYS >= .01         6               9.1    -3.1        7
DAYS >= .10         4               6.4    -2.4        5
DAYS >= .50         2               3.1    -1.1        5
DAYS >= 1.00        1               1.6    -0.6        1
GREATEST
 24 HR. TOTAL    2.30   06/26 TO 06/26

DEGREE_DAYS
COOLING TOTAL     436               390      46      427
 SINCE 1/1        622               640     -18      604
..............................................................

WIND (MPH)
AVERAGE WIND SPEED              8.8
HIGHEST WIND SPEED/DIRECTION    39/300    DATE  06/26
HIGHEST GUST SPEED/DIRECTION    55/300    DATE  06/26


WEATHER CONDITIONS. NUMBER OF DAYS WITH
THUNDERSTORM              0     MIXED PRECIP               0
HEAVY RAIN                2     RAIN                       2
LIGHT RAIN                9     FREEZING RAIN              0
LT FREEZING RAIN          0     HAIL                       0
HEAVY SNOW                0     SNOW                       0
LIGHT SNOW                0     SLEET                      0
FOG                       7     FOG W/VIS <= 1/4 MILE      1
HAZE                      4

-  INDICATES NEGATIVE NUMBERS.
R  INDICATES RECORD WAS SET OR TIED.
MM INDICATES DATA IS MISSING.
T  INDICATES TRACE AMOUNT.

...............................................................
RECORDS/REMARKS

RECORD DAILY RAINFALL OF 2.30 INCHES SET ON THE 26TH.
THE JANUARY THROUGH JUNE 2016 TOTAL PRECIPITATION IS 15.71 INCHES.

$$
