000
CXUS54 KOUN 011504
CLMOKC

CLIMATE REPORT
NATIONAL WEATHER SERVICE NORMAN OK
848 AM CST SUN MAR 1 2015

...................................

...THE OKLAHOMA CITY CLIMATE SUMMARY FOR THE MONTH OF FEBRUARY 2015...

CLIMATE NORMAL PERIOD 1981 TO 2010
CLIMATE RECORD PERIOD 1890 TO 2015

WEATHER         OBSERVED          NORMAL  DEPART  LAST YEAR`S
                 VALUE   DATE(S)  VALUE   FROM    VALUE
                                          NORMAL
.............................................................
TEMPERATURE (F)
RECORD
 HIGH              92   02/22/1996
 LOW              -17   02/12/1899
HIGHEST            80   02/14        75       5       75
LOWEST             16   02/02        13       3        9
AVG. MAXIMUM     51.2              54.6    -3.4     49.3
AVG. MINIMUM     27.1              32.8    -5.7     27.4
MEAN             39.1              43.7    -4.6     38.3
DAYS MAX >= 90      0               0.0     0.0        0
DAYS MAX <= 32      3               1.6     1.4        5
DAYS MIN <= 32     20              12.3     7.7       19
DAYS MIN <= 0       0               0.0     0.0        0

PRECIPITATION (INCHES)
RECORD
 MAXIMUM         4.63   1990
 MINIMUM         0.02   1996
                        1947
TOTALS           0.41              1.58   -1.17     0.36
DAILY AVG.       0.01              0.06   -0.05     0.01
DAYS >= .01         6               5.8     0.2        3
DAYS >= .10         1               3.4    -2.4        2
DAYS >= .50         0               1.1    -1.1        0
DAYS >= 1.00        0               0.3    -0.3        0
GREATEST
 24 HR. TOTAL    0.62   01/31 TO 02/01

SNOWFALL (INCHES)
TOTALS            4.6               1.4     3.2
SINCE 7/1        10.6               6.7     3.9

DEGREE_DAYS
HEATING TOTAL     716               597     119      738
 SINCE 7/1       2775              2750      25     3088
..............................................................

WIND (MPH)
AVERAGE WIND SPEED              11.8
HIGHEST WIND SPEED/DIRECTION    38/320    DATE  02/17
HIGHEST GUST SPEED/DIRECTION    59/330    DATE  02/17


WEATHER CONDITIONS. NUMBER OF DAYS WITH
THUNDERSTORM              0     MIXED PRECIP               0
HEAVY RAIN                0     RAIN                       0
LIGHT RAIN                8     FREEZING RAIN              2
LT FREEZING RAIN          3     HAIL                       0
HEAVY SNOW                0     SNOW                       4
LIGHT SNOW                6     SLEET                      3
FOG                      10     FOG W/VIS <= 1/4 MILE      0
HAZE                      7

-  INDICATES NEGATIVE NUMBERS.
R  INDICATES RECORD WAS SET OR TIED.
MM INDICATES DATA IS MISSING.
T  INDICATES TRACE AMOUNT.

&&
...................................................................
RECORD EVENTS/REMARKS

RECORD MAXIMUM TEMPERATURE OF 78 DEGREES ON THE 8TH.
RECORD COOL MAXIMUM TEMPERATURE OF 23 DEGREES ON THE 27TH.
THE JANUARY THROUGH FEBRUARY 2015 TOTAL PRECIPITATION IS 2.21 INCHES.

$$
