000
CXUS51 KBOX 011242
CLMORH


CLIMATE REPORT
NATIONAL WEATHER SERVICE TAUNTON MA
826 AM EDT TUE AUG 1 2017

...................................

...THE WORCESTER MA CLIMATE SUMMARY FOR THE MONTH OF JULY 2017...

CLIMATE NORMAL PERIOD 1981 TO 2010
CLIMATE RECORD PERIOD 1892 TO 2017

WEATHER         OBSERVED          NORMAL  DEPART
                 VALUE   DATE(S)  VALUE   FROM
                                          NORMAL
................................................
TEMPERATURE (F)
RECORD
 HIGH             102   07/04/1911
 LOW               41   07/17/1946
                        07/12/1945
HIGHEST            87   07/20
LOWEST             52   07/25
                        07/24
AVG. MAXIMUM     77.4              78.9    -1.5
AVG. MINIMUM     61.0              61.5    -0.5
MEAN             69.2              70.2    -1.0
DAYS MAX >= 90      0               0.9    -0.9
DAYS MAX <= 32      0               0.0     0.0
DAYS MIN <= 32      0               0.0     0.0
DAYS MIN <= 0       0               0.0     0.0

PRECIPITATION (INCHES)
RECORD
 MAXIMUM        11.41   1938
 MINIMUM         0.62   1929
TOTALS           2.29              4.23   -1.94
DAYS >= .01        11              10.9     0.1
DAYS >= .10         6               6.8    -0.8
DAYS >= .50         2               2.6    -0.6
DAYS >= 1.00        0               1.2    -1.2
GREATEST
 24 HR. TOTAL    0.88   07/24 TO 07/24

SNOWFALL (INCHES)
RECORDS
 TOTAL             MM   MM
 SNOW DEPTH        MM   MM
TOTALS            0.0               0.0     0.0
SINCE 7/1         0.0               0.0     0.0
SNOWDEPTH AVG.     MM
GREATEST
 SNOW DEPTH        MM
 24 HR TOTAL      0.0   07/31 TO 07/31

DEGREE_DAYS
HEATING TOTAL      29                14      15
 SINCE 7/1         29                14      15
COOLING TOTAL     167               175      -8
 SINCE 1/1        307               281      26
.................................................

WIND (MPH)
AVERAGE WIND SPEED              8.3
RESULTANT WIND SPEED/DIRECTION   4/260
HIGHEST WIND SPEED/DIRECTION    24/180    DATE  07/01
HIGHEST GUST SPEED/DIRECTION    33/170    DATE  07/01

SKY COVER
POSSIBLE SUNSHINE (PERCENT)   MM
AVERAGE SKY COVER           0.40
NUMBER OF DAYS FAIR           18
NUMBER OF DAYS PC              8
NUMBER OF DAYS CLOUDY          5

AVERAGE RH (PERCENT)     69

WEATHER CONDITIONS. NUMBER OF DAYS WITH
THUNDERSTORM              2     MIXED PRECIP               0
HEAVY RAIN                5     RAIN                       5
LIGHT RAIN               13     FREEZING RAIN              0
LT FREEZING RAIN          0     HAIL                       0
HEAVY SNOW                0     SNOW                       0
LIGHT SNOW                0     SLEET                      0
FOG                      15     FOG W/VIS <= 1/4 MILE      6
HAZE                      0

-  INDICATES NEGATIVE NUMBERS.
R  INDICATES RECORD WAS SET OR TIED.
MM INDICATES DATA IS MISSING.
T  INDICATES TRACE AMOUNT.

$$

SIPPRELL
