000
CXUS53 KDDC 021300 CCA
CLMP28

CLIMATE REPORT
NATIONAL WEATHER SERVICE DODGE CITY KS
730 AM CDT SUN MAY 1 2016

...................................

...THE MEDICINE LODGE KS CLIMATE SUMMARY FOR THE MONTH OF APRIL 2016...

CLIMATE NORMAL PERIOD 1981 TO 2010
CLIMATE RECORD PERIOD 1893 TO 2016

WEATHER         OBSERVED          NORMAL  DEPART  LAST YEAR`S
                 VALUE   DATE(S)  VALUE   FROM    VALUE  DATE(S)
                                          NORMAL
................................................................
TEMPERATURE (F)
RECORD
 HIGH             100   04/13/2006
                        04/29/1910
 LOW               14   04/03/1975
HIGHEST            89   04/10        MM      MM       93  04/06
                        04/05
LOWEST             25   04/02        MM      MM       24  04/04
AVG. MAXIMUM     73.1              68.5     4.6     72.7
AVG. MINIMUM     45.6              43.8     1.8     46.8
MEAN             59.4              56.1     3.3     59.7
DAYS MAX >= 90      0               0.5    -0.5        1
DAYS MAX <= 32      0               0.0     0.0        0
DAYS MIN <= 32      2               3.2    -1.2        2
DAYS MIN <= 0       0               0.0     0.0        0


PRECIPITATION (INCHES)
RECORD
 MAXIMUM           MM   MM
 MINIMUM           MM   MM
TOTALS           4.94              2.43    2.51     3.48
DAYS >= .01         8               8.3    -0.3       12
DAYS >= .10         7               4.3     2.7        6
DAYS >= .50         4               2.1     1.9        2
DAYS >= 1.00        1               0.7     0.3        1
GREATEST
 24 HR. TOTAL    2.14   04/16 TO 04/17           04/16 TO 04/17
                                                          04/30 TO 04/30
                                                          04/30 TO 04/30

DEGREE_DAYS
HEATING TOTAL     192               288     -96      183
 SINCE 7/1       3492              4385    -893     4217
COOLING TOTAL      26                22       4       32
 SINCE 1/1         36                24      12       32
.................................................

WIND (MPH)
AVERAGE WIND SPEED              10.4
HIGHEST WIND SPEED/DIRECTION    40/010    DATE  04/05
HIGHEST GUST SPEED/DIRECTION    56/010    DATE  04/05



-  INDICATES NEGATIVE NUMBERS.
R  INDICATES RECORD WAS SET OR TIED.
MM INDICATES DATA IS MISSING.
T  INDICATES TRACE AMOUNT.

$$
