000
CXUS54 KLZK 012206
CLMPBF


CLIMATE REPORT
NATIONAL WEATHER SERVICE LITTLE ROCK AR
500 PM CDT TUE SEP 1 2015

...................................

...THE PINE BLUFF CLIMATE SUMMARY FOR THE MONTH OF AUGUST 2015...

CLIMATE NORMAL PERIOD 1981 TO 2010
CLIMATE RECORD PERIOD 1883 TO 2015

WEATHER         OBSERVED          NORMAL  DEPART  LAST YEAR`S
                 VALUE   DATE(S)  VALUE   FROM    VALUE  DATE(S)
                                          NORMAL
................................................................
TEMPERATURE (F)
RECORD
 HIGH             112   08/15/1943
 LOW               52   08/14/2004
                        08/29/1906
HIGHEST           100   08/07        92       8       96  08/25
LOWEST             57   08/28        71     -14       60  08/14
AVG. MAXIMUM     91.6              91.8    -0.2     89.7
AVG. MINIMUM     68.7              70.5    -1.8     69.6
MEAN             80.2              81.1    -0.9     79.6
DAYS MAX >= 90     20              20.2    -0.2       19
DAYS MAX <= 32      0               0.0     0.0        0
DAYS MIN <= 32      0               0.0     0.0        0
DAYS MIN <= 0       0               0.0     0.0        0

PRECIPITATION (INCHES)
RECORD
 MAXIMUM        10.70   2012
 MINIMUM         0.00   1886
TOTALS           1.96              2.48   -0.52     2.26
DAILY AVG.       0.06              0.08   -0.02     0.07
DAYS >= .01         7               6.6     0.4        7
DAYS >= .10         3                                  5
DAYS >= .50         1                                  1
DAYS >= 1.00        1               0.8     0.2        1
GREATEST
 24 HR. TOTAL    1.04   08/19 TO 08/19

SNOWFALL (INCHES)
TOTALS            0.0               0.0     0.0      0.0
 LIQUID EQUIV    0.00              0.00    0.00     0.00
SINCE 7/1         0.0               0.0     0.0      0.0
 LIQUID 7/1      0.00              0.00    0.00     0.00
SNOWDEPTH AVG.      0
DAYS >= TRACE       0               0.0     0.0        0
DAYS >= 1.0         0                                  0
GREATEST
 SNOW DEPTH         0   MM
 24 HR TOTAL      0.0

DEGREE_DAYS
HEATING TOTAL       0                 0       0        0
 SINCE 7/1          0                 0       0        1
COOLING TOTAL     478               501     -23      459
 SINCE 1/1       1847              1758      89     1501

FREEZE DATES
RECORD
 EARLIEST     10/10/2000
 LATEST       04/25/1910
EARLIEST                        11/12
LATEST                          03/16
.........................................................

WIND (MPH)
AVERAGE WIND SPEED              4.8
HIGHEST WIND SPEED/DIRECTION    28/140    DATE  08/21
HIGHEST GUST SPEED/DIRECTION    35/330    DATE  08/19

SKY COVER
POSSIBLE SUNSHINE (PERCENT)   MM
AVERAGE SKY COVER           0.20
NUMBER OF DAYS FAIR           26
NUMBER OF DAYS PC              5
NUMBER OF DAYS CLOUDY          0

AVERAGE RH (PERCENT)     70

WEATHER CONDITIONS. NUMBER OF DAYS WITH
THUNDERSTORM              0     MIXED PRECIP               0
HEAVY RAIN                3     RAIN                       3
LIGHT RAIN                6     FREEZING RAIN              0
LT FREEZING RAIN          0     HAIL                       0
HEAVY SNOW                0     SNOW                       0
LIGHT SNOW                0     SLEET                      0
FOG                      13     FOG W/VIS <= 1/4 MILE      2
HAZE                      3

-  INDICATES NEGATIVE NUMBERS.
R  INDICATES RECORD WAS SET OR TIED.
MM INDICATES DATA IS MISSING.
T  INDICATES TRACE AMOUNT.

&&

...DATA FOR PINE BLUFF FOR AUGUST 2015...

.SUMMARY...
THE FIRST WEEK OF THE MONTH WAS THE WARMEST...WITH HIGH TEMPERATURES
IN THE UPPER 90S TO NEAR 100 DEGREES. PINE BLUFF HIT THE CENTURY
MARK FOR THE FIRST TIME IN AUGUST SINCE 2013...REACHING 100 ON
AUGUST 7TH.

DURING THE REMAINDER OF THE MONTH...TEMPERATURES WERE LARGELY BELOW
AVERAGE...HELPING AUGUST TO BE NEARLY A DEGREE COOLER THAN AVERAGE
FOR THE MONTH. RAINFALL WAS SPARSE THROUGHOUT THE MONTH...AND THE
MAJORITY OF IT FELL DURING A SIX-DAY PERIOD FROM THE 18TH THROUGH
THE 23RD.

.MONTHLY TEMPERATURES...
THE AVERAGE HIGH TEMPERATURE WAS THE WARMEST SINCE 2013. THE AVERAGE
LOW TEMPERATURE WAS THE COOLEST SINCE 2009. THE AVERAGE MONTHLY
TEMPERATURE WAS THE WARMEST SINCE 2013.

.DAILY TEMPERATURES...
ABOVE NORMAL ON 12 DAYS...NORMAL ON THREE DAYS...AND BELOW NORMAL ON
16 DAYS.

.TEMPERATURE RECORDS TIED OR BROKEN DURING THE MONTH...
NONE.

.MONTHLY RAINFALL...
IT WAS THE DRIEST AUGUST SINCE 2010.

THERE WERE SIX DAYS WITH MEASURABLE RAINFALL FROM THE 18TH THROUGH
THE 23RD. THIS WAS THE GREATEST AMOUNT OF CONSECUTIVE DAYS WITH
MEASURABLE RAINFALL IN THE MONTH OF AUGUST SINCE 1998...AND TIED
8/9-14/1998...8/1-6/1984...AND 8/16-21/1931 FOR THE 2ND HIGHEST OVER
ALL.

.DAILY RAINFALL RECORDS TIED OR BROKEN DURING THE MONTH...
NONE.

$$

57
