000
CXUS54 KLZK 011010
CLMPBF


CLIMATE REPORT
NATIONAL WEATHER SERVICE LITTLE ROCK AR
503 AM CDT SAT OCT 1 2016

...................................

...THE PINE BLUFF CLIMATE SUMMARY FOR THE MONTH OF SEPTEMBER 2016...

CLIMATE NORMAL PERIOD 1981 TO 2010
CLIMATE RECORD PERIOD 1883 TO 2016

WEATHER         OBSERVED          NORMAL  DEPART  LAST YEAR`S
                 VALUE   DATE(S)  VALUE   FROM    VALUE  DATE(S)
                                          NORMAL
................................................................
TEMPERATURE (F)
RECORD
 HIGH             110   09/06/1925
                        09/05/1925
 LOW               38   09/29/1967
HIGHEST            94   09/14        85       9       97  09/06
                                                          09/04
LOWEST             53   09/30        64     -11       50  09/13
                        09/29
                        09/28
AVG. MAXIMUM     88.3              85.6     2.7     89.0
AVG. MINIMUM     66.0              62.7     3.3     63.7
MEAN             77.2              74.1     3.1     76.4
DAYS MAX >= 90     20               8.7    11.3       15
DAYS MAX <= 32      0               0.0     0.0        0
DAYS MIN <= 32      0               0.0     0.0        0
DAYS MIN <= 0       0               0.0     0.0        0

PRECIPITATION (INCHES)
RECORD
 MAXIMUM        15.44   1913
 MINIMUM         0.03   2015
TOTALS           1.32              2.69   -1.37     0.03
DAILY AVG.       0.04              0.09   -0.05     0.00
DAYS >= .01         3               7.4    -4.4        2
DAYS >= .10         3                                  0
DAYS >= .50         1                                  0
DAYS >= 1.00        0               0.9    -0.9        0
GREATEST
 24 HR. TOTAL    0.95   09/18 TO 09/18

SNOWFALL (INCHES)
TOTALS            0.0               0.0     0.0      0.0
 LIQUID EQUIV    0.00              0.00    0.00     0.00
SINCE 7/1         0.0               0.0     0.0      0.0
 LIQUID 7/1      0.00              0.00    0.00     0.00
SNOWDEPTH AVG.      0
DAYS >= TRACE       0               0.0     0.0        0
DAYS >= 1.0         0                                  0
GREATEST
 SNOW DEPTH         0   MM
 24 HR TOTAL      0.0

DEGREE_DAYS
HEATING TOTAL       0                11     -11        0
 SINCE 7/1          0                11     -11        0
COOLING TOTAL     372               286      86      347
 SINCE 1/1       2180              2044     136     2194

FREEZE DATES
RECORD
 EARLIEST     10/10/2000
 LATEST       04/25/1910
EARLIEST                        11/12
LATEST                          03/16
..........................................................

WIND (MPH)
AVERAGE WIND SPEED              4.7
HIGHEST WIND SPEED/DIRECTION    28/310    DATE  09/18
HIGHEST GUST SPEED/DIRECTION    37/300    DATE  09/18

SKY COVER
POSSIBLE SUNSHINE (PERCENT)   MM
AVERAGE SKY COVER           0.10
NUMBER OF DAYS FAIR           27
NUMBER OF DAYS PC              3
NUMBER OF DAYS CLOUDY          0

AVERAGE RH (PERCENT)     71

WEATHER CONDITIONS. NUMBER OF DAYS WITH
THUNDERSTORM              0     MIXED PRECIP               0
HEAVY RAIN                3     RAIN                       1
LIGHT RAIN                4     FREEZING RAIN              0
LT FREEZING RAIN          0     HAIL                       0
HEAVY SNOW                0     SNOW                       0
LIGHT SNOW                0     SLEET                      0
FOG                      16     FOG W/VIS <= 1/4 MILE      2
HAZE                      7

-  INDICATES NEGATIVE NUMBERS.
R  INDICATES RECORD WAS SET OR TIED.
MM INDICATES DATA IS MISSING.
T  INDICATES TRACE AMOUNT.

&&

...DATA FOR PINE BLUFF FOR SEPTEMBER 2016...

.SUMMARY...
SEPTEMBER WAS ANOTHER WARM MONTH IN PINE BLUFF...WITH MONTHLY
TEMPERATURES AROUND THREE DEGREES ABOVE THE 30-YEAR AVERAGE. THE
WARMEST PERIODS WERE IN THE THIRD AND FOURTH WEEK OF THE MONTH...
DAILY TEMPERATURES WERE AS MUCH AS FIVE TO TEN DEGREES ABOVE
AVERAGE.

RAINFALL WAS SCATTERED THROUGHOUT THE MONTH...AND WAS MINIMAL.
DESPITE THAT...IT WAS THE WETTEST SEPTEMBER IN THREE YEARS.

.MONTHLY TEMPERATURES...
THE AVERAGE HIGH TEMPERATURE WAS THE COOLEST SINCE 2014. THE AVERAGE
LOW TEMPERATURE WAS THE WARMEST SINCE 2002. THE AVERAGE MONTHLY
TEMPERATURE WAS THE WARMEST SINCE 2014.

.DAILY TEMPERATURES...
ABOVE AVERAGE ON 21 DAYS...AVERAGE ON ONE DAY...AND BELOW AVERAGE ON
EIGHT DAYS.

.TEMPERATURE RECORDS TIED OR BROKEN DURING THE MONTH...

DATE  RECORD TYPE                NEW RECORD           PREVIOUS RECORD
17TH  HIGHEST LOW TEMPERATURE    74 IN 2016      74 IN 1939...1931...AND 1911

.MONTHLY RAINFALL...
RAINFALL WAS SIGNIFICANTLY BELOW AVERAGE. HOWEVER...IT WAS STILL THE WETTEST
SEPTEMBER SINCE 2013.

.DAILY RAINFALL RECORDS TIED OR BROKEN...
NONE.

$$

57
