590
CXUS56 KPDT 011440
CLMPDT

CLIMATE REPORT
NATIONAL WEATHER SERVICE PENDLETON OREGON
639 AM PST WED FEB 01 2017

....................................

...THE PENDLETON OR CLIMATE SUMMARY FOR THE MONTH OF JANUARY 2017...

CLIMATE NORMAL PERIOD 1981 TO 2010
CLIMATE RECORD PERIOD 1934 TO 2017

WEATHER         OBSERVED          NORMAL  DEPART  LAST YEAR`S
                 VALUE   DATE(S)  VALUE   FROM    VALUE  DATE(S)
                                          NORMAL

................................................................

TEMPERATURE (F)
RECORD
 HIGH              71   1/24/1935
 LOW              -22   1/27/1957
HIGHEST            48   1/18       59       -11            59   1/22
LOWEST             -8   1/13       13       -21            15   1/ 3
AVG. MAXIMUM     29.1            41.8      -12.          41.9
AVG. MINUMUM     16.0            28.8      -12.          29.2
MEAN             22.5            35.3      -12.          35.5
DAYS MAX >= 90      0               0         0             0
DAYS MAX <= 32     16               7         9             7
DAYS MIN <= 32     30              20        10            21
DAYS MIN <= 0       8               0         8            21


PRECIPITATION (INCHES)
RECORD
 MAXIMUM          3.92   1970
 MINIMUM          0.21   1949
TOTALS            1.65            1.43      0.22          1.51
DAILY AVG.        0.05            0.05      0.00          0.05
DAYS >=  0.01       12              12         0            12
DAYS >=  0.10        8               5         3             4
DAYS >=  0.50        0               0         0             0
DAYS >=  1.00        0               0         0             0
GREATEST
 24 HR. TOTAL     0.38   1/10



SNOWFALL (INCHES)
RECORD
 MAXIMUM          41.6   1950
 MINIMUM           0.0   2010
TOTALS            18.5             3.7      14.8             T
SINCE 7/1         37.0            11.2      25.8           4.1
DAYS >=  TRACE      17               3        14             6
DAYS >=  1.0         5               1         3             0
GREATEST
 24 HR. TOTAL      4.6   1/31


DEGREE DAYS
HEATING TOTAL     1312             921       391           906
 SINCE 7/1        3473            3151       322          2966
COOLING TOTAL        0               0         0             0
 SINCE 1/1           0               0         0             0

.............................................................

WIND (MPH)
AVERAGE WIND SPEED                     5.6
RESULTANT WIND SPEED/DIRECTION         3/209
HIGHEST WIND SPEED/DIRECTION          32/250      DATE          01/01
HIGHEST GUST SPEED/DIRECTION          40/250      DATE          01/01


WEATHER CONDITIONS. NUMBER OF DAYS WITH
THUNDERSTORM               0    MIXED PRECIP                           1
HEAVY RAIN                 0    RAIN                                   1
LIGHT RAIN                 5    FREEZING RAIN                          2
LT FREEZING RAIN           5    HAIL                                   0
HEAVY SNOW                 0    SNOW                                   3
LIGHT SNOW                16    SLEET                                  0
FOG                       28    FOG W/VIS <=1/4 MILE                   9
HAZE                       8

-  INDICATES NEGATIVE NUMBERS.
R  INDICATES RECORD WAS SET OR TIED.
MM INDICATES DATA IS MISSING.
T  INDICATES TRACE AMOUNT.

$$
