000
CXUS56 KPDT 011715
CLMPDT

CLIMATE REPORT
NATIONAL WEATHER SERVICE PENDLETON OREGON
1004 AM PDT SUN OCT 01 2017

....................................

...THE PENDLETON OR CLIMATE SUMMARY FOR THE MONTH OF SEPTEMBER 2017...

CLIMATE NORMAL PERIOD 1981 TO 2010
CLIMATE RECORD PERIOD 1934 TO 2017

WEATHER         OBSERVED          NORMAL  DEPART  LAST YEAR`S
                 VALUE   DATE(S)  VALUE   FROM    VALUE  DATE(S)
                                          NORMAL

................................................................

TEMPERATURE (F)
RECORD
 HIGH             102   9/ 6/1955
 LOW               30   9/25/1970
HIGHEST            99   9/ 2       92         7            89   9/26
LOWEST             39   9/16       38         1            39   9/13
AVG. MAXIMUM     78.4            77.4       1.0          74.6
AVG. MINUMUM     50.9            49.4       1.5          48.2
MEAN             64.6            63.4       1.2          61.4
DAYS MAX >= 90      5               2         3             0
DAYS MAX <= 32      0               0         0             0
DAYS MIN <= 32      0               0         0             0
DAYS MIN <= 0       0               0         0             0


PRECIPITATION (INCHES)
RECORD
 MAXIMUM          2.34   1941
 MINIMUM          0.00   1975
TOTALS            0.92            0.57      0.35          0.68
DAILY AVG.        0.03            0.02      0.01          0.02
DAYS >=  0.01        5               4         1             5
DAYS >=  0.10        3               2         1             3
DAYS >=  0.50        1               0         1             0
DAYS >=  1.00        0               0         0             0
GREATEST
 24 HR. TOTAL     0.52   9/20



SNOWFALL (INCHES)
RECORD
 MAXIMUM           0.0   2016
 MINIMUM           0.0   2016
TOTALS             0.0             0.0       0.0           0.0
SINCE 7/1          0.0             0.0       0.0           0.0
DAYS >=  TRACE                       0         0
DAYS >=  1.0         0               0         0             0
GREATEST
 24 HR. TOTAL      0.0   9/30


DEGREE DAYS
HEATING TOTAL      115             112         3           117
 SINCE 7/1         117             127       -10           119
COOLING TOTAL      113              64        49            17
 SINCE 1/1         894             633       261           605

.............................................................

WIND (MPH)
AVERAGE WIND SPEED                     7.5
RESULTANT WIND SPEED/DIRECTION         4/200
HIGHEST WIND SPEED/DIRECTION          30/260      DATE          09/30
HIGHEST GUST SPEED/DIRECTION          41/250      DATE          09/30


WEATHER CONDITIONS. NUMBER OF DAYS WITH
THUNDERSTORM               1    MIXED PRECIP                        0
HEAVY RAIN                 1    RAIN                                3
LIGHT RAIN                 8    FREEZING RAIN                       0
LT FREEZING RAIN           0    HAIL                                0
HEAVY SNOW                 0    SNOW                                0
LIGHT SNOW                 0    SLEET                               0
FOG                        2    FOG W/VIS <=1/4 MILE                0
HAZE                      16

-  INDICATES NEGATIVE NUMBERS.
R  INDICATES RECORD WAS SET OR TIED.
MM INDICATES DATA IS MISSING.
T  INDICATES TRACE AMOUNT.

$$
