062
CXUS53 KABR 011514
CLMPIR


CLIMATE REPORT
NATIONAL WEATHER SERVICE ABERDEEN SD
907 AM CST MON FEB 1 2016

...................................

...THE PIERRE SD CLIMATE SUMMARY FOR THE MONTH OF JANUARY 2016...

CLIMATE NORMAL PERIOD 1981 TO 2010
CLIMATE RECORD PERIOD 1892 TO 2016

WEATHER         OBSERVED          NORMAL  DEPART  LAST YEAR`S
                 VALUE   DATE(S)  VALUE   FROM    VALUE  DATE(S)
                                          NORMAL
................................................................
TEMPERATURE (F)
RECORD
 HIGH              68   01/23/1981
 LOW              -33   01/29/1966
HIGHEST            46   01/29        MM      MM       60  01/28
LOWEST            -14   01/18        MM      MM      -11  01/12
                                                          01/05
AVG. MAXIMUM     28.4              30.0    -1.6     34.4
AVG. MINIMUM     12.1               9.8     2.3     13.0
MEAN             20.2              19.9     0.3     23.7
DAYS MAX >= 90      0               0.0     0.0        0
DAYS MAX <= 32     19              16.2     2.8       12
DAYS MIN <= 32     31              30.5     0.5       30
DAYS MIN <= 0       5               7.9    -2.9        9

PRECIPITATION (INCHES)
RECORD
 MAXIMUM         1.37   1975
 MINIMUM            T   1913
TOTALS           0.17              0.42   -0.25     0.13
DAYS >= .01         4               5.7    -1.7        3
DAYS >= .10         0               1.3    -1.3        0
DAYS >= .50         0               0.2    -0.2        0
DAYS >= 1.00        0               0.0     0.0        0

SNOWFALL (INCHES)
RECORDS
 TOTAL           25.4   1949
 SNOW DEPTH        24   01/12/2010
                        01/11/2010
                        01/10/2010
TOTALS            2.5               4.7    -2.2      1.4
SINCE 7/1        22.9              15.9     7.0     20.8
SNOWDEPTH AVG.      4                 3       1        2
DAYS >= TRACE      10               5.5     4.5        7
DAYS >= 1.0         1               1.7    -0.7        0
GREATEST
 SNOW DEPTH         8   01/01                          4  01/15
                                                          01/14
                                                          01/13

DEGREE_DAYS
HEATING TOTAL    1380              1398     -18     1272
 SINCE 7/1       3922              4360    -438     4267
COOLING TOTAL       0                 0       0        0
 SINCE 1/1          0                 0       0        0

FREEZE DATES
RECORD
 EARLIEST     MM
 LATEST       MM
EARLIEST                        MM
LATEST                          MM
.................................................................

WIND (MPH)
AVERAGE WIND SPEED              10.0
RESULTANT WIND SPEED/DIRECTION   3/302
HIGHEST WIND SPEED/DIRECTION    36/340    DATE  01/14
HIGHEST GUST SPEED/DIRECTION    43/350    DATE  01/14

SKY COVER
POSSIBLE SUNSHINE (PERCENT)   MM
AVERAGE SKY COVER           0.50
NUMBER OF DAYS FAIR           14
NUMBER OF DAYS PC              6
NUMBER OF DAYS CLOUDY         11

AVERAGE RH (PERCENT)     84

-  INDICATES NEGATIVE NUMBERS.
R  INDICATES RECORD WAS SET OR TIED.
MM INDICATES DATA IS MISSING.
T  INDICATES TRACE AMOUNT.

$$
