000
CXUS51 KPBZ 011551
CLMPIT


CLIMATE REPORT
NATIONAL WEATHER SERVICE PITTSBURGH PA
913 AM EST THU FEB 1 2018

...................................

...THE PITTSBURGH PA CLIMATE SUMMARY FOR THE MONTH OF JANUARY 2018...

CLIMATE NORMAL PERIOD 1981 TO 2010
CLIMATE RECORD PERIOD 1871 TO 2018

WEATHER         OBSERVED          NORMAL  DEPART  LAST YEAR`S
                 VALUE   DATE(S)  VALUE   FROM    VALUE  DATE(S)
                                          NORMAL
................................................................
TEMPERATURE (F)
RECORD
 HIGH              75   01/25/1950
                        01/22/1906
 LOW              -22   01/19/1994
HIGHEST            63   01/22        39      24       66  01/12
LOWEST             -6   01/07        22     -28        4  01/09
AVG. MAXIMUM     34.7              35.7    -1.0     41.7
AVG. MINIMUM     16.4              21.1    -4.7     27.5
MEAN             25.5              28.4    -2.9     34.6
DAYS MAX >= 90      0               0.0     0.0        0
DAYS MAX <= 32     15              12.0     3.0        8
DAYS MIN <= 32     25              25.4    -0.4       20
DAYS MIN <= 0       7               1.4     5.6        0

PRECIPITATION (INCHES)
RECORD
 MAXIMUM         7.15   1937
 MINIMUM         0.35   1851
TOTALS           4.24              2.70    1.54
DAILY AVG.       0.14              0.09    0.05     0.11
DAYS >= .01        14              16.2    -2.2       22
DAYS >= .10         7               6.5     0.5        9
DAYS >= .50         2               1.5     0.5        2
DAYS >= 1.00        1               0.3     0.7        0
GREATEST
 24 HR. TOTAL    1.99   01/12 TO 01/12           01/03 TO 01/03
                                                          01/02 TO 01/03EATHER         OBSERVED          NORMAL  DEPART  LAST YEAR`S
                                                          01/03 TO 01/03EATHER         OBSERVED          NORMAL  DEPART  LAST YEAR`S

SNOWFALL (INCHES)
RECORDS
 TOTAL           40.2   1978
 24 HR TOTAL     16.5   01/08/1884
TOTALS           17.2              11.8     5.4      7.5
SINCE 7/1        30.5              22.5     8.0     15.6
SNOWDEPTH AVG.      2                 3      -1        0
DAYS >= TRACE      16
DAYS >= 1.0         7               3.6     3.4        4
GREATEST
 24 HR TOTAL      5.0   01/13 TO 01/13               1.7

DEGREE_DAYS
HEATING TOTAL    1217              1134      83      935
 SINCE 7/1       3277              3309     -32     2751
COOLING TOTAL       0                 0       0        0
 SINCE 1/1          0                 0       0        0
.................................................................

WIND (MPH)
AVERAGE WIND SPEED              8.2
HIGHEST WIND SPEED/DIRECTION    30/330    DATE  01/13
HIGHEST GUST SPEED/DIRECTION    39/300    DATE  01/04

AVERAGE RH (PERCENT)     72

WEATHER CONDITIONS. NUMBER OF DAYS WITH
THUNDERSTORM              0     MIXED PRECIP               0
HEAVY RAIN                1     RAIN                       2
LIGHT RAIN                9     FREEZING RAIN              0
LT FREEZING RAIN          2     HAIL                       0
HEAVY SNOW                0     SNOW                       5
LIGHT SNOW               14     SLEET                      2
FOG                      19     FOG W/VIS <= 1/4 MILE      0
HAZE                      4

-  INDICATES NEGATIVE NUMBERS.
R  INDICATES RECORD WAS SET OR TIED.
MM INDICATES DATA IS MISSING.
T  INDICATES TRACE AMOUNT.

$$
