000
CXUS54 KMOB 012136
CLMPNS


CLIMATE REPORT
NATIONAL WEATHER SERVICE MOBILE AL
336 PM CST WED FEB 1 2017

...................................

...THE PENSACOLA CLIMATE SUMMARY FOR THE MONTH OF JANUARY 2017...

CLIMATE NORMAL PERIOD 1981 TO 2010
CLIMATE RECORD PERIOD 1879 TO 2017

WEATHER         OBSERVED          NORMAL  DEPART  LAST YEAR`S
                 VALUE   DATE(S)  VALUE   FROM    VALUE  DATE(S)
                                          NORMAL
................................................................
TEMPERATURE (F)
RECORD
 HIGH              80   01/01/1997
                        01/01/1975
 LOW                5   01/21/1985
HIGHEST            79   01/01        MM      MM       73  01/31
LOWEST             26   01/08        MM      MM       27  01/24
AVG. MAXIMUM     69.7              60.5     9.2     59.8
AVG. MINIMUM     51.7              42.2     9.5     41.6
MEAN             60.7              51.4     9.3     50.7
DAYS MAX >= 90      0               0.0     0.0        0
DAYS MAX <= 32      0               0.1    -0.1        0
DAYS MIN <= 32      2               5.2    -3.2        4
DAYS MIN <= 0       0               0.0     0.0        0

PRECIPITATION (INCHES)
RECORD
 MAXIMUM           MM   MM
 MINIMUM           MM   MM
TOTALS          11.73              4.63    7.10     3.94
DAILY AVG.       0.38              0.15    0.23     0.13
DAYS >= .01        11               8.9     2.1       12
DAYS >= .10         8               6.6     1.4       10
DAYS >= .50         5               3.2     1.8        2
DAYS >= 1.00        4               1.4     2.6        1
GREATEST
 24 HR. TOTAL    4.95   01/01 TO 01/02

SNOWFALL (INCHES)
RECORDS
 TOTAL             MM   MM
 SNOW DEPTH        MM   MM
TOTALS            0.0               0.0     0.0      0.0
SINCE 7/1         0.0               0.0     0.0      0.0
SNOWDEPTH AVG.      0                MM      MM        0
DAYS >= 1.0         0               0.0     0.0        0
GREATEST
 SNOW DEPTH         0   MM                             0  MM
 24 HR TOTAL      0.0   01/31 TO 01/31

DEGREE_DAYS
HEATING TOTAL     189               429    -240      435
 SINCE 7/1        452              1011    -559      629
COOLING TOTAL      64                 6      58        0
 SINCE 1/1         64                 0      64        0
.................................................................

WIND (MPH)
AVERAGE WIND SPEED              9.1
HIGHEST WIND SPEED/DIRECTION    35/290    DATE  01/02
HIGHEST GUST SPEED/DIRECTION    46/290    DATE  01/02

SKY COVER
POSSIBLE SUNSHINE (PERCENT)   MM
AVERAGE SKY COVER           0.40
NUMBER OF DAYS FAIR           14
NUMBER OF DAYS PC             11
NUMBER OF DAYS CLOUDY          6

AVERAGE RH (PERCENT)     70

WEATHER CONDITIONS. NUMBER OF DAYS WITH
THUNDERSTORM              0     MIXED PRECIP               0
HEAVY RAIN                7     RAIN                       6
LIGHT RAIN               11     FREEZING RAIN              0
LT FREEZING RAIN          0     HAIL                       0
HEAVY SNOW                0     SNOW                       0
LIGHT SNOW                1     SLEET                      0
FOG                      19     FOG W/VIS <= 1/4 MILE      5
HAZE                      4

-  INDICATES NEGATIVE NUMBERS.
R  INDICATES RECORD WAS SET OR TIED.
MM INDICATES DATA IS MISSING.
T  INDICATES TRACE AMOUNT.

$$
