000
CXZS50 NSTU 062053
CLMPPG

CLIMATE REPORT
NATIONAL WEATHER SERVICE PAGO PAGO AS
10 AM SST WED SEP 6 2017

.....................................

...THE PAGO PAGO AIRPORT CLIMATE SUMMARY FOR THE MONTH OF AUGUST 2017...

CLIMATE NORMAL PERIOD 1981 TO 2010
CLIMATE RECORD PERIOD 1956 TO 2017

WEATHER ITEM      OBSERVED    DATES       NORMAL      DEPARTURE   LAST YEAR
                  VALUE                   VALUE       FROM        VALUE DATE(S)
                                                      NORMAL
.............................................................................
TEMPERATURE (F)
RECORD
 HIGH             92          8/17/2002
 LOW              60          8/06/1964

HIGHEST           89          8/3         84          5           88 8/9

LOWEST            75          8/14        76         -1           73 8/23
                              8/13
                              8/4

AVG. MAXIMUM      84.2                    84.3       -0.1         85.0
AVG. MINIMUM      77.6                    76.3        1.3         77.6
MEAN              80.9                    80.3        0.6         81.7
DAYS MAX >= 90     0                       0.1       -0.1          0
DAYS MAX <= 32     0                       0.0        0.0          0
DAYS MIN <= 32     0                       0.0        0.0          0
DAYS MIN <= 0      0                       0.0        0.0          0

PRECIPITATION (INCHES)
RECORD
 MAXIMUM          17.22      1995
 MINIMUM           0.29      1989
TOTALS             7.78                   6.30        1.48         4.49
DAILY AVG.         0.25                   0.20        0.05         0.14
DAYS >= .01       24                     17.8         6.2         19
DAYS >= .10       12                      9.7         2.3         12
DAYS >= .50        5                      3.3         1.7          3
DAYS >= 1.00       3                      1.6         1.4          0
GREATEST
 24 HR. TOTAL      2.69     8/19 TO 20               1.07     8/11 TO 12

DEGREE DAYS
HEATING TOTAL     000                     00          00          00
SINCE 1/1         000                     00          00          00
COOLING TOTAL     500                    474          26         517
SINCE 1/1        4254                   4057         197        4343

WIND (MPH)
AVERAGE WIND SPEED 14.4
HIGHEST WIND SPEED/DIRECTION   30/090     DATE 8/20
HIGHEST GUST SPEED/DIRECTION   MM         DATE MM

SKY COVER
POSSIBLE SUNSHINE (PERCENT)    MM
AVERAGE SKY COVER               5.9
NUMBER OF DAYS FAIR            01
NUMBER OF DAYS PC              19
NUMBER OF DAYS CLOUDY          11

AVERAGE RH (PERCENT)           90.5

WEATHER CONDITIONS NUMBER OF DAYS WITH
THUNDERSTORM            00    MIXED PRECIP            00
HEAVY RAIN              09    RAIN                    01
LIGHT RAIN              26    FREEZING RAIN           00
LT FREEZING RAIN        00    HAIL                    00
HEAVY SNOW              00    SNOW                    00
LIGHT SNOW              00    SLEET                   00
FOG                     00    FOG W/VIS <= 1/4 MILE   00
HAZE                    00

- INDICATES NEGATIVE NUMBERS
R INDICATES RECORD WAS SET OR TIED
MM INDICATES DATA IS MISSING
T INDICATES TRACE AMOUNTTEMPERATURE (F)
