000
CXZS50 NSTU 140225
CLMPPG

CLIMATE REPORT
NATIONAL WEATHER SERVICE PAGO PAGO AS
226 PM SST MON FEB 13 2017

.....................................

...THE PAGO PAGO AIRPORT CLIMATE SUMMARY FOR THE MONTH OF JANUARY 2017...

CLIMATE NORMAL PERIOD 1981 TO 2010
CLIMATE RECORD PERIOD 1956 TO 2017

WEATHER ITEM      OBSERVED    DATES       NORMAL      DEPARTURE   LAST YEAR
                  VALUE                   VALUE       FROM        VALUE DATE(S)
                                                      NORMAL
.............................................................................
TEMPERATURE (F)
RECORD
 HIGH             95          01/08/1998
 LOW              67          01/14/1965

HIGHEST           90          01/30        88         2           91 01/31
                              01/29
                              01/24
                              01/21
                              01/10
                              01/07
                              01/06

LOWEST            77          01/28        77         0           76 01/07
                              01/26
                              01/09

AVG. MAXIMUM      88.6                    87.6        1.0         88.1
AVG. MINIMUM      79.0                    77.3        1.7         79.8
MEAN              83.8                    82.5        1.3         84.0
DAYS MAX >= 90     7                       4.4        2.6          6
DAYS MAX <= 32     0                       0.0        0.0          0
DAYS MIN <= 32     0                       0.0        0.0          0
DAYS MIN <= 0      0                       0.0        0.0          0

PRECIPITATION (INCHES)
RECORD
 MAXIMUM          28.31      2010
 MINIMUM           4.44      2016
TOTALS             9.57                  14.48       -4.91         4.44
DAILY AVG.         0.31                   0.47       -0.16         0.14
DAYS >= .01       26                     23.9         2.1         21
DAYS >= .10       20                     17.3         2.7         11
DAYS >= .50        6                      8.5        -2.5          3
DAYS >= 1.00       3                      4.1        -1.1          1
GREATEST
 24 HR. TOTAL      1.94      01/30 TO 31               1.18     01/7 TO 8

DEGREE DAYS
HEATING TOTAL     000                     00          00          00
SINCE 1/1         000                     00          00          00
COOLING TOTAL     589                    541          48         594
SINCE 1/1         589                    541          48         594

WIND (MPH)
AVERAGE WIND SPEED 6.2
HIGHEST WIND SPEED/DIRECTION   23/280     DATE 1/31
HIGHEST GUST SPEED/DIRECTION   MM         DATE MM

SKY COVER
POSSIBLE SUNSHINE (PERCENT)    MM
AVERAGE SKY COVER               5.6
NUMBER OF DAYS FAIR            00
NUMBER OF DAYS PC              20
NUMBER OF DAYS CLOUDY          11

AVERAGE RH (PERCENT)           84.5
WEATHER CONDITIONS NUMBER OF DAYS WITH
THUNDERSTORM            06    MIXED PRECIP            00
HEAVY RAIN              15    RAIN                    00
LIGHT RAIN              28    FREEZING RAIN           00
LT FREEZING RAIN        00    HAIL                    00
HEAVY SNOW              00    SNOW                    00
LIGHT SNOW              00    SLEET                   00
FOG                     00    FOG W/VIS <= 1/4 MILE   00
HAZE                    00

- INDICATES NEGATIVE NUMBERS
R INDICATES RECORD WAS SET OR TIED
MM INDICATES DATA IS MISSING
T INDICATES TRACE AMOUNTTEMPERATURE (F)
