000
CXUS56 KPDT 011527
CLMPSC

CLIMATE REPORT
NATIONAL WEATHER SERVICE PENDLETON OREGON
822 AM PDT TUE JUL 01 2014

....................................

...THE PASCO WA CLIMATE SUMMARY FOR THE MONTH OF JUNE 2014...

CLIMATE NORMAL PERIOD 1981 TO 2010
CLIMATE RECORD PERIOD 1942 TO 2014

WEATHER         OBSERVED          NORMAL  DEPART  LAST YEAR`S
                 VALUE   DATE(S)  VALUE   FROM    VALUE  DATE(S)
                                          NORMAL

................................................................

TEMPERATURE (F)
RECORD
 HIGH             106   6/27/2006
 LOW               37   6/ 7/2002
HIGHEST            94   6/23       43        51           100   6/30
LOWEST             43   6/22       14        29            43   6/ 1
AVG. MAXIMUM     82.9            82.9       0.0          82.7
AVG. MINUMUM     52.9            52.2       0.7          53.8
MEAN             67.9            67.6       0.3          68.3
DAYS MAX >= 90      1               3        -2            10
DAYS MAX <= 32      0              17       -17             0
DAYS MIN <= 32      0              17       -17             0
DAYS MIN <= 0       0              17       -17             0


PRECIPITATION (INCHES)
RECORD
 MAXIMUM          1.77   2012
 MINIMUM          0.01   2003
TOTALS            0.18            0.68     -0.50          1.06
DAILY AVG.        0.01            0.02     -0.01          0.04
DAYS >=  0.01        5               2         3            10
DAYS >=  0.10        0               1        -1             3
DAYS >=  0.50        0               0         0             0
DAYS >=  1.00        0               0         0             0
GREATEST
 24 HR. TOTAL     0.06   6/17



SNOWFALL (INCHES)
RECORD
 MAXIMUM           0.0   2013
 MINIMUM           0.0   2013
TOTALS             0.0             0.0       0.0           0.0
SINCE 7/1          4.7             0.0       4.7           0.7
DAYS >=  TRACE                       0         0
DAYS >=  1.0         0               0         0             0
GREATEST
 24 HR. TOTAL      0.0   6/30


DEGREE DAYS
HEATING TOTAL       18              38       -20            19
 SINCE 7/1        5225            5020       205          4726
COOLING TOTAL      111             109         2           124
 SINCE 1/1         145             141         4           170

.............................................................

WIND (MPH)
AVERAGE WIND SPEED                     7.8
RESULTANT WIND SPEED/DIRECTION         5/216
HIGHEST WIND SPEED/DIRECTION          31/260      DATE          06/16
HIGHEST GUST SPEED/DIRECTION          37/290      DATE          06/15


WEATHER CONDITIONS. NUMBER OF DAYS WITH
THUNDERSTORM               1    MIXED PRECIP                           0
HEAVY RAIN                 0    RAIN                                   0
LIGHT RAIN                 6    FREEZING RAIN                          0
LT FREEZING RAIN           0    HAIL                                   0
HEAVY SNOW                 0    SNOW                                   0
LIGHT SNOW                 0    SLEET                                  0
FOG                        0    FOG W/VIS <=1/4 MILE                   0
HAZE                       1

-  INDICATES NEGATIVE NUMBERS.
R  INDICATES RECORD WAS SET OR TIED.
MM INDICATES DATA IS MISSING.
T  INDICATES TRACE AMOUNT.

$$
