000
CXUS56 KPDT 011511
CLMPSC

CLIMATE REPORT
NATIONAL WEATHER SERVICE PENDLETON OREGON
708 AM PST WED MAR 01 2017

....................................

...THE PASCO WA CLIMATE SUMMARY FOR THE MONTH OF FEBRUARY 2017...

CLIMATE NORMAL PERIOD 1981 TO 2010
CLIMATE RECORD PERIOD 1942 TO 2017

WEATHER         OBSERVED          NORMAL  DEPART  LAST YEAR`S
                 VALUE   DATE(S)  VALUE   FROM    VALUE  DATE(S)
                                          NORMAL

................................................................

TEMPERATURE (F)
RECORD
 HIGH              68   2/17/2007
 LOW                4   2/ 1/2017
HIGHEST            55   2/19       27        28            65   2/27
LOWEST              4   2/ 1        7        -3            21   2/23
AVG. MAXIMUM     40.6            48.9      -8.3          54.6
AVG. MINUMUM     25.0            28.7      -3.7          32.4
MEAN             32.8            38.8      -6.0          43.5
DAYS MAX >= 90      0               0         0             0
DAYS MAX <= 32      5              16       -11             0
DAYS MIN <= 32     24              25        -1            17
DAYS MIN <= 0       0              16       -16            17


PRECIPITATION (INCHES)
RECORD
 MAXIMUM          1.62   2017
 MINIMUM          0.05   2005
TOTALS            1.62            0.86      0.76          0.38
DAILY AVG.        0.06            0.03      0.03          0.01
DAYS >=  0.01       10               2         8             8
DAYS >=  0.10        6               1         5             0
DAYS >=  0.50        0               0         0             0
DAYS >=  1.00        0               0         0             0
GREATEST
 24 HR. TOTAL     0.44   2/21



SNOWFALL (INCHES)
RECORD
 MAXIMUM           0.0   2011
 MINIMUM           0.0   2013
TOTALS             3.3             0.0       3.3           0.0
SINCE 7/1         27.2             0.0      27.2           4.2
DAYS >=  TRACE       4               0         4
DAYS >=  1.0         1               0         1             0
GREATEST
 24 HR. TOTAL      2.8   2/ 8


DEGREE DAYS
HEATING TOTAL      895             732       163           617
 SINCE 7/1        4322            3899       423          3518
COOLING TOTAL        0               0         0             0
 SINCE 1/1           0               0         0             0

.............................................................

WIND (MPH)
AVERAGE WIND SPEED                     5.5
RESULTANT WIND SPEED/DIRECTION         4/231
HIGHEST WIND SPEED/DIRECTION          30/230      DATE          02/06
HIGHEST GUST SPEED/DIRECTION          37/230      DATE          02/06


WEATHER CONDITIONS. NUMBER OF DAYS WITH
THUNDERSTORM               0    MIXED PRECIP                           0
HEAVY RAIN                 0    RAIN                                   4
LIGHT RAIN                 8    FREEZING RAIN                          1
LT FREEZING RAIN           6    HAIL                                   0
HEAVY SNOW                 0    SNOW                                   2
LIGHT SNOW                 4    SLEET                                  0
FOG                       18    FOG W/VIS <=1/4 MILE                   3
HAZE                       2

-  INDICATES NEGATIVE NUMBERS.
R  INDICATES RECORD WAS SET OR TIED.
MM INDICATES DATA IS MISSING.
T  INDICATES TRACE AMOUNT.

$$
