000
CXUS55 KPUB 021230 CCA
CLMPUB

CLIMATE REPORT...CORRECTION
NATIONAL WEATHER SERVICE PUEBLO
338 PM MST SUN MAR 1 2015

...................................

...THE PUEBLO CO CLIMATE SUMMARY FOR THE MONTH OF FEBRUARY 2015...

CLIMATE NORMAL PERIOD 1981 TO 2010
CLIMATE RECORD PERIOD 1888 TO 2015

WEATHER         OBSERVED          NORMAL  DEPART  LAST YEAR`S
                 VALUE   DATE(S)  VALUE   FROM    VALUE  DATE(S)
                                          NORMAL
................................................................
TEMPERATURE (F)
RECORD
 HIGH              81   02/20/1981
                        02/27/1980
 LOW              -27   02/12/1899
HIGHEST            78   02/06        54      24       71  02/18
                        02/07                             02/15
LOWEST              0   02/28        16     -16      -16  02/06
AVG. MAXIMUM     50.6              50.5     0.1     46.2
AVG. MINIMUM     20.1              17.3     2.8     17.8
MEAN             35.4              33.9     1.5     32.0
DAYS MAX >= 90      0               0.0     0.0
DAYS MAX <= 32      6               2.7     3.3
DAYS MIN <= 32     26              26.9    -0.9
DAYS MIN <= 0       1               1.6    -0.6

PRECIPITATION (INCHES)
RECORD
 MAXIMUM         1.47   1897
 MINIMUM            T   2006
                        1994
                        1979
TOTALS           1.13              0.30    0.83     0.28
DAILY AVG.       0.04              0.01    0.03
DAYS >= .01         9               3.7     5.3
DAYS >= .10         7               1.0     6.0
DAYS >= .50         0               0.0     0.0
DAYS >= 1.00        0               0.0     0.0
GREATEST
 24 HR. TOTAL    0.34   02/22

SNOWFALL (INCHES)
RECORDS
 TOTAL           20.1   1894
TOTALS           23.5R              3.8    19.7      4.9
SINCE 7/1        41.1              21.8    19.3     18.6
SNOWDEPTH AVG.      1
DAYS >= 1.0         5               1.3     3.7
GREATEST
 SNOW DEPTH        10   02/27                          3
 24 HR TOTAL      9.3   02/26 TO 02/27               2.8

DEGREE_DAYS
HEATING TOTAL     824               871     -47      920
 SINCE 7/1       4022              4303    -281     4205
COOLING TOTAL       0                 0       0        0
 SINCE 1/1          0                 0       0        0
.................................................................

WIND (MPH)
AVERAGE WIND SPEED              7.7
HIGHEST WIND SPEED/DIRECTION    49/020    DATE  02/20
HIGHEST GUST SPEED/DIRECTION    59/020    DATE  02/20

SKY COVER
POSSIBLE SUNSHINE (PERCENT)   MM
AVERAGE SKY COVER           0.30
NUMBER OF DAYS FAIR           16
NUMBER OF DAYS PC              7
NUMBER OF DAYS CLOUDY          5

AVERAGE RH (PERCENT)     62

WEATHER CONDITIONS. NUMBER OF DAYS WITH
THUNDERSTORM              0     MIXED PRECIP               0
HEAVY RAIN                0     RAIN                       0
LIGHT RAIN                4     FREEZING RAIN              0
LT FREEZING RAIN          0     HAIL                       1
HEAVY SNOW                0     SNOW                       4
LIGHT SNOW               10     SLEET                      0
FOG                      11     FOG W/VIS <= 1/4 MILE      0
HAZE                      3

-  INDICATES NEGATIVE NUMBERS.
R  INDICATES RECORD WAS SET OR TIED.
MM INDICATES DATA IS MISSING.
T  INDICATES TRACE AMOUNT.

$$

CORRECTION TO INCLUDE HAIL /SNOW PELLETS/ IN WEATHER CONDITIONS
