000
CXUS55 KPUB 012301
CLMPUB


CLIMATE REPORT
NATIONAL WEATHER SERVICE PUEBLO
457 PM MDT TUE AUG 1 2017

...................................

...THE PUEBLO CO CLIMATE SUMMARY FOR THE MONTH OF JULY 2017...

CLIMATE NORMAL PERIOD 1981 TO 2010
CLIMATE RECORD PERIOD 1888 TO 2017

WEATHER         OBSERVED          NORMAL  DEPART  LAST YEAR`S
                 VALUE   DATE(S)  VALUE   FROM    VALUE  DATE(S)
                                          NORMAL
................................................................
TEMPERATURE (F)
RECORD
 HIGH             109   07/13/2003
 LOW               41   07/04/1903
HIGHEST           103   07/19        92      11      105  07/10
LOWEST             53   07/01        57      -4       56  07/13
AVG. MAXIMUM     94.2              92.9     1.3     97.9
AVG. MINIMUM     61.3              58.7     2.6     62.8
MEAN             77.7              75.8     1.9     80.4
DAYS MAX >= 90     23              21.2     1.8
DAYS MAX <= 32      0               0.0     0.0
DAYS MIN <= 32      0               0.0     0.0
DAYS MIN <= 0       0               0.0     0.0

PRECIPITATION (INCHES)
RECORD
 MAXIMUM         6.72   1895
 MINIMUM         0.09   1987
TOTALS           3.08              2.06    1.02     1.05
DAILY AVG.       0.10              0.07    0.03
DAYS >= .01        11               9.1     1.9
DAYS >= .10         8               4.6     3.4
DAYS >= .50         1               1.2    -0.2
DAYS >= 1.00        0               0.5    -0.5
GREATEST
 24 HR. TOTAL    0.95   07/31

SNOWFALL (INCHES)
RECORDS
 TOTAL              T   2016
                        2013
                        2011
TOTALS            0.0               0.0     0.0        T
SINCE 7/1         0.0               0.0     0.0        T
SNOWDEPTH AVG.      0
DAYS >= 1.0         0               0.0     0.0
GREATEST
 SNOW DEPTH         0                                  0
 24 HR TOTAL      0.0   07/31                          T

DEGREE_DAYS
HEATING TOTAL       0                 1      -1        0
 SINCE 7/1          0                 1      -1        0
COOLING TOTAL     402               336      66      484
 SINCE 1/1        645               545     100      853
.................................................................

WIND (MPH)
AVERAGE WIND SPEED              7.6
HIGHEST WIND SPEED/DIRECTION    37/310    DATE  07/03
HIGHEST GUST SPEED/DIRECTION    50/320    DATE  07/03

SKY COVER
POSSIBLE SUNSHINE (PERCENT)   MM
AVERAGE SKY COVER           0.10
NUMBER OF DAYS FAIR           25
NUMBER OF DAYS PC              6
NUMBER OF DAYS CLOUDY          0

AVERAGE RH (PERCENT)     50

WEATHER CONDITIONS. NUMBER OF DAYS WITH
THUNDERSTORM             18     MIXED PRECIP               0
HEAVY RAIN                4     RAIN                       8
LIGHT RAIN               16     FREEZING RAIN              0
LT FREEZING RAIN          0     HAIL                       0
HEAVY SNOW                0     SNOW                       0
LIGHT SNOW                0     SLEET                      0
FOG                       7     FOG W/VIS <= 1/4 MILE      0
HAZE                      2

-  INDICATES NEGATIVE NUMBERS.
R  INDICATES RECORD WAS SET OR TIED.
MM INDICATES DATA IS MISSING.
T  INDICATES TRACE AMOUNT.

$$
