000
CXUS55 KPUB 011337
CLMPUB


CLIMATE REPORT
NATIONAL WEATHER SERVICE PUEBLO
637 AM MST SUN FEB 1 2015

...................................

...THE PUEBLO CO CLIMATE SUMMARY FOR THE MONTH OF JANUARY 2015...

CLIMATE NORMAL PERIOD 1981 TO 2010
CLIMATE RECORD PERIOD 1888 TO 2015

WEATHER         OBSERVED          NORMAL  DEPART  LAST YEAR`S
                 VALUE   DATE(S)  VALUE   FROM    VALUE  DATE(S)
                                          NORMAL
................................................................
TEMPERATURE (F)
RECORD
 HIGH              81   01/02/1997
 LOW              -29   01/28/1948
HIGHEST            73   01/27        47      26       69  01/19
LOWEST             -8   01/01        13     -21      -12  01/28
AVG. MAXIMUM     49.3              47.0     2.3     49.1
AVG. MINIMUM     17.7              14.0     3.7     13.0
MEAN             33.5              30.5     3.0     31.0
DAYS MAX >= 90      0               0.0     0.0
DAYS MAX <= 32      6               4.5     1.5
DAYS MIN <= 32     29              30.5    -1.5
DAYS MIN <= 0       3               2.9     0.1

PRECIPITATION (INCHES)
RECORD
 MAXIMUM         1.45   1948
 MINIMUM         0.00   1933
TOTALS           0.25              0.35   -0.10     0.45
DAILY AVG.       0.01              0.01    0.00
DAYS >= .01         5               4.0     1.0
DAYS >= .10         1               1.2    -0.2
DAYS >= .50         0               0.0     0.0
DAYS >= 1.00        0               0.0     0.0
GREATEST
 24 HR. TOTAL    0.17   01/21 TO 01/21

SNOWFALL (INCHES)
RECORDS
 TOTAL           20.0   1948
TOTALS            4.5               6.5    -2.0      7.8
SINCE 7/1        17.6              18.0    -0.4     13.7
SNOWDEPTH AVG.      0
DAYS >= 1.0         1               1.9    -0.9
GREATEST
 SNOW DEPTH         4   01/22                          3
 24 HR TOTAL      4.1   MM                           2.9

DEGREE_DAYS
HEATING TOTAL     967              1069    -102     1047
 SINCE 7/1       3198              3432    -234     3285
COOLING TOTAL       0                 0       0        0
 SINCE 1/1          0                 0       0        0
.................................................................

WIND (MPH)
AVERAGE WIND SPEED              6.8
HIGHEST WIND SPEED/DIRECTION    38/310    DATE  01/28
HIGHEST GUST SPEED/DIRECTION    43/320    DATE  01/28

SKY COVER
POSSIBLE SUNSHINE (PERCENT)   MM
AVERAGE SKY COVER           0.30
NUMBER OF DAYS FAIR           19
NUMBER OF DAYS PC              5
NUMBER OF DAYS CLOUDY          7

AVERAGE RH (PERCENT)     64

WEATHER CONDITIONS. NUMBER OF DAYS WITH
THUNDERSTORM              0     MIXED PRECIP               2
HEAVY RAIN                0     RAIN                       0
LIGHT RAIN                3     FREEZING RAIN              0
LT FREEZING RAIN          4     HAIL                       0
HEAVY SNOW                0     SNOW                       0
LIGHT SNOW                8     SLEET                      0
FOG                      10     FOG W/VIS <= 1/4 MILE      2
HAZE                      2

-  INDICATES NEGATIVE NUMBERS.
R  INDICATES RECORD WAS SET OR TIED.
MM INDICATES DATA IS MISSING.
T  INDICATES TRACE AMOUNT.

$$
