000
CXUS51 KBOX 021857
CLMPVD


CLIMATE REPORT
NATIONAL WEATHER SERVICE TAUNTON MA
232 PM EDT TUE JUN 2 2015

...................................

...THE PROVIDENCE RI CLIMATE SUMMARY FOR THE MONTH OF MAY 2015...

CLIMATE NORMAL PERIOD 1981 TO 2010
CLIMATE RECORD PERIOD 1904 TO 2015

WEATHER         OBSERVED          NORMAL  DEPART  LAST YEAR`S
                 VALUE   DATE(S)  VALUE   FROM    VALUE
                                          NORMAL
.............................................................
TEMPERATURE (F)
RECORD
 HIGH              96   05/26/2010
 LOW               29   05/09/1956
HIGHEST            86   05/11
                        05/10
LOWEST             37   05/02
AVG. MAXIMUM     75.0              68.4     6.6
AVG. MINIMUM     50.8              48.6     2.2
MEAN             62.9              58.5     4.4     59.1
DAYS MAX >= 90      0               0.5    -0.5
DAYS MAX <= 32      0               0.0     0.0
DAYS MIN <= 32      0               0.0     0.0
DAYS MIN <= 0       0               0.0     0.0

PRECIPITATION (INCHES)
RECORD
 MAXIMUM         10.58  1948
 MINIMUM         0.57   1939
TOTALS           3.69              3.55    0.14
DAYS >= .01         4              12.0    -8.0
DAYS >= .10         3               7.3    -4.3
DAYS >= .50         1               2.2    -1.2        1
DAYS >= 1.00        1               0.6     0.4
GREATEST
 24 HR. TOTAL    3.18   05/31 TO 05/31

SNOWFALL (INCHES)
RECORDS
 TOTAL            7.0   1977
 SNOW DEPTH         T   1917
                        1907
TOTALS            0.0               0.0     0.0
SINCE 7/1        76.2              33.8    42.4
SNOWDEPTH AVG.      0
DAYS >= 1.0         0               0.0     0.0
GREATEST
 SNOW DEPTH         0   MM
 24 HR TOTAL      0.0   05/31 TO 05/31

DEGREE_DAYS
HEATING TOTAL     122               225    -103
 SINCE 7/1       5948              5575     373
COOLING TOTAL      64                24      40
 SINCE 1/1         64                26      38
..............................................................

WIND (MPH)
AVERAGE WIND SPEED              9.5
RESULTANT WIND SPEED/DIRECTION   5/205
HIGHEST WIND SPEED/DIRECTION    30/020    DATE  05/31
HIGHEST GUST SPEED/DIRECTION    36/020    DATE  05/31

SKY COVER
POSSIBLE SUNSHINE (PERCENT)   MM
AVERAGE SKY COVER           0.50
NUMBER OF DAYS FAIR            5
NUMBER OF DAYS PC             21
NUMBER OF DAYS CLOUDY          5

AVERAGE RH (PERCENT)     64

WEATHER CONDITIONS. NUMBER OF DAYS WITH
THUNDERSTORM              0     MIXED PRECIP               0
HEAVY RAIN                2     RAIN                       2
LIGHT RAIN                6     FREEZING RAIN              0
LT FREEZING RAIN          0     HAIL                       0
HEAVY SNOW                0     SNOW                       0
LIGHT SNOW                0     SLEET                      0
FOG                      13     FOG W/VIS <= 1/4 MILE      3
HAZE                      1

-  INDICATES NEGATIVE NUMBERS.
R  INDICATES RECORD WAS SET OR TIED.
MM INDICATES DATA IS MISSING.
T  INDICATES TRACE AMOUNT.

$$
