000
CXUS51 KBOX 022253
CLMPVD


CLIMATE REPORT
NATIONAL WEATHER SERVICE TAUNTON MA
545 PM EST MON FEB 2 2015

...................................

...THE PROVIDENCE RI CLIMATE SUMMARY FOR THE MONTH OF JANUARY 2015...

CLIMATE NORMAL PERIOD 1981 TO 2010
CLIMATE RECORD PERIOD 1904 TO 2015

WEATHER         OBSERVED          NORMAL  DEPART  LAST YEAR`S
                 VALUE   DATE(S)  VALUE   FROM    VALUE
                                          NORMAL
.............................................................
TEMPERATURE (F)
RECORD
 HIGH              69   01/29/2002
                        01/14/1995
 LOW              -13   01/23/1976
HIGHEST            56   01/04
LOWEST              0   01/08
AVG. MAXIMUM     34.2              37.4    -3.2
AVG. MINIMUM     18.2              21.0    -2.8
MEAN             26.2              29.2    -3.0
DAYS MAX >= 90      0               0.0     0.0
DAYS MAX <= 32     11               9.7     1.3
DAYS MIN <= 32     29              26.8     2.2
DAYS MIN <= 0       1               0.7     0.3

PRECIPITATION (INCHES)
RECORD
 MAXIMUM        11.66   1979
 MINIMUM         0.50   1970
TOTALS           3.62              3.86   -0.24
DAYS >= .01        12              10.9     1.1
DAYS >= .10         7               6.5     0.5
DAYS >= .50         3               2.8     0.2
DAYS >= 1.00        0               1.0    -1.0
GREATEST
 24 HR. TOTAL    1.04   01/26 TO 01/27

SNOWFALL (INCHES)
RECORDS
 TOTAL           37.2   1996
 SNOW DEPTH        20   01/24/2005
TOTALS           25.6               9.0    16.6
SINCE 7/1        28.1              19.2     8.9
SNOWDEPTH AVG.      2
DAYS >= 1.0         5               2.8     2.2
GREATEST
 SNOW DEPTH        16   01/28
 24 HR TOTAL     16.0   01/27 TO 01/27

DEGREE_DAYS
HEATING TOTAL    1195              1110      85
 SINCE 7/1       3066              3137     -71
COOLING TOTAL       0                 0       0
 SINCE 1/1          0                 0       0
..............................................................

WIND (MPH)
AVERAGE WIND SPEED              9.9
RESULTANT WIND SPEED/DIRECTION   6/299
HIGHEST WIND SPEED/DIRECTION    38/360    DATE  01/27
HIGHEST GUST SPEED/DIRECTION    49/360    DATE  01/27

SKY COVER
POSSIBLE SUNSHINE (PERCENT)   MM
AVERAGE SKY COVER           0.50
NUMBER OF DAYS FAIR            9
NUMBER OF DAYS PC             12
NUMBER OF DAYS CLOUDY         10

AVERAGE RH (PERCENT)     62

WEATHER CONDITIONS. NUMBER OF DAYS WITH
THUNDERSTORM              0     MIXED PRECIP               0
HEAVY RAIN                1     RAIN                       5
LIGHT RAIN                8     FREEZING RAIN              1
LT FREEZING RAIN          2     HAIL                       0
HEAVY SNOW                1     SNOW                       5
LIGHT SNOW               15     SLEET                      3
FOG                      13     FOG W/VIS <= 1/4 MILE      2
HAZE                      4

-  INDICATES NEGATIVE NUMBERS.
R  INDICATES RECORD WAS SET OR TIED.
MM INDICATES DATA IS MISSING.
T  INDICATES TRACE AMOUNT.

$$

SIPPRELL
