000
CXUS51 KGYX 052351
CLMPWM

PWMCLMPWM 000
TTAA00 KGYX 050047


CLIMATE REPORT
NATIONAL WEATHER SERVICE GRAY ME
751 PM EST THU FEB 5 2015

...................................

...THE PORTLAND ME CLIMATE SUMMARY FOR THE MONTH OF JANUARY 2015...

CLIMATE NORMAL PERIOD 1981 TO 2010
CLIMATE RECORD PERIOD 1941 TO 2015 /FOR TEMPERATURES/
CLIMATE RECORD PERIOD 1871 TO 2015 /FOR PRECIPITATION/
CLIMATE RECORD PERIOD 1882 TO 2015 /FOR SNOWFALL/

WEATHER         OBSERVED          NORMAL  DEPART  LAST YEAR`S
                 VALUE   DATE(S)  VALUE   FROM    VALUE  DATE(S)
                                          NORMAL
................................................................
TEMPERATURE (F)
RECORD
 HIGH              67   01/06/2007
 LOW              -26   01/19/1971
HIGHEST            49   01/19        50      -1       51  01/12
                        01/18
LOWEST             -9   01/08        -7      -2      -14  01/04
AVG. MAXIMUM     30.5              31.2    -0.7     30.2
AVG. MINIMUM     11.6              13.4    -1.8     12.6
MEAN             21.1              22.3    -1.2     21.4
DAYS MAX >= 90      0               0.0     0.0        0
DAYS MAX <= 32     19              16.3     2.7       18
DAYS MIN <= 32     30              29.6     0.4       29
DAYS MIN <= 0       5               3.9     1.1        6

PRECIPITATION (INCHES)
RECORD
 MAXIMUM        12.29   1935
 MINIMUM         0.28   2004
TOTALS           4.67              3.38    1.29     4.05
DAILY AVG.       0.15              0.11    0.04     0.13
DAYS >= .01        12              11.1     0.9       12
DAYS >= .10         8               6.6     1.4        6
DAYS >= .50         1               2.4    -1.4        3
DAYS >= 1.00        1               0.8     0.2        1
GREATEST
 24 HR. TOTAL    2.37   01/27

SNOWFALL (INCHES)
RECORDS
 TOTAL           62.4   1979
TOTALS           40.7              19.2    21.5     17.6
SINCE 7/1        54.6              34.3    20.3
SNOWDEPTH AVG.      5
DAYS >= TRACE      16               7.9     8.1
DAYS >= 1.0         8               4.8     3.2
GREATEST
 SNOW DEPTH        18   01/31
 24 HR TOTAL     22.2   01/27

DEGREE_DAYS
HEATING TOTAL    1355              1324      31     1342
 SINCE 7/1       3627              3936    -309     4044
COOLING TOTAL       0                 0       0        0
 SINCE 1/1          0                 0       0        0
.................................................................

WIND (MPH)
AVERAGE WIND SPEED              8.9
HIGHEST WIND SPEED/DIRECTION    39/290    DATE  01/05
HIGHEST GUST SPEED/DIRECTION    51/280    DATE  01/05

SKY COVER
AVERAGE SKY COVER           0.50

AVERAGE RH (PERCENT)     62

WEATHER CONDITIONS. NUMBER OF DAYS WITH
THUNDERSTORM              0     HEAVY RAIN                 0
RAIN                      2     LIGHT RAIN                 3
FREEZING RAIN             1     LT FREEZING RAIN           1
HEAVY SNOW                1     SNOW                       4
LIGHT SNOW               11     FOG                       13
FOG W/VIS <= 1/4 MILE     2     HAZE                      12

-  INDICATES NEGATIVE NUMBERS.
R  INDICATES RECORD WAS SET OR TIED.
MM INDICATES DATA IS MISSING.
T  INDICATES TRACE AMOUNT.

&&

JANUARY 2015 WILL LIKELY BE REMEMBERED AS BEING COLD AND SNOWY. IT
MARKED THE SECOND STRAIGHT JANUARY WITH BELOW NORMAL TEMPERATURES,
INCLUDING 5 DAYS BELOW ZERO. THERE WERE ALSO SEVERAL ROUNDS OF SNOW,
ESPECIALLY TOWARD THE END OF THE MONTH WHEN A NEW STORM SYSTEM WOULD
BRING SNOW SEEMINGLY EVERY OTHER DAY. THE BIGGEST EVENT OF THE MONTH
WAS WITHOUT DOUBT THE BLIZZARD WHICH BROUGHT 23.8 INCHES OF SNOW TO
PORTLAND ON THE 27 AND 28. STRONG WINDS AND COLD TEMPERATURES
COMBINED TO MAKE CONDITIONS DOWNRIGHT BRUTAL.

THE AVERAGE TEMPERATURE FOR THE MONTH WAS 21.1 DEGREES WHICH WAS 1.2
DEGREES BELOW NORMAL. JANUARY 2015 BARELY EDGE OUT LAST YEAR AS THE
COLDEST JANUARY SINCE 2009. THE COLDEST JANUARY ON RECORD WAS 1971
WHEN THE AVERAGE TEMPERATURE WAS ONLY 12.2 DEGREES. THE WARMEST WAS
2002 WITH AN AVERAGE OF 30.4 DEGREES.

A TOTAL OF 4.67 INCHES OF PRECIPITATION FELL DURING THE MONTH. THIS
WAS 1.29 INCHES ABOVE NORMAL AND THE WETTEST JANUARY SINCE 1999.
MORE THAN HALF OF THE PRECIPITATION FOR THE MONTH FELL DURING THE
BLIZZARD WHICH BROUGHT HEAVY SNOW ON THE 27 AND 28 OF THE MONTH. THE
WETTEST JANUARY ON RECORD WAS 1935 WHEN 12.29 INCHES OF
PRECIPITATION FELL. THE DRIEST WAS 2004 WITH ONLY 0.28 INCHES.

40.7 INCHES OF SNOWFALL WAS MEASURED AT PORTLAND WHICH IS 21.5
INCHES ABOVE NORMAL. IT WAS THE SNOWIEST JANUARY SINCE 1987 AND THE
8TH SNOWIEST ON RECORD. MORE THAN HALF OF THE TOTAL SNOWFALL FOR THE
MONTH FELL DURING THE BLIZZARD ON THE 27 AND 28. SNOW WAS OBSERVED
ON HALF OF THE DAYS IN THE MONTH (16) WHICH IS DOUBLE THE NORMAL
NUMBER OF DAYS WITH SNOW. THE SNOWIEST JANUARY ON RECORD WAS 1979
WHEN 62.4 INCHES FELL. THE LEAST SNOWY JANUARY WAS 1908 WHEN ONLY
1.6 INCHES WAS OBSERVED. THE FOLLOWING TABLE LISTS THE TOP 10 MOST
SNOWFALL FOR JANUARY.

MOST SNOWFALL IN JANUARY (RECORDS BEGAN 1882)
RANK   SNOWFALL  YEAR
1      62.4      1979
2      59.0      1935
3      52.7      1923
4      50.7      1987
5      43.2      1905
6      41.6      1898
       41.6      1888
8      40.7      2015 <===
9      40.1      1882
10     39.3      1994

THE FOLLOWING DAILY RECORDS WERE SET OR TIED IN JANUARY 2015...
DATE  RECORD                              PREVIOUS
19    42   - WARMEST AVERAGE TEMPERATURE  42 IN 1996 /TIED/
27    2.37 - GREATEST PRECIPITATION       1.77 IN 1880
27    22.2 - GREATEST SNOWFALL            8.0 IN 1963

$$

KIMBLE
