000
CXUS56 KSTO 012013
CLMRDD


CLIMATE REPORT
NATIONAL WEATHER SERVICE SACRAMENTO, CA
113 PM PDT FRI AUG 1 2014

...................................

...THE REDDING AIRPORT CA CLIMATE SUMMARY FOR THE MONTH OF JULY 2014...

CLIMATE NORMAL PERIOD 1981 TO 2010
CLIMATE RECORD PERIOD 1986 TO 2014

WEATHER         OBSERVED          NORMAL  DEPART  LAST YEAR`S
                 VALUE   DATE(S)  VALUE   FROM    VALUE
                                          NORMAL
.............................................................
TEMPERATURE (F)
RECORD
 HIGH             118   07/20/1988
 LOW               53   07/08/2000
HIGHEST           111   07/14        MM      MM
LOWEST             60   07/05        MM      MM
AVG. MAXIMUM    100.6              98.4     2.2
AVG. MINIMUM     68.0              66.0     2.0
MEAN             84.3              82.2     2.1
DAYS MAX >= 90     29              27.5     1.5
DAYS MAX <= 32      0               0.0     0.0
DAYS MIN <= 32      0               0.0     0.0
DAYS MIN <= 0       0               0.0     0.0

PRECIPITATION (INCHES)
RECORD
 MAXIMUM         1.15   2007
 MINIMUM         0.00   2012
                        2010
                        2009
TOTALS           0.09              0.09    0.00        T
DAYS >= .01         3
DAYS >= .10         0
DAYS >= .50         0
DAYS >= 1.00        0

SNOWFALL (INCHES)
RECORDS
 TOTAL             MM   MM
 24 HR TOTAL       MM
TOTALS            0.0                MM      MM
 LIQUID EQUIV    0.00                MM      MM
SINCE 7/1         0.0                MM      MM
 LIQUID 7/1      0.00
DAYS >= TRACE       0                MM      MM
DAYS >= 1.0         0                MM      MM
GREATEST
 SNOW DEPTH         0   MM
 24 HR TOTAL      0.0   07/31 TO 07/31
 STORM TOTAL       MM
 (MM/DD(HH))            MM

DEGREE_DAYS
HEATING TOTAL       0                 0       0
 SINCE 7/1          0                 0       0
COOLING TOTAL     607               533      74
 SINCE 1/1       1239              1036     203

FREEZE DATES
RECORD
 EARLIEST     MM
 LATEST       MM
EARLIEST                        MM
LATEST                          MM
..............................................................

WIND (MPH)
AVERAGE WIND SPEED              5.7
HIGHEST WIND SPEED/DIRECTION    29/180    DATE  07/20
HIGHEST GUST SPEED/DIRECTION    35/170    DATE  07/20

SKY COVER
POSSIBLE SUNSHINE (PERCENT)   MM
AVERAGE SKY COVER           0.00
NUMBER OF DAYS FAIR           31
NUMBER OF DAYS PC              0
NUMBER OF DAYS CLOUDY          0

AVERAGE RH (PERCENT)     36

WEATHER CONDITIONS. NUMBER OF DAYS WITH
THUNDERSTORM              0     MIXED PRECIP               0
HEAVY RAIN                0     RAIN                       0
LIGHT RAIN                2     FREEZING RAIN              0
LT FREEZING RAIN          0     HAIL                       0
HEAVY SNOW                0     SNOW                       0
LIGHT SNOW                0     SLEET                      0
FOG                       0     FOG W/VIS <= 1/4 MILE      0
HAZE                      3

-  INDICATES NEGATIVE NUMBERS.
R  INDICATES RECORD WAS SET OR TIED.
MM INDICATES DATA IS MISSING.
T  INDICATES TRACE AMOUNT.

$$
