000
CXUS51 KPHI 011321
CLMRDG


CLIMATE REPORT
NATIONAL WEATHER SERVICE MOUNT HOLLY NJ
911 AM EDT SAT NOV 1 2014

...................................

...THE READING CLIMATE SUMMARY FOR THE MONTH OF OCTOBER 2014...

CLIMATE NORMAL PERIOD 1981 TO 2010
CLIMATE RECORD PERIOD 1869 TO 2014

WEATHER         OBSERVED          NORMAL  DEPART  LAST YEAR`S
                 VALUE   DATE(S)  VALUE   FROM    VALUE  DATE(S)
                                          NORMAL
................................................................
TEMPERATURE (F)
RECORD
 HIGH              94   10/05/1941
 LOW               20   10/28/1976
                        10/24/1969
HIGHEST            79                MM      MM       87
LOWEST             34                MM      MM       31
AVG. MAXIMUM     66.8              64.2     2.6     67.5
AVG. MINIMUM     47.5              43.2     4.3     47.0
MEAN             57.2              53.7     3.5     57.2
DAYS MAX >= 90      0               0.0     0.0        0
DAYS MAX <= 32      0               0.0     0.0        0
DAYS MIN <= 32      0               1.5    -1.5        3
DAYS MIN <= 0       0               0.0     0.0        0

PRECIPITATION (INCHES)
RECORD
 MAXIMUM        11.66   2005
 MINIMUM         0.04   1924
TOTALS           4.44              3.22    1.22     4.77
DAILY AVG.       0.14              0.10    0.04     0.15
DAYS >= .01        12                MM      MM        8
DAYS >= .10         6                MM      MM        5
DAYS >= .50         1                MM      MM        3
DAYS >= 1.00        1                MM      MM        2
GREATEST
 24 HR. TOTAL    3.08   10/15 TO 10/16              2.97

SNOWFALL (INCHES)
RECORDS
 TOTAL             MM   5
 24 HR TOTAL       MM
TOTALS             MM                MM      MM       MM
SINCE 7/1          MM                MM      MM       MM
SNOWDEPTH AVG.     MM                MM      MM       MM
DAYS >= 1.0         0                MM      MM        0
GREATEST
 SNOW DEPTH        MM                                 MM  MM
 24 HR TOTAL       MM                                 MM

DEGREE_DAYS
HEATING TOTAL     248               359    -111      275
 SINCE 7/1        303               438    -135      365
COOLING TOTAL      16                 9       7       42
 SINCE 1/1        962               896      66     1124
.................................................................

WIND (MPH)
AVERAGE WIND SPEED              6.5
HIGHEST WIND SPEED/DIRECTION    28/320    DATE  10/26
HIGHEST GUST SPEED/DIRECTION    35/290    DATE  10/19

SKY COVER
POSSIBLE SUNSHINE (PERCENT)   MM
AVERAGE SKY COVER           0.50
NUMBER OF DAYS FAIR            9
NUMBER OF DAYS PC             16
NUMBER OF DAYS CLOUDY          6

AVERAGE RH (PERCENT)     68

WEATHER CONDITIONS. NUMBER OF DAYS WITH
THUNDERSTORM              0     MIXED PRECIP               0
HEAVY RAIN                3     RAIN                       5
LIGHT RAIN               16     FREEZING RAIN              0
LT FREEZING RAIN          0     HEAVY SNOW                 0
SNOW                      0     LIGHT SNOW                 0
SLEET                     0     FOG                       18
FOG W/VIS <= 1/4 MILE     6     HAZE                       1

-  INDICATES NEGATIVE NUMBERS.
R  INDICATES RECORD WAS SET OR TIED.
MM INDICATES DATA IS MISSING.
T  INDICATES TRACE AMOUNT.

$$
