000
CXUS55 KREV 010857
CLMRNO

CLIMATE REPORT
NATIONAL WEATHER SERVICE RENO NV
149 AM PDT SAT OCT 1 2016

...................................

...THE RENO TAHOE AIRPORT NV CLIMATE SUMMARY FOR THE MONTH OF
SEPTEMBER 2016...

THE AVERAGE TEMPERATURE FOR SEPTEMBER 2016 AT THE RENO TAHOE
INTERNATIONAL AIRPORT WAS 66.5 DEGREES WHICH IS 1.3 DEGREES ABOVE
NORMAL. THE HIGHEST TEMPERATURE FOR SEPTEMBER WAS 93 DEGREES WHICH
OCCURRED ON THE 18TH. THE LOWEST TEMPERATURE FOR THE MONTH WAS 42
DEGREES WHICH WAS RECORDED ON THE 23RD.

FOR SEPTEMBER 2016 A TRACE OF PRECIPITATION WAS RECORDED AT THE RENO
TAHOE INTERNATIONAL AIRPORT. THIS IS 0.35 INCHES BELOW NORMAL.

THE AVERAGE WIND SPEED FOR THE MONTH WAS 5.5 MPH. THE PEAK WIND GUST
FOR THE MONTH WAS 46 MPH FROM THE SOUTH WHICH OCCURRED ON THE 21ST.

CLIMATE NORMAL PERIOD 1981 TO 2010
CLIMATE RECORD PERIOD 1888 TO 2016

WEATHER         OBSERVED          NORMAL  DEPART
                 VALUE   DATE(S)  VALUE   FROM
                                          NORMAL
................................................
TEMPERATURE (F)
RECORD
 HIGH             101   09/02/1950
 LOW               20   09/19/1965
                        09/18/1965
HIGHEST            93   09/18       101      -8
LOWEST             42   09/23        20      22
AVG. MAXIMUM     83.1              82.0     1.1
AVG. MINIMUM     49.9              48.5     1.4
MEAN             66.5              65.2     1.3
DAYS MAX >= 90      6               5.8     0.2
DAYS MAX <= 32      0               0.0     0.0
DAYS MIN <= 32      0               0.1    -0.1
DAYS MIN <= 0       0               0.0     0.0

PRECIPITATION (INCHES)
RECORD
 MAXIMUM         2.41   1918
 MINIMUM         0.00   2010
                        2006
                        1974
TOTALS              T              0.35   -0.35
DAILY AVG.          T              0.01   -0.01
DAYS >= .01         0               2.9    -2.9
DAYS >= .10         0               1.0    -1.0
DAYS >= .50         0               0.1    -0.1
DAYS >= 1.00        0               0.0     0.0
GREATEST
 24 HR. TOTAL       T   09/22 TO 09/22
                        09/12 TO 09/13
                        09/13 TO 09/13
 STORM TOTAL       MM
 (MM/DD(HH))            MM

SNOWFALL (INCHES)
RECORDS
 TOTAL            1.5   5
                        0
 24 HR TOTAL       MM
TOTALS            0.0               0.1    -0.1
 LIQUID EQUIV    0.00              0.00    0.00
SINCE 7/1         0.0               0.1    -0.1
 LIQUID 7/1      0.00
DAYS >= TRACE       0               0.1    -0.1
DAYS >= 1.0         0               0.0     0.0
GREATEST
 SNOW DEPTH         0   MM
 24 HR TOTAL      0.0   09/30 TO 09/30
 STORM TOTAL       MM
 (MM/DD(HH))            MM

DEGREE_DAYS
HEATING TOTAL      43                80     -37
 SINCE 7/1         43                90     -47
COOLING TOTAL      95                88       7
 SINCE 1/1       1088               834     254

FREEZE DATES
RECORD
 EARLIEST     08/23/1973
 LATEST       06/27/1974
EARLIEST                        10/03
LATEST                          05/21
.................................................

WIND (MPH)
AVERAGE WIND SPEED              5.5
HIGHEST WIND SPEED/DIRECTION    38/190    DATE  09/21
HIGHEST GUST SPEED/DIRECTION    46/180    DATE  09/21

AVERAGE RH (PERCENT)     31

WEATHER CONDITIONS. NUMBER OF DAYS WITH
THUNDERSTORM              0     MIXED PRECIP               0
HEAVY RAIN                0     RAIN                       0
LIGHT RAIN                2     FREEZING RAIN              0
LT FREEZING RAIN          0     HAIL                       0
HEAVY SNOW                0     SNOW                       0
LIGHT SNOW                0     SLEET                      0
FOG                       0     FOG W/VIS <= 1/4 MILE      0
HAZE                      1

-  INDICATES NEGATIVE NUMBERS.
R  INDICATES RECORD WAS SET OR TIED.
MM INDICATES DATA IS MISSING.
T  INDICATES TRACE AMOUNT.

$$
