000
CXUS55 KCYS 012039 CCA
CLMRWL


CLIMATE REPORT...CORRECTED
NATIONAL WEATHER SERVICE CHEYENNE WY
139 PM MST THU FEB 1 2018

...................................

...THE RAWLINS WY AIRPORT CLIMATE SUMMARY FOR THE MONTH OF JANUARY 2018...

CLIMATE NORMAL PERIOD 1981 TO 2010
CLIMATE RECORD PERIOD 1951 TO 2018

WEATHER         OBSERVED          NORMAL  DEPART  LAST YEAR`S
                 VALUE   DATE(S)  VALUE   FROM    VALUE
                                          NORMAL
.............................................................
TEMPERATURE (F)
RECORD
 HIGH              56   01/23/1981
                        01/11/1953
 LOW              -36   01/19/1963
HIGHEST            48   01/19        MM      MM       41
                        01/09
LOWEST             -3   01/16        11     -14      -32
                        01/02
AVG. MAXIMUM     37.8              31.3     6.5     27.6
AVG. MINIMUM     19.1              11.9     7.2     10.0
MEAN             28.4              21.6     6.8     18.8
DAYS MAX >= 90      0               0.0                0
DAYS MAX <= 32      6              15.4               20
DAYS MIN <= 32     28              30.4               31
DAYS MIN <= 0       2               4.6                7

PRECIPITATION (INCHES)
RECORD
 MAXIMUM         1.90   1980
 MINIMUM         0.01   2007
                        2006
                        2001
TOTALS           0.16              0.36   -0.20     1.05
DAYS >= .01         1               5.6    -4.6       11
DAYS >= .10         1               1.2    -0.2        3
DAYS >= .50         0               0.0     0.0        0
DAYS >= 1.00        0               0.0     0.0        0
GREATEST
 24 HR. TOTAL    0.16   01/20 TO 01/20

DEGREE_DAYS
HEATING TOTAL    1127              1345    -218     1426
 SINCE 7/1       4158              4799    -641     4514
COOLING TOTAL       0                 0       0        0
 SINCE 1/1          0                 0       0        0
..............................................................

WIND (MPH)
AVERAGE WIND SPEED              15.4
HIGHEST WIND SPEED/DIRECTION    41/220    DATE  01/09
HIGHEST GUST SPEED/DIRECTION    53/220    DATE  01/11

SKY COVER
POSSIBLE SUNSHINE (PERCENT)    0
AVERAGE SKY COVER           0.30
NUMBER OF DAYS FAIR           19
NUMBER OF DAYS PC             11
NUMBER OF DAYS CLOUDY          1

AVERAGE RH (PERCENT)     59

WEATHER CONDITIONS. NUMBER OF DAYS WITH
THUNDERSTORMS  0MIXED PRECIP0
HEAVY RAIN  0RAIN0
LIGHT RAIN  0FREEZING RAIN0
LT FREEZING RAI  0HAIL0
HEAVY SNOW  0SNOW1
LIGHT SNOW 14SLEET0
FOG    6FOG W/VIS <= 1/4 MILE   1
HAZE                  1

-  INDICATES NEGATIVE NUMBERS.
R  INDICATES RECORD WAS SET OR TIED.
MM INDICATES DATA IS MISSING.
T  INDICATES TRACE AMOUNT.

$$
