000
CXUS56 KSTO 011947
CLMSCK


CLIMATE REPORT
NATIONAL WEATHER SERVICE SACRAMENTO, CA
1246 PM PDT TUE NOV 1 2016

...................................

...THE STOCKTON AIRPORT CA CLIMATE SUMMARY FOR THE MONTH OF OCTOBER 2016...

CLIMATE NORMAL PERIOD 1981 TO 2010
CLIMATE RECORD PERIOD 1948 TO 2016

WEATHER         OBSERVED          NORMAL  DEPART  LAST YEAR`S
                 VALUE   DATE(S)  VALUE   FROM    VALUE
                                          NORMAL
.............................................................
TEMPERATURE (F)
RECORD
 HIGH             101   10/02/2012
                        10/04/1980
                        10/03/1980
 LOW               33   10/31/1972
HIGHEST            92   10/09        MM      MM
LOWEST             44   10/03        MM      MM
AVG. MAXIMUM     76.5              77.9    -1.4
AVG. MINIMUM     51.1              49.7     1.4
MEAN             63.8              63.8     0.0
DAYS MAX >= 90      2               1.9     0.1
DAYS MAX <= 32      0               0.0     0.0
DAYS MIN <= 32      0               0.0     0.0
DAYS MIN <= 0       0               0.0     0.0

PRECIPITATION (INCHES)
RECORD
 MAXIMUM         2.97   1945
 MINIMUM         0.00   2013
                        1978
TOTALS           2.39              0.82    1.57     0.20
DAYS >= .01        10
DAYS >= .10         5
DAYS >= .50         1
DAYS >= 1.00        0

SNOWFALL (INCHES)
RECORDS
 TOTAL             MM   MM
 24 HR TOTAL       MM
TOTALS            0.0               0.0     0.0
 LIQUID EQUIV    0.00              0.00    0.00
SINCE 7/1         0.0               0.0     0.0
 LIQUID 7/1      0.00
DAYS >= TRACE       0               0.0     0.0
DAYS >= 1.0         0               0.0     0.0
GREATEST
 SNOW DEPTH         0   MM
 24 HR TOTAL      0.0   10/30 TO 10/30
 STORM TOTAL       MM
 (MM/DD(HH))            MM

DEGREE_DAYS
HEATING TOTAL      52                91     -39
 SINCE 7/1         56                97     -41
COOLING TOTAL      23                54     -31
 SINCE 1/1       1445              1320     125

FREEZE DATES
RECORD
 EARLIEST     MM
 LATEST       MM
EARLIEST                        MM
LATEST                          MM
..............................................................

WIND (MPH)
AVERAGE WIND SPEED              6.0
HIGHEST WIND SPEED/DIRECTION    31/260    DATE  10/16
HIGHEST GUST SPEED/DIRECTION    36/260    DATE  10/16

SKY COVER
POSSIBLE SUNSHINE (PERCENT)   MM
AVERAGE SKY COVER           0.20
NUMBER OF DAYS FAIR           22
NUMBER OF DAYS PC              6
NUMBER OF DAYS CLOUDY          3

AVERAGE RH (PERCENT)     64

WEATHER CONDITIONS. NUMBER OF DAYS WITH
THUNDERSTORM              0     MIXED PRECIP               0
HEAVY RAIN                3     RAIN                       4
LIGHT RAIN               11     FREEZING RAIN              0
LT FREEZING RAIN          0     HAIL                       0
HEAVY SNOW                0     SNOW                       0
LIGHT SNOW                0     SLEET                      0
FOG                      11     FOG W/VIS <= 1/4 MILE      2
HAZE                     10

-  INDICATES NEGATIVE NUMBERS.
R  INDICATES RECORD WAS SET OR TIED.
MM INDICATES DATA IS MISSING.
T  INDICATES TRACE AMOUNT.

$$
