000
CXUS53 KSGF 010631
CLMSGF


CLIMATE REPORT
NATIONAL WEATHER SERVICE SPRINGFIELD MO
131 AM CDT SUN OCT 1 2017

...................................

...THE SPRINGFIELD MO CLIMATE SUMMARY FOR THE MONTH OF SEPTEMBER 2017...

CLIMATE NORMAL PERIOD 1981 TO 2010
CLIMATE RECORD PERIOD 1888 TO 2017

WEATHER         OBSERVED          NORMAL  DEPART
                 VALUE   DATE(S)  VALUE   FROM
                                          NORMAL
................................................
TEMPERATURE (F)
RECORD
 HIGH             104   09/07/1947
                        09/04/1947
 LOW               30   09/27/1942
HIGHEST            93   09/21        80      13
                        09/20
LOWEST             48   09/06        58     -10
AVG. MAXIMUM     83.5              80.3     3.2
AVG. MINIMUM     60.0              57.7     2.3
MEAN             71.8              69.0     2.8
DAYS MAX >= 90      8               3.0     5.0
DAYS MAX <= 32      0               0.0     0.0
DAYS MIN <= 32      0               0.0     0.0
DAYS MIN <= 0       0               0.0     0.0

PRECIPITATION (INCHES)
RECORD
 MAXIMUM        17.46   1993
 MINIMUM         0.05   1928
TOTALS           0.59              4.61   -4.02
DAILY AVG.       0.02              0.15   -0.13
DAYS >= .01         3               7.6    -4.6
DAYS >= .10         2               5.3    -3.3
DAYS >= .50         0               2.6    -2.6
DAYS >= 1.00        0               1.6    -1.6
GREATEST
 24 HR. TOTAL    0.43   09/17 TO 09/17

SNOWFALL (INCHES)
TOTALS            0.0
SINCE 7/1         0.0
DAYS >= TRACE       0

DEGREE_DAYS
HEATING TOTAL       8                53     -45
 SINCE 7/1          8                55     -47
COOLING TOTAL     218               173      45
 SINCE 1/1       1376              1359      17
.................................................

WIND (MPH)
AVERAGE WIND SPEED              7.6
HIGHEST WIND SPEED/DIRECTION    25/310    DATE  09/16
HIGHEST GUST SPEED/DIRECTION    36/320    DATE  09/16

SKY COVER
POSSIBLE SUNSHINE (PERCENT)   MM
AVERAGE SKY COVER           0.10
NUMBER OF DAYS FAIR           27
NUMBER OF DAYS PC              2
NUMBER OF DAYS CLOUDY          1

AVERAGE RH (PERCENT)     69

WEATHER CONDITIONS. NUMBER OF DAYS WITH
THUNDERSTORM              0     MIXED PRECIP               0
HEAVY RAIN                0     RAIN                       1
LIGHT RAIN                5     FREEZING RAIN              0
LT FREEZING RAIN          0     HAIL                       0
HEAVY SNOW                0     SNOW                       0
LIGHT SNOW                0     SLEET                      0
FOG                       6     FOG W/VIS <= 1/4 MILE      0
HAZE                      1

-  INDICATES NEGATIVE NUMBERS.
R  INDICATES RECORD WAS SET OR TIED.
MM INDICATES DATA IS MISSING.
T  INDICATES TRACE AMOUNT.

$$
