000
CXUS54 KSJT 011739
CLMSJT

CLIMATE REPORT
NATIONAL WEATHER SERVICE SAN ANGELO TX
1053 AM CST SUN JAN 1 2017

...................................

...THE SAN ANGELO CLIMATE SUMMARY FOR THE MONTH OF DECEMBER 2016...

CLIMATE NORMAL PERIOD 1981 TO 2010
CLIMATE RECORD PERIOD 1907 TO 2016

WEATHER         OBSERVED          NORMAL  DEPART  LAST YEAR`S
                 VALUE   DATE(S)  VALUE   FROM    VALUE  DATE(S)
                                          NORMAL
................................................................
TEMPERATURE (F)
RECORD
 HIGH              91   12/04/1954
 LOW               -4   12/23/1989
HIGHEST            84   12/28                         87  12/11
                        12/17
LOWEST             17   12/18                         22  12/18
AVG. MAXIMUM     61.5              59.9     1.6     66.7
AVG. MINIMUM     37.5              33.6     3.9     35.5
MEAN             49.5              46.7     2.8     51.1
DAYS MAX >= 90      0               0.0     0.0        0
DAYS MAX <= 32      1               0.6     0.4        0
DAYS MIN <= 32      9              13.6    -4.6       11
DAYS MIN <= 0       0               0.1    -0.1        0

PRECIPITATION (INCHES)
RECORD
 MAXIMUM         5.96   1911
 MINIMUM            T   2003
                        1973
                        1968
TOTALS           0.74              0.85   -0.11     2.26
DAILY AVG.       0.02              0.03   -0.01     0.07
DAYS >= .01         5               4.5     0.5        4
DAYS >= .10         2               1.9     0.1        3
DAYS >= .50         0               0.4    -0.4        1
DAYS >= 1.00        0               0.1    -0.1        1
GREATEST
 24 HR. TOTAL    0.39   12/03 TO 12/04           12/26 TO 12/27

SNOWFALL (INCHES)
RECORDS
 TOTAL            3.7   1986
TOTALS              T               0.3    -0.3      3.1
SINCE 7/1           T               0.6    -0.6      3.1
SNOWDEPTH AVG.      0                MM      MM        0
DAYS >= 1.0         0               0.1    -0.1        1
GREATEST
 SNOW DEPTH         0   MM                             2  12/28

DEGREE_DAYS
HEATING TOTAL     474               567     -93      420
 SINCE 7/1        642               967    -325      706
COOLING TOTAL       1                 1       0        0
 SINCE 1/1       2830              2503     327     2928
........................................................

WIND (MPH)
AVERAGE WIND SPEED              8.7
HIGHEST WIND SPEED/DIRECTION    31/170    DATE  12/25
HIGHEST GUST SPEED/DIRECTION    44/160    DATE  12/25

SKY COVER
AVERAGE SKY COVER           0.40

AVERAGE RH (PERCENT)     67

WEATHER CONDITIONS. NUMBER OF DAYS WITH
THUNDERSTORM              0     MIXED PRECIP               0
HEAVY RAIN                2     RAIN                       2
LIGHT RAIN                6     FREEZING RAIN              0
LT FREEZING RAIN          0     HAIL                       0
HEAVY SNOW                0     SNOW                       0
LIGHT SNOW                0     SLEET                      1
FOG                      10     FOG W/VIS <= 1/4 MILE      1
HAZE                      4

-  INDICATES NEGATIVE NUMBERS.
R  INDICATES RECORD WAS SET OR TIED.
MM INDICATES DATA IS MISSING.
T  INDICATES TRACE AMOUNT.

$$
