000
CXUS45 KSLC 020036
CLMSLC

SLCCLMSLC 000
TTAA00 KSLC 020034

CLIMATE REPORT
NATIONAL WEATHER SERVICE SALT LAKE CITY UT
533 PM MST THU FEB 1 2018

...................................

...THE SALT LAKE CITY UT CLIMATE SUMMARY FOR THE MONTH OF JANUARY 2018...

CLIMATE NORMAL PERIOD 1981 TO 2010
CLIMATE RECORD PERIOD 1874 TO 2018

WEATHER         OBSERVED          NORMAL  DEPART  LAST YEAR`S
                 VALUE   DATE(S)  VALUE   FROM    VALUE  DATE(S)
                                          NORMAL
................................................................
TEMPERATURE (F)
RECORD
 HIGH              63   01/31/2003
 LOW              -22   01/25/1949
HIGHEST            59   01/30                         50  01/09
                                                          01/08
LOWEST             19   01/04                         -6  01/07
AVG. MAXIMUM     47.8              37.4    10.4     33.5
AVG. MINIMUM     30.2              21.6     8.6     20.8
MEAN             39.0              29.5     9.5     27.1
DAYS MAX >= 90      0               0.0     0.0        0
DAYS MAX <= 32      0               8.6    -8.6       16
DAYS MIN <= 32     20              27.4    -7.4       28
DAYS MIN <= 0       0               0.4    -0.4        2

PRECIPITATION (INCHES)
TOTALS           0.82              1.25   -0.43     1.97
DAYS >= .01         8              10.1    -2.1       16
DAYS >= .10         3               3.9    -0.9        7
DAYS >= .50         0               0.4    -0.4        1
DAYS >= 1.00        0               0.0     0.0        0

SNOWFALL (INCHES)
TOTALS            9.6              12.5    -2.9     23.2
SINCE 7/1        17.3              34.7             40.0

DEGREE_DAYS
HEATING TOTAL     797              1100    -303     1167
 SINCE 7/1       2804              3394    -590     3059
COOLING TOTAL       0                 0       0        0
 SINCE 1/1          0                 0       0        0
.................................................................

WIND (MPH)
AVERAGE WIND SPEED              6.3
HIGHEST WIND SPEED/DIRECTION    30/170    DATE  01/25
HIGHEST GUST SPEED/DIRECTION    39/170    DATE  01/25


WEATHER CONDITIONS. NUMBER OF DAYS WITH
THUNDERSTORM              0     RAIN                       4
HAIL                      0     SNOW                       5
FOG                      17     FOG W/VIS <= 1/4 MILE      2
HAZE                     13

-  INDICATES NEGATIVE NUMBERS.
R  INDICATES RECORD WAS SET OR TIED.
MM INDICATES DATA IS MISSING.
T  INDICATES TRACE AMOUNT.

$$
