000
CXUS56 KPQR 011507
CLMSLE


CLIMATE REPORT
NATIONAL WEATHER SERVICE PORTLAND OREGON
807 AM PDT SAT AUG 1 2015

...................................

...THE SALEM OR CLIMATE SUMMARY FOR THE MONTH OF JULY 2015...

CLIMATE NORMAL PERIOD 1981 TO 2010
CLIMATE RECORD PERIOD 1892 TO 2015

WEATHER         OBSERVED          NORMAL  DEPART  LAST YEAR`S
                 VALUE   DATE(S)  VALUE   FROM    VALUE  DATE(S)
                                          NORMAL
................................................................
TEMPERATURE (F)
HIGHEST           105                                 99  07/01
LOWEST             50                                 52  07/10
AVG. MAXIMUM     88.4              82.0     6.4     87.2
AVG. MINIMUM     57.9              53.1     4.8     57.8
MEAN             73.1              67.6     5.5     72.5
DAYS MAX >= 90     12               5.4     6.6       14
DAYS MAX <= 32      0               0.0     0.0        0
DAYS MIN <= 32      0               0.0     0.0        0
DAYS MIN <= 0       0               0.0     0.0        0

PRECIPITATION (INCHES)
RECORD
 MAXIMUM         2.72   1916
 MINIMUM         0.00   2013
                        2008
                        1967
TOTALS           0.01              0.46   -0.45     0.46
DAYS >= .01         1               2.9    -1.9        4
DAYS >= .10         0               1.1    -1.1        2
DAYS >= .50         0               0.2    -0.2        0
DAYS >= 1.00        0               0.0     0.0        0
GREATEST
 24 HR. TOTAL    0.01   07/25 TO 07/25
                        07/24 TO 07/25
                        07/25 TO 07/25

DEGREE_DAYS
HEATING TOTAL       2                30     -28        3
 SINCE 7/1          2                30     -28        3
COOLING TOTAL     261               109     152      242
 SINCE 1/1        434               146     288      277
.................................................................

WIND (MPH)
AVERAGE WIND SPEED              6.3
RESULTANT WIND SPEED/DIRECTION   3/319
HIGHEST WIND SPEED/DIRECTION    20/350    DATE  07/28
HIGHEST GUST SPEED/DIRECTION    25/350    DATE  07/28

SKY COVER
POSSIBLE SUNSHINE (PERCENT)   MM
AVERAGE SKY COVER           0.20
NUMBER OF DAYS FAIR           23
NUMBER OF DAYS PC              5
NUMBER OF DAYS CLOUDY          3

AVERAGE RH (PERCENT)     52

WEATHER CONDITIONS. NUMBER OF DAYS WITH
THUNDERSTORM              0     MIXED PRECIP               0
HEAVY RAIN                0     RAIN                       0
LIGHT RAIN                2     FREEZING RAIN              0
LT FREEZING RAIN          0     HAIL                       0
HEAVY SNOW                0     SNOW                       0
LIGHT SNOW                0     SLEET                      0
FOG                       1     FOG W/VIS <= 1/4 MILE      0
HAZE                      1

-  INDICATES NEGATIVE NUMBERS.
R  INDICATES RECORD WAS SET OR TIED.
MM INDICATES DATA IS MISSING.
T  INDICATES TRACE AMOUNT.

$$
