000
CXUS56 KPQR 011707
CLMSLE


CLIMATE REPORT
NATIONAL WEATHER SERVICE PORTLAND OREGON
907 AM PST THU FEB 1 2018

...................................

...THE SALEM OR CLIMATE SUMMARY FOR THE MONTH OF JANUARY 2018...

CLIMATE NORMAL PERIOD 1981 TO 2010
CLIMATE RECORD PERIOD 1892 TO 2018

WEATHER         OBSERVED          NORMAL  DEPART  LAST YEAR`S
                 VALUE   DATE(S)  VALUE   FROM    VALUE  DATE(S)
                                          NORMAL
................................................................
TEMPERATURE (F)
HIGHEST            63                                 56  01/18
LOWEST             27                                 14  01/06
AVG. MAXIMUM     52.1              47.7     4.4     43.1
AVG. MINIMUM     39.4              34.7     4.7     29.5
MEAN             45.7              41.2     4.5     36.3
DAYS MAX >= 90      0               0.0     0.0        0
DAYS MAX <= 32      0               0.3    -0.3        2
DAYS MIN <= 32      2              11.1    -9.1       18
DAYS MIN <= 0       0               0.0     0.0        0

PRECIPITATION (INCHES)
RECORD
 MAXIMUM        15.40   1953
 MINIMUM         0.24   1985
TOTALS           7.33              5.96    1.37     5.40
DAYS >= .01        24              17.7     6.3       14
DAYS >= .10        14              12.5     1.5       10
DAYS >= .50         7               4.3     2.7        5
DAYS >= 1.00        2               1.0     1.0        0
GREATEST
 24 HR. TOTAL    1.15   01/23 TO 01/23

DEGREE_DAYS
HEATING TOTAL     590               738    -148      880
 SINCE 7/1       2301              2627    -326     2550
COOLING TOTAL       0                 0       0        0
 SINCE 1/1          0                 0       0        0
.................................................................

WIND (MPH)
AVERAGE WIND SPEED              8.0
RESULTANT WIND SPEED/DIRECTION   5/182
HIGHEST WIND SPEED/DIRECTION    31/180    DATE  01/25
HIGHEST GUST SPEED/DIRECTION    43/190    DATE  01/25

SKY COVER
POSSIBLE SUNSHINE (PERCENT)   MM
AVERAGE SKY COVER           0.60
NUMBER OF DAYS FAIR            6
NUMBER OF DAYS PC              9
NUMBER OF DAYS CLOUDY         16

AVERAGE RH (PERCENT)     78

WEATHER CONDITIONS. NUMBER OF DAYS WITH
THUNDERSTORM              0     MIXED PRECIP               0
HEAVY RAIN                4     RAIN                       8
LIGHT RAIN               25     FREEZING RAIN              0
LT FREEZING RAIN          0     HAIL                       0
HEAVY SNOW                0     SNOW                       0
LIGHT SNOW                0     SLEET                      0
FOG                      24     FOG W/VIS <= 1/4 MILE      4
HAZE                      1

-  INDICATES NEGATIVE NUMBERS.
R  INDICATES RECORD WAS SET OR TIED.
MM INDICATES DATA IS MISSING.
T  INDICATES TRACE AMOUNT.

$$
