000
CXUS52 KJAX 011544
CLMSSI

CLIMATE REPORT
NATIONAL WEATHER SERVICE JACKSONVILLE FL
1130 AM EDT MON JUN 1 2015

...................................

...THE ST SIMONS ISLAND CLIMATE SUMMARY FOR THE MONTH OF MAY 2015...

CLIMATE NORMAL PERIOD 1981 TO 2010
CLIMATE RECORD PERIOD 1948 TO 2015

WEATHER         OBSERVED          NORMAL  DEPART
                 VALUE   DATE(S)  VALUE   FROM
                                          NORMAL
................................................
TEMPERATURE (F)
RECORD
 HIGH             100   05/26/1953
 LOW               46   05/02/1963
HIGHEST            94   05/21        82      12
LOWEST             54   05/02        66     -12
AVG. MAXIMUM     82.9              82.2     0.7
AVG. MINIMUM     68.3              66.8     1.5
MEAN             75.6              74.5     1.1
DAYS MAX >= 90      1               2.6    -1.6
DAYS MAX <= 32      0               0.0     0.0
DAYS MIN <= 32      0               0.0     0.0
DAYS MIN <= 0       0               0.0     0.0

PRECIPITATION (INCHES)
RECORD
 MAXIMUM        10.31   1979
 MINIMUM         0.10   1996
TOTALS           2.60              1.86    0.74
DAILY AVG.       0.08              0.06    0.02
DAYS >= .01         6               6.0     0.0
DAYS >= .10         4               3.4     0.6
DAYS >= .50         2               1.1     0.9
DAYS >= 1.00        1               0.5     0.5
GREATEST
 24 HR. TOTAL    1.38   05/30 TO 05/30
 STORM TOTAL       MM
 (MM/DD(HH))            MM

SNOWFALL (INCHES)
RECORDS
 TOTAL             MM   MM
 24 HR TOTAL       MM
TOTALS            0.0               0.0     0.0
 LIQUID EQUIV    0.00              0.00    0.00
SINCE 7/1         0.0               0.2    -0.2
 LIQUID 7/1      0.00
DAYS >= TRACE       0               0.0     0.0
DAYS >= 1.0         0               0.0     0.0
GREATEST
 SNOW DEPTH         0   MM
 24 HR TOTAL      0.0   05/30 TO 05/30
 STORM TOTAL       MM
 (MM/DD(HH))            MM

DEGREE_DAYS
HEATING TOTAL       1                 4      -3
 SINCE 7/1       1495              1488       7
COOLING TOTAL     337               299      38
 SINCE 1/1        548               442     106

FREEZE DATES
RECORD
 EARLIEST     11/03/1954
 LATEST       03/31/1964
EARLIEST                        12/20
LATEST                          02/14
.................................................

WIND (MPH)
AVERAGE WIND SPEED              8.6
HIGHEST WIND SPEED/DIRECTION    25/020    DATE  05/07
HIGHEST GUST SPEED/DIRECTION    37/080    DATE  05/23

SKY COVER
POSSIBLE SUNSHINE (PERCENT)   MM
AVERAGE SKY COVER           0.20
NUMBER OF DAYS FAIR           10
NUMBER OF DAYS PC              3
NUMBER OF DAYS CLOUDY          0

AVERAGE RH (PERCENT)     70

WEATHER CONDITIONS. NUMBER OF DAYS WITH
THUNDERSTORM              0     MIXED PRECIP               0
HEAVY RAIN                2     RAIN                       2
LIGHT RAIN                5     FREEZING RAIN              0
LT FREEZING RAIN          0     HAIL                       0
HEAVY SNOW                0     SNOW                       0
LIGHT SNOW                0     SLEET                      0
FOG                       3     FOG W/VIS <= 1/4 MILE      0
HAZE                      1

-  INDICATES NEGATIVE NUMBERS.
R  INDICATES RECORD WAS SET OR TIED.
MM INDICATES DATA IS MISSING.
T  INDICATES TRACE AMOUNT.

$$
