000
CXUS54 KBMX 011441
CLMTCL


CLIMATE REPORT
NATIONAL WEATHER SERVICE BIRMINGHAM, AL
841 AM CST SUN MAR 1 2015

...................................

...THE TUSCALOOSA CLIMATE SUMMARY FOR THE MONTH OF FEBRUARY 2015...

CLIMATE NORMAL PERIOD 1994 TO 1994
CLIMATE RECORD PERIOD 1994 TO 2015

WEATHER         OBSERVED          NORMAL  DEPART  LAST YEAR`S
                 VALUE   DATE(S)  VALUE   FROM    VALUE  DATE(S)
                                          NORMAL
................................................................
TEMPERATURE (F)
RECORD
 HIGH              86   02/13/1962
 LOW                    02/08/1989
HIGHEST            71   02/08        MM      MM       81  02/20
LOWEST             19   02/19        MM      MM       23  02/27
AVG. MAXIMUM     53.3              60.2    -6.9     59.1
AVG. MINIMUM     30.4              37.3    -6.9     36.1
MEAN             41.9                               47.6
DAYS MAX >= 90      0               0.0     0.0        0
DAYS MAX <= 32      0               0.1    -0.1        0
DAYS MIN <= 32     19               9.2     9.8       10
DAYS MIN <= 0       0               0.0     0.0        0

PRECIPITATION (INCHES)
RECORD
 MAXIMUM        14.79   1961
 MINIMUM         1.60   1968
TOTALS           4.58              5.32   -0.74     5.63
DAILY AVG.       0.16              0.19   -0.03
DAYS >= .01         7               9.6    -2.6
DAYS >= .10         6               7.3    -1.3
DAYS >= .50         5               3.6     1.4
DAYS >= 1.00        2               1.9     0.1

DEGREE_DAYS
HEATING TOTAL     639               458     181      485
 SINCE 7/1       2295              2090     205     2317
.................................................................

WIND (MPH)
AVERAGE WIND SPEED              7.3
HIGHEST WIND SPEED/DIRECTION    30/300    DATE  02/18
HIGHEST GUST SPEED/DIRECTION    45/300    DATE  02/18

AVERAGE RH (PERCENT)     59

WEATHER CONDITIONS. NUMBER OF DAYS WITH
THUNDERSTORM              0     MIXED PRECIP               0
HEAVY RAIN                4     RAIN                       6
LIGHT RAIN                8     FREEZING RAIN              0
LT FREEZING RAIN          0     HAIL                       0
HEAVY SNOW                0     SNOW                       0
LIGHT SNOW                1     SLEET                      0
FOG                      11     FOG W/VIS <= 1/4 MILE      0
HAZE                      7

-  INDICATES NEGATIVE NUMBERS.
R  INDICATES RECORD WAS SET OR TIED.
MM INDICATES DATA IS MISSING.
T  INDICATES TRACE AMOUNT.

$$
