150
CXUS56 KSGX 011646
CLMTRM


CLIMATE REPORT
NATIONAL WEATHER SERVICE SAN DIEGO, CA
945 AM PDT FRI APR 1 2016

...................................

...THE THERMAL AIRPORT CA CLIMATE SUMMARY FOR THE MONTH OF MARCH 2016...

CLIMATE NORMAL PERIOD 1981 TO 2010
CLIMATE RECORD PERIOD 1950 TO 2016

WEATHER         OBSERVED          NORMAL  DEPART  LAST YEAR`S
                 VALUE   DATE(S)  VALUE   FROM    VALUE  DATE(S)
                                          NORMAL
................................................................
TEMPERATURE (F)
RECORD
 HIGH             103   03/21/2004
 LOW               24   03/04/2002
HIGHEST            94   03/20        81      13       98  03/29
                                                          03/28
LOWEST             44   03/30        48      -4       37  03/03
                        03/27
                        03/25
AVG. MAXIMUM     85.3              81.0     4.3     87.5
AVG. MINIMUM     51.1              47.1     4.0     51.0
MEAN             68.2              64.1     4.1     69.2
DAYS MAX >= 90     13               4.4     8.6       16
DAYS MAX <= 32      0               0.0     0.0        0
DAYS MAX >= 100     0                                  0
DAYS MAX >= 110     0                                  0
DAYS MIN <= 32      0               0.6    -0.6        0

PRECIPITATION (INCHES)
RECORD
 MAXIMUM         2.00   1983
 MINIMUM         0.00   2008
                        1999
TOTALS              T              0.38   -0.38     0.31
DAILY AVG.          T              0.01   -0.01     0.01
DAYS >= .01         0               1.8    -1.8        1
DAYS >= .10         0               1.1    -1.1        1
DAYS >= .50         0               0.2    -0.2        0
DAYS >= 1.00        0               0.0     0.0        0
DAYS >= 1.50        0                                  0
DAYS >= 2.00        0                                  0
GREATEST
 24 HR. TOTAL       T   03/30 TO 03/30           03/01 TO 03/01
                                                          03/31 TO 03/31
                                                          03/31 TO 03/31
 STORM TOTAL       MM                                 MM
 (MM/DD(HH))            MM                    03/01(00) TO 03/01(00)
                                                 03/31(00) TO 03/31(00)1
                                                 03/31(00) TO 03/31(00)1

DEGREE_DAYS
HEATING TOTAL      22                92     -70       44
 SINCE 7/1       1047              1157    -110      749
COOLING TOTAL     128                62      66      185
 SINCE 1/1        193                74     119      207

FREEZE DATES
RECORD
 EARLIEST     10/30/1971
 LATEST       04/10/1999
EARLIEST                        12/02
LATEST                          02/06
..................................................

WIND (MPH)
AVERAGE WIND SPEED              7.9
RESULTANT WIND SPEED/DIRECTION   4/323
HIGHEST WIND SPEED/DIRECTION    38/270    DATE  03/28
HIGHEST GUST SPEED/DIRECTION    51/260    DATE  03/28

SKY COVER
POSSIBLE SUNSHINE (PERCENT)   MM
AVERAGE SKY COVER           0.00
NUMBER OF DAYS FAIR           31
NUMBER OF DAYS PC              0
NUMBER OF DAYS CLOUDY          0

AVERAGE RH (PERCENT)     36

WEATHER CONDITIONS. NUMBER OF DAYS WITH
THUNDERSTORM              0     MIXED PRECIP               0
HEAVY RAIN                0     RAIN                       0
LIGHT RAIN                3     FREEZING RAIN              0
LT FREEZING RAIN          0     HAIL                       0
HEAVY SNOW                0     SNOW                       0
LIGHT SNOW                0     SLEET                      0
FOG                       0     FOG W/VIS <= 1/4 MILE      0
HAZE                      9

-  INDICATES NEGATIVE NUMBERS.
R  INDICATES RECORD WAS SET OR TIED.
MM INDICATES DATA IS MISSING.
T  INDICATES TRACE AMOUNT.

$$
