000
CXUS55 KTWC 011541
CLMTUS

CLIMATE REPORT
NATIONAL WEATHER SERVICE TUCSON AZ
838 AM MST TUE SEP 1 2015

...................................

...THE TUCSON AZ CLIMATE SUMMARY FOR THE MONTH OF AUGUST 2015...

CLIMATE NORMAL PERIOD 1981 TO 2010
CLIMATE RECORD PERIOD 1895 TO 2015

WEATHER         OBSERVED          NORMAL  DEPART  LAST YEAR`S
                 VALUE   DATE(S)  VALUE   FROM    VALUE  DATE(S)
                                          NORMAL
................................................................
TEMPERATURE (F)
RECORD
 HIGH             112   08/01/1993
 LOW               55   08/20/1917
HIGHEST           110   08/15       105       5      104  08/30
LOWEST             72   08/25        67       5       69  08/22
                        08/13
AVG. MAXIMUM    101.4              97.4     4.0     96.3
AVG. MINIMUM     76.6              73.3     3.3     74.0
MEAN             89.0              85.3     3.7     85.1
DAYS MAX >= 90     31              28.2     2.8       29
DAYS MAX <= 32      0               0.0     0.0        0
DAYS MIN <= 32      0               0.0     0.0        0
DAYS MIN <= 0       0               0.0     0.0        0

PRECIPITATION (INCHES)
RECORD
 MAXIMUM         7.93   1955
 MINIMUM         0.08   1924
TOTALS           1.80              2.39   -0.59     1.89
DAILY AVG.       0.06              0.08   -0.02     0.06
DAYS >= .01         8               9.7    -1.7        8
DAYS >= .10         6               5.2     0.8        5
DAYS >= .50         0               1.5    -1.5        1
DAYS >= 1.00        0               0.5    -0.5        0
GREATEST
 24 HR. TOTAL    0.43   08/24 TO 08/25           08/16 TO 08/17
                                                          08/31 TO 08/31
                                                          08/31 TO 08/31

DEGREE_DAYS
COOLING TOTAL     752               631     121      633
 SINCE 1/1       2680              2410     270     2691
..................................................

WIND (MPH)
AVERAGE WIND SPEED              7.4
HIGHEST WIND SPEED/DIRECTION    40/190    DATE  08/08
HIGHEST GUST SPEED/DIRECTION    54/180    DATE  08/08

AVERAGE RH (PERCENT)     42

WEATHER CONDITIONS. NUMBER OF DAYS WITH
THUNDERSTORM              0     MIXED PRECIP               0
HEAVY RAIN                5     RAIN                       5
LIGHT RAIN               10     FREEZING RAIN              0
LT FREEZING RAIN          0     HAIL                       0
HEAVY SNOW                0     SNOW                       0
LIGHT SNOW                0     SLEET                      0
FOG                       1     FOG W/VIS <= 1/4 MILE      0
HAZE                      1

-  INDICATES NEGATIVE NUMBERS.
R  INDICATES RECORD WAS SET OR TIED.
MM INDICATES DATA IS MISSING.
T  INDICATES TRACE AMOUNT.

$$
