000
CXUS55 KTWC 012243
CLMTUS
CLIMATE REPORT
NATIONAL WEATHER SERVICE TUCSON AZ
343 PM MST MON APR 01 2024
...................................
...THE TUCSON AZ CLIMATE SUMMARY FOR THE MONTH OF MARCH 2024...
CLIMATE NORMAL PERIOD 1991 TO 2020
CLIMATE RECORD PERIOD 1895 TO 2024
WEATHER OBSERVED NORMAL DEPART LAST YEAR`S
VALUE DATE(S) VALUE FROM VALUE
NORMAL
..............................................................
TEMPERATURE (F)
RECORD
HIGH 99 03/26/1988
LOW 20 03/04/1965
HIGHEST 82 03/29 87 -5
03/30
LOWEST 41 03/18 34 7
AVG. MAXIMUM 72.1 75.8 -3.7
AVG. MINIMUM 47.3 48.0 -0.7
MEAN 59.7 61.9 -2.2
DAYS MAX >= 90 0 1.2 -1.2 0
DAYS MAX >= 100 0 0
DAYS MIN <= 32 0 0.3 -0.3 0
DAYS MIN >= 80 0 0
PRECIPITATION (INCHES)
RECORD
MAXIMUM 3.88 1905
MINIMUM 0.00 1984
TOTALS 1.25 0.56 0.69 0.66
DAILY AVG. 0.04 0.02 0.02 0.02
DAYS >= .01 6 3.1 2.9 5
DAYS >= .10 4 1.7 2.3 3
DAYS >= .50 1 0.3 0.7 0
DAYS >= 1.00 0 0.0 0.0 0
GREATEST
24 HR. TOTAL 0.52 03/07 TO 03/08 0.28
DEGREE DAYS
HEATING TOTAL 163 138 25
SINCE 7/1 1102 1283 -181
COOLING TOTAL 9 42 -33
SINCE 1/1 18 48 -30
..............................................................
WIND (MPH)
AVERAGE WIND SPEED 6.9
HIGHEST WIND SPEED/DIRECTION 31/280 DATE 03/24
HIGHEST GUST SPEED/DIRECTION 45/260 DATE 03/24
SKY COVER
POSSIBLE SUNSHINE (PERCENT) MM
AVERAGE SKY COVER 0.20
NUMBER OF DAYS FAIR 20
NUMBER OF DAYS PC 7
NUMBER OF DAYS CLOUDY 0
AVERAGE RH (PERCENT) 47
WEATHER CONDITIONS. NUMBER OF DAYS WITH
THUNDERSTORM 2 MIXED PRECIP 0
HEAVY RAIN 3 RAIN 3
LIGHT RAIN 7 FREEZING RAIN 0
LT FREEZING RAIN 0 HAIL 0
HEAVY SNOW 0 SLEET 0
FOG 4 FOG W/VIS <= 1/4 MILE 0
HAZE 0
- INDICATES NEGATIVE NUMBERS.
R INDICATES RECORD WAS SET OR TIED.
MM INDICATES DATA IS MISSING.
T INDICATES TRACE AMOUNT.
$$