285
CXUS53 KLOT 011249
CLMUGN


CLIMATE REPORT
NATIONAL WEATHER SERVICE CHICAGO IL
630 AM CST THU DEC 1 2016

...................................

...THE WAUKEGAN   CLIMATE SUMMARY FOR THE MONTH OF NOVEMBER 2016...

CLIMATE NORMAL PERIOD 1981 TO 2010
CLIMATE RECORD PERIOD 2000 TO 2016

WEATHER         OBSERVED          NORMAL  DEPART  LAST YEAR`S
                 VALUE   DATE(S)  VALUE   FROM    VALUE
                                          NORMAL
.............................................................
TEMPERATURE (F)
RECORD
 HIGH              76   11/01/2016
 LOW                7   11/21/2014
HIGHEST            76R  11/01                         72
LOWEST             22   11/22                         11
                        11/20
AVG. MAXIMUM     55.2              46.7     8.5     52.7
AVG. MINIMUM     38.5              31.4     7.1     35.0
MEAN             46.9              39.1     7.8     43.9

PRECIPITATION (INCHES)
RECORD
 MAXIMUM         5.24   2003
 MINIMUM         0.26   1999
TOTALS           2.36              2.76   -0.40     4.85

DEGREE_DAYS
HEATING TOTAL     539               779    -240      628
 SINCE 7/1        887              1385    -498     1158
COOLING TOTAL       3                 0       3        0
 SINCE 1/1        855               564     291      483
..............................................................

WIND (MPH)
AVERAGE WIND SPEED              7.8
HIGHEST WIND SPEED/DIRECTION    29/200    DATE  11/18
HIGHEST GUST SPEED/DIRECTION    38/220    DATE  11/18

AVERAGE RH (PERCENT)     72


-  INDICATES NEGATIVE NUMBERS.
R  INDICATES RECORD WAS SET OR TIED.
MM INDICATES DATA IS MISSING.
T  INDICATES TRACE AMOUNT.

$$
