000
CXUS53 KLSX 020944 CCA
CLMUIN

CLIMATE REPORT
NATIONAL WEATHER SERVICE ST LOUIS MO
1236 PM CDT SAT APR 1 2017

...................................

...THE QUINCY IL CLIMATE SUMMARY FOR THE MONTH OF MARCH 2017...

CLIMATE NORMAL PERIOD 1981 TO 2010
CLIMATE RECORD PERIOD 1901 TO 2017

WEATHER         OBSERVED          NORMAL  DEPART  LAST YEAR`S
                 VALUE   DATE(S)  VALUE   FROM    VALUE
                                          NORMAL
.............................................................
TEMPERATURE (F)
RECORD
 HIGH              88   03/21/1907
 LOW              -13   03/05/1960
HIGHEST            78   03/24                         77
LOWEST             13   03/15                         16
AVG. MAXIMUM     53.8              51.4     2.4     58.2
AVG. MINIMUM     35.6              32.4     3.2     38.0
MEAN             44.7              41.9     2.8     48.1
DAYS MAX >= 90      0               0.0     0.0        0
DAYS MAX <= 32      1               1.7    -0.7        0
DAYS MIN <= 32     12              15.7    -3.7        8
DAYS MIN <= 0       0               0.1    -0.1        0

PRECIPITATION (INCHES)
RECORD
 MAXIMUM        11.45   1973
 MINIMUM         0.15   1910
TOTALS           3.18              2.46    0.72     1.08
DAILY AVG.       0.10              0.08    0.02     0.03
DAYS >= .01        13              10.1     2.9       11
DAYS >= .10         7               5.9     1.1        5
DAYS >= .50         2               1.4     0.6        0
DAYS >= 1.00        0               0.4    -0.4        0
GREATEST
 24 HR. TOTAL    0.89   03/29

DEGREE_DAYS
HEATING TOTAL     622               718     -96      520
 SINCE 7/1       4063              5060    -997     4117
COOLING TOTAL       0                 2      -2        2
 SINCE 1/1          0                 2      -2        2
..............................................................

WIND (MPH)
HIGHEST WIND SPEED/DIRECTION    46/250    DATE  03/06
HIGHEST GUST SPEED/DIRECTION    60/270    DATE  03/06

SKY COVER

NUMBER OF DAYS FAIR           11
NUMBER OF DAYS PC              9
NUMBER OF DAYS CLOUDY         11


WEATHER CONDITIONS. NUMBER OF DAYS WITH
THUNDERSTORM              5     MIXED PRECIP               0
HEAVY RAIN                4     RAIN                       5
LIGHT RAIN               11     FREEZING RAIN              0
LT FREEZING RAIN          0     HEAVY SNOW                 0
SNOW                      0     LIGHT SNOW                 4
SLEET                     0     FOG                       16
FOG W/VIS <= 1/4 MILE     1     HAZE                       5

-  INDICATES NEGATIVE NUMBERS.
R  INDICATES RECORD WAS SET OR TIED.
MM INDICATES DATA IS MISSING.
T  INDICATES TRACE AMOUNT.

$$


...DAILY....

1 HIGH MINIMUM TEMPERATURE ( 03/01)
