000
CXUS53 KLOT 011357
CLMVPZ


CLIMATE REPORT
NATIONAL WEATHER SERVICE CHICAGO IL
837 AM CDT SUN MAY 1 2016

...................................

...THE VALPARAISO CLIMATE SUMMARY FOR THE MONTH OF APRIL 2016...

CLIMATE NORMAL PERIOD 1981 TO 2010
CLIMATE RECORD PERIOD 1998 TO 2016

WEATHER         OBSERVED          NORMAL  DEPART  LAST YEAR`S
                 VALUE   DATE(S)  VALUE   FROM    VALUE
                                          NORMAL
.............................................................
TEMPERATURE (F)
RECORD
 HIGH              88   04/18/2002
                        04/18/2002
 LOW               20   04/05/2016
                        04/03/2013
                        04/10/2007
HIGHEST            83   04/18        60      23       78
LOWEST             20R  04/05        38     -18       25
AVG. MAXIMUM     59.1              59.7    -0.6     61.3
AVG. MINIMUM     37.4              38.5    -1.1     38.3
MEAN             48.3              49.1    -0.8     49.8

PRECIPITATION (INCHES)
RECORD
 MAXIMUM         6.22   1999
 MINIMUM         1.15   2005
TOTALS           2.68              3.53   -0.85     2.15

DEGREE_DAYS
HEATING TOTAL     502               482      20      447
 SINCE 7/1       5001              6059   -1058     6668
COOLING TOTAL       6                 5       1        0
 SINCE 1/1          6                 5       1        0
..............................................................

WIND (MPH)
AVERAGE WIND SPEED              9.6
HIGHEST WIND SPEED/DIRECTION    39/290    DATE  04/02
HIGHEST GUST SPEED/DIRECTION    52/290    DATE  04/02

AVERAGE RH (PERCENT)     68


-  INDICATES NEGATIVE NUMBERS.
R  INDICATES RECORD WAS SET OR TIED.
MM INDICATES DATA IS MISSING.
T  INDICATES TRACE AMOUNT.

$$
