000
CXUS53 KLOT 011125
CLMVPZ


CLIMATE REPORT
NATIONAL WEATHER SERVICE CHICAGO IL
617 AM CDT TUE SEP 1 2015

...................................

...THE VALPARAISO CLIMATE SUMMARY FOR THE MONTH OF AUGUST 2015...

CLIMATE NORMAL PERIOD 1981 TO 2010
CLIMATE RECORD PERIOD 1998 TO 2015

WEATHER         OBSERVED          NORMAL  DEPART  LAST YEAR`S
                 VALUE   DATE(S)  VALUE   FROM    VALUE
                                          NORMAL
.............................................................
TEMPERATURE (F)
RECORD
 HIGH              95   08/21/2003
 LOW               43   08/15/2014
                        08/31/2009
                        01/05/1999
HIGHEST            93   08/02                         88
LOWEST             53   08/28                         43
AVG. MAXIMUM     80.3              80.4    -0.1     81.0
AVG. MINIMUM     60.3              60.7    -0.4     60.7
MEAN             70.3              70.6    -0.3     70.9

PRECIPITATION (INCHES)
RECORD
 MAXIMUM        10.49   2014
 MINIMUM         0.46   2008
TOTALS           4.38              4.31    0.07    10.49

DEGREE_DAYS
HEATING TOTAL       5                13      -8       15
 SINCE 7/1         11                17      -6       40
COOLING TOTAL     177               185      -8      203
 SINCE 1/1        587               636     -49      547
..............................................................

WIND (MPH)
AVERAGE WIND SPEED              6.1
HIGHEST WIND SPEED/DIRECTION    33/330    DATE  08/02
HIGHEST GUST SPEED/DIRECTION    51/330    DATE  08/02

AVERAGE RH (PERCENT)     73


-  INDICATES NEGATIVE NUMBERS.
R  INDICATES RECORD WAS SET OR TIED.
MM INDICATES DATA IS MISSING.
T  INDICATES TRACE AMOUNT.

$$
