000
CXUS52 KMLB 011703
CLMVRB


CLIMATE REPORT
NATIONAL WEATHER SERVICE MELBOURNE FL
1230 PM EDT FRI JUL 1 2016

...................................

...THE VERO BEACH CLIMATE SUMMARY FOR THE MONTH OF JUNE 2016...

CLIMATE NORMAL PERIOD 1981 TO 2010
CLIMATE RECORD PERIOD 1942 TO 2016

WEATHER         OBSERVED          NORMAL  DEPART  LAST YEAR`S
                 VALUE   DATE(S)  VALUE   FROM    VALUE  DATE(S)
                                          NORMAL
................................................................
TEMPERATURE (F)
MONTHLY RECORD
 HOTTEST         83.4   1998
 COLDEST         77.5   1966
DAILY RECORD
 HIGH             102   06/22/2009
 LOW               57   06/01/1984
JUNE 2016
HIGHEST            94   06/17                         97
                        06/15
LOWEST             70   06/01                         68
AVG. MAXIMUM     89.7              88.3     1.4     91.4
AVG. MINIMUM     74.3              72.1     2.2     72.4
MEAN             82.0              80.2     1.8     81.9
DAYS MAX >= 90     14               8.3     5.7       20
DAYS MAX <= 32      0               0.0     0.0        0
DAYS MIN <= 32      0               0.0     0.0        0
DAYS MIN <= 0       0               0.0     0.0        0

PRECIPITATION (INCHES)
MONTHLY RECORD
 MAXIMUM        20.73   1992
 MINIMUM         0.30   1998
DAILY RECORD
 MAXIMUM         4.60   06/08/1973
JUNE 2016
TOTALS           4.85              6.67   -1.82     4.91
DAYS >= .01        12              13.9    -1.9        7
DAYS >= .10         8               9.3    -1.3        3
DAYS >= .50         2               4.2    -2.2        2
DAYS >= 1.00        2               2.4    -0.4        2
GREATEST
 24 HR. TOTAL    1.54   06/18 TO 06/18

SNOWFALL (INCHES)
TOTALS            0.0               0.0     0.0      0.0
SINCE 7/1         0.0               0.0     0.0      0.0
DAYS >= TRACE       0                                  0

DEGREE_DAYS
HEATING TOTAL       0                 0       0        0
 SINCE 7/1        284               456    -172      384
COOLING TOTAL     517               456      61      513
 SINCE 1/1       1446              1262     184     1665
.................................................................

WIND (MPH)
AVERAGE WIND SPEED              7.5
HIGHEST WIND SPEED/DIRECTION    44/280    DATE  06/17
HIGHEST GUST SPEED/DIRECTION    52/280    DATE  06/17

SKY COVER
POSSIBLE SUNSHINE (PERCENT)   MM
AVERAGE SKY COVER           0.30
NUMBER OF DAYS FAIR           22
NUMBER OF DAYS PC              8
NUMBER OF DAYS CLOUDY          0

AVERAGE RH (PERCENT)     74

WEATHER CONDITIONS. NUMBER OF DAYS WITH
THUNDERSTORM             17     MIXED PRECIP               0
HEAVY RAIN                6     RAIN                       7
LIGHT RAIN               13     LT FREEZING RAIN           0
HAIL                      0     LIGHT SNOW                 0
SLEET                     0     FOG                        9
FOG W/VIS <= 1/4 MILE     0     HAZE                       8

-  INDICATES NEGATIVE NUMBERS.
R  INDICATES RECORD WAS SET OR TIED.
MM INDICATES DATA IS MISSING.
T  INDICATES TRACE AMOUNT.

$$
