000
CXUS52 KMLB 012013
CLMVRB


CLIMATE REPORT
NATIONAL WEATHER SERVICE MELBOURNE FL
412 PM EDT TUE AUG 1 2017

...................................

...THE VERO BEACH CLIMATE SUMMARY FOR THE MONTH OF JULY 2017...

CLIMATE NORMAL PERIOD 1981 TO 2010
CLIMATE RECORD PERIOD 1942 TO 2017

WEATHER         OBSERVED          NORMAL  DEPART  LAST YEAR`S
                 VALUE   DATE(S)  VALUE   FROM    VALUE  DATE(S)
                                          NORMAL
................................................................
TEMPERATURE (F)
RECORD
 HIGH              99   07/01/1998
                        07/15/1981
                        07/16/1972
 LOW               62   07/01/1981
HIGHEST            97   07/29        MM      MM       96  07/29
                        07/28
LOWEST             72   07/10        73      -1       71  07/23
                        07/09
                        07/08
AVG. MAXIMUM     91.8              90.0     1.8     91.7
AVG. MINIMUM     74.8              73.4     1.4     75.0
MEAN             83.3              81.7     1.6     83.4
DAYS MAX >= 90     30              14.5    15.5       31
DAYS MAX <= 32      0               0.0     0.0        0
DAYS MIN <= 32      0               0.0     0.0        0
DAYS MIN <= 0       0               0.0     0.0        0

PRECIPITATION (INCHES)
RECORD
 MAXIMUM        13.72   2007
 MINIMUM         0.61   2016
TOTALS           5.37              5.63   -0.26     0.61
DAYS >= .01        12              13.4    -1.4        4
DAYS >= .10         7               9.0    -2.0        2
DAYS >= .50         3               4.1    -1.1        0
DAYS >= 1.00        3               1.9     1.1        0
GREATEST
 24 HR. TOTAL    1.72   07/31 TO 07/31

SNOWFALL (INCHES)
TOTALS            0.0               0.0     0.0      0.0
SINCE 7/1         0.0               0.0     0.0      0.0
DAYS >= TRACE       0                                  0

DEGREE_DAYS
HEATING TOTAL       0                 0       0        0
 SINCE 7/1          0                 0       0        0
COOLING TOTAL     576               518      58      576
 SINCE 1/1       2130              1780     350     2022
.................................................................

WIND (MPH)
AVERAGE WIND SPEED              6.8
HIGHEST WIND SPEED/DIRECTION    38/190    DATE  07/29
HIGHEST GUST SPEED/DIRECTION    47/200    DATE  07/29

SKY COVER
POSSIBLE SUNSHINE (PERCENT)   MM
AVERAGE SKY COVER           0.20
NUMBER OF DAYS FAIR           30
NUMBER OF DAYS PC              0
NUMBER OF DAYS CLOUDY          1

AVERAGE RH (PERCENT)     76

WEATHER CONDITIONS. NUMBER OF DAYS WITH
THUNDERSTORM              0     MIXED PRECIP               0
HEAVY RAIN                5     RAIN                       5
LIGHT RAIN               12     LT FREEZING RAIN           0
HAIL                      0     LIGHT SNOW                 0
SLEET                     0     FOG                       17
FOG W/VIS <= 1/4 MILE     1     HAZE                       6

-  INDICATES NEGATIVE NUMBERS.
R  INDICATES RECORD WAS SET OR TIED.
MM INDICATES DATA IS MISSING.
T  INDICATES TRACE AMOUNT.

$$
