000
CXUS56 KPQR 011715
CLMVUO


CLIMATE REPORT
NATIONAL WEATHER SERVICE PORTLAND OREGON
1015 AM PDT SAT NOV 1 2014

...................................

...THE VANCOUVER WA CLIMATE SUMMARY FOR THE MONTH OF OCTOBER 2014...

CLIMATE NORMAL PERIOD 1981 TO 2010
CLIMATE RECORD PERIOD 1891 TO 2014

WEATHER         OBSERVED          NORMAL  DEPART  LAST YEAR`S
                 VALUE   DATE(S)  VALUE   FROM    VALUE  DATE(S)
                                          NORMAL
................................................................
TEMPERATURE (F)
RECORD
 HIGH              89   10/06/1952
                        10/10/1936
                        10/09/1936
 LOW               24   10/31/2006
HIGHEST            85                MM      MM       74  10/22
                                                          10/06
LOWEST             44                MM      MM       31  10/30
                                                          10/29
AVG. MAXIMUM     67.5              63.4     4.1     63.0
AVG. MINIMUM     50.5              44.1     6.4     41.2
MEAN             59.0              53.8     5.2     52.1
DAYS MAX >= 90      0               0.0     0.0        0
DAYS MAX <= 32      0               0.0     0.0        0
DAYS MIN <= 32      0               0.4    -0.4        2
DAYS MIN <= 0       0               0.0     0.0        0

PRECIPITATION (INCHES)
TOTALS           6.03                               1.12
DAYS >= .01        17                                 11
DAYS >= .10        14                                  4
DAYS >= .50         3                                  0
DAYS >= 1.00        2                                  0
GREATEST
 24 HR. TOTAL    1.94   10/22 TO 10/23

DEGREE_DAYS
HEATING TOTAL     188                                391
 SINCE 7/1        217                                494
COOLING TOTAL      10                                  0
 SINCE 1/1        531                                450
.................................................................

WIND (MPH)
AVERAGE WIND SPEED              4.1
RESULTANT WIND SPEED/DIRECTION   2/137
HIGHEST WIND SPEED/DIRECTION    28/180    DATE  10/25
HIGHEST GUST SPEED/DIRECTION    43/150    DATE  10/25

SKY COVER
POSSIBLE SUNSHINE (PERCENT)   MM
AVERAGE SKY COVER           0.50

AVERAGE RH (PERCENT)     75

WEATHER CONDITIONS. NUMBER OF DAYS WITH
THUNDERSTORM              0     MIXED PRECIP               0
HEAVY RAIN                2     RAIN                      10
LIGHT RAIN               16     FREEZING RAIN              0
LT FREEZING RAIN          0     HAIL                       0
HEAVY SNOW                0     SNOW                       0
LIGHT SNOW                0     SLEET                      0
FOG                      26     FOG W/VIS <= 1/4 MILE      2
HAZE                      1

-  INDICATES NEGATIVE NUMBERS.
R  INDICATES RECORD WAS SET OR TIED.
MM INDICATES DATA IS MISSING.
T  INDICATES TRACE AMOUNT.

$$
