893
CXUS55 KRIW 022239
CLMWRL

CLIMATE REPORT
NATIONAL WEATHER SERVICE RIVERTON WY
621 AM MST TUE FEB 2 2016

...PRELIMINARY MONTHLY CLIMATE SUMMARY FOR WORLAND MUNICIPAL AIRPORT
FOR THE MONTH OF JANUARY 2016...

...OFFICIAL CLIMATE DATA FOR THE MONTH OF JANUARY 2016 WILL BE
AVAILABLE APPROXIMATELY IN MARCH 2016 FROM THE NATIONAL CLIMATIC
DATA CENTER (HTTP://WWW.NCDC.NOAA.GOV/OL/CLIMATEDATA.HTML).
UNOFFICIAL ASOS DAILY SUMMARIES ARE AVAILABLE ON THE INTERNET AT
HTTP://WWW.WEATHER.GOV/CLIMATE/INDEX.PHP?WFO=RIW

...WORLAND WAS SLIGHTLY WARMER AND MUCH DRIER THAN NORMAL IN
JANUARY...

THE AVERAGE TEMPERATURE FOR WORLAND IN JANUARY WAS 18.5 DEGREES...
WHICH WAS 1.4 DEGREES ABOVE NORMAL. THE WARMEST READING OF THE MONTH
WAS 47 DEGREES ON THE 28TH. THE COLDEST READING WAS -10 ON THE
1ST. NO TEMPERATURE RECORDS WERE SET DURING THE MONTH.

TOTAL PRECIPITATION FOR THE MONTH WAS 0.03 INCHES...WHICH WAS 13
PERCENT OF NORMAL. THE WETTEST 24 HOUR PERIOD OF THE MONTH WAS THE
7TH AND 8TH...WHEN 0.03 OF AN INCH OF PRECIPITATION FELL. NO
PRECIPITATION RECORDS WERE SET DURING THE MONTH. THE HIGHEST WIND
GUST WAS 30 MPH ON THE 30TH.

...THE WORLAND WY CLIMATE SUMMARY FOR THE MONTH OF JANUARY 2016...

CLIMATE NORMAL PERIOD 1981 TO 2010
CLIMATE RECORD PERIOD 1947 TO 2016

WEATHER         OBSERVED          NORMAL  DEPART
                 VALUE   DATE(S)  VALUE   FROM
                                          NORMAL
................................................
TEMPERATURE (F)
RECORD
 HIGH              62   01/08/1966
 LOW              -38   01/18/1984
                        01/12/1963
                        01/10/1962
HIGHEST            47   01/28
LOWEST            -10   01/01
AVG. MAXIMUM     31.5              30.6     0.9
AVG. MINIMUM      5.5               3.6     1.9
MEAN             18.5              17.1     1.4
DAYS MAX >= 90      0
DAYS MAX <= 32     18
DAYS MIN <= 32     31
DAYS MIN <= 0       8

PRECIPITATION (INCHES)
RECORD
 MAXIMUM         1.09   1995
 MINIMUM         0.00   1992
TOTALS           0.03              0.23   -0.20
DAILY AVG.       0.00
DAYS >= .01         2
DAYS >= .10         0
DAYS >= .50         0
DAYS >= 1.00        0
GREATEST
 24 HR. TOTAL    0.03   01/07 TO 01/08

DEGREE_DAYS
HEATING TOTAL    1433              1485     -52
 SINCE 7/1       4479              4848    -369
COOLING TOTAL       0                 0       0
 SINCE 1/1          0                 0       0
.................................................

WIND (MPH)
AVERAGE WIND SPEED              3.0
RESULTANT WIND SPEED/DIRECTION   1/180
HIGHEST WIND SPEED/DIRECTION    23/330    DATE  01/30
HIGHEST GUST SPEED/DIRECTION    30/320    DATE  01/30

SKY COVER
POSSIBLE SUNSHINE (PERCENT)   MM
AVERAGE SKY COVER           0.30
NUMBER OF DAYS FAIR           18
NUMBER OF DAYS PC             10
NUMBER OF DAYS CLOUDY          3

AVERAGE RH (PERCENT)     76

WEATHER CONDITIONS. NUMBER OF DAYS WITH
THUNDERSTORM              0     MIXED PRECIP               0
HEAVY RAIN                0     RAIN                       0
LIGHT RAIN                0     FREEZING RAIN              0
LT FREEZING RAIN          0     HAIL                       0
HEAVY SNOW                0     SNOW                       0
LIGHT SNOW                4     SLEET                      0
FOG                       8     FOG W/VIS <= 1/4 MILE      1
HAZE                      1

-  INDICATES NEGATIVE NUMBERS.
R  INDICATES RECORD WAS SET OR TIED.
MM INDICATES DATA IS MISSING.
T  INDICATES TRACE AMOUNT.

LOOKING AHEAD TO FEBRUARY 2016...THE AVERAGE HIGH TEMPERATURE ON THE
FIRST OF THE MONTH IS 32 DEGREES...AND THE AVERAGE LOW TEMPERATURE IS
5 DEGREES. THE AVERAGE HIGH BY THE END OF THE MONTH IS 43
DEGREES...AND THE AVERAGE LOW TEMPERATURE IS 16 DEGREES. THE AVERAGE
MONTHLY PRECIPITATION IS 0.19 INCHES.

$$
