000
CXUS51 KGYX 040134
CLSAUG

PWMCLMAUG 000
TTAA00 KGYX 021515


CLIMATE REPORT
NATIONAL WEATHER SERVICE GRAY ME
934 PM EDT SAT SEP 3 2016

...................................

...THE AUGUSTA CLIMATE SUMMARY FOR THE SUMMER SEASON, FROM
6/1/2016 TO 8/31/2016...

CLIMATE NORMAL PERIOD 1981 TO 2010
CLIMATE RECORD PERIOD 1948 TO 2016

WEATHER         OBSERVED          NORMAL  DEPART  LAST YEAR`S
                 VALUE   DATE(S)  VALUE   FROM    VALUE  DATE(S)
                                          NORMAL
................................................................
TEMPERATURE (F)
RECORD
 HIGH             100   08/05/1955
 LOW               36   06/09/1955
HIGHEST            94   08/11        93       1       89  08/18
LOWEST             47   06/11        44       3       41  06/05
AVG. MAXIMUM     78.6              77.1     1.5     75.3
AVG. MINIMUM     58.1              57.6     0.5     57.5
MEAN             68.3              67.3     1.0     66.4
DAYS MAX >= 90      5               4.0     1.0        0
DAYS MAX <= 32      0               0.0     0.0        0
DAYS MIN <= 32      0               0.0     0.0        0
DAYS MIN <= 0       0               0.0     0.0        0

PRECIPITATION (INCHES)
RECORD
 MAXIMUM        18.94   2009
 MINIMUM         4.76   1949
TOTALS           8.01             10.29   -2.28    12.78
DAILY AVG.       0.08              0.11   -0.03     0.14
DAYS >= .01        29              34.9    -5.9       35
DAYS >= .10        17              19.6    -2.6       25
DAYS >= .50         4               6.3    -2.3        6
DAYS >= 1.00        3               2.1     0.9        4
GREATEST
 24 HR. TOTAL    1.57   06/05 TO 06/06

DEGREE_DAYS
HEATING TOTAL     103               137     -34      169
 SINCE 7/1         25                42     -17       18
COOLING TOTAL     442               348      94      323
 SINCE 1/1        457               357     100      357
.................................................................

WIND (MPH)
AVERAGE WIND SPEED              6.3
HIGHEST WIND SPEED/DIRECTION    31/340    DATE  06/14
HIGHEST GUST SPEED/DIRECTION    38/310    DATE  06/14

SKY COVER
AVERAGE SKY COVER           0.30

AVERAGE RH (PERCENT)     69

WEATHER CONDITIONS. NUMBER OF DAYS WITH
THUNDERSTORM              8     HEAVY RAIN                11
RAIN                     12     LIGHT RAIN                40
FREEZING RAIN             0     LT FREEZING RAIN           0
HEAVY SNOW                0     SNOW                       0
LIGHT SNOW                0     FOG                       43
FOG W/VIS <= 1/4 MILE    18     HAZE                       5

-  INDICATES NEGATIVE NUMBERS.
R  INDICATES RECORD WAS SET OR TIED.
MM INDICATES DATA IS MISSING.
T  INDICATES TRACE AMOUNT.

&&

SUMMER BEGAN WITH A PERIOD OF COOL AND WET WEATHER. RAIN WAS
OBSERVED ON 12 OUT OF 13 DAYS FROM JUNE 3 THRU JUNE 15, WITH MORE
THAN 1.5 INCHES FALLING ON THE 5TH. BY MID JUNE A WARMER, DRIER
WEATHER PATTERN HAD SETTLED IN WITH GRADUALLY WARMING TEMPERATURES
TYPICALLY FOLLOWED BY A COLD FRONT AND COOLER WEATHER. IN MID JULY A
PROLONGED PERIOD OF EASTERLY WINDS BROUGHT COOL, DAMP WEATHER. FOR 4
STRAIGHT DAYS FROM JULY 7 THRU 10 THE TEMPERATURE DID NOT RISE ABOVE
65 DEGREES. THIS COOL WEATHER WAS ONLY TEMPORARY AS WARM WEATHER
DOMINATED THE LAST HALF OF JULY AND INTO AUGUST. THE TEMPERATURE HIT
90 DEGREES ON 3 OUT OF 4 DAYS FROM AUGUST 11 THRU 14. THE 94 DEGREES
ON AUGUST 11 WAS THE HOTTEST TEMPERATURE IN MORE THAN 5 YEARS.
GENERALLY WARM WEATHER CONTINUED THROUGH THE END OF AUGUST WITH
OCCASIONAL PERIODS OF WELCOME RAINS WHICH HELPED TO EASE THE
DEVELOPING DROUGHT.

THE AVERAGE TEMPERATURE FOR THE SUMMER WAS 68.3 DEGREES WHICH WAS
1.0 DEGREES ABOVE NORMAL AND THE WARMEST SUMMER SINCE 2010. THE
WARMEST SUMMER ON RECORD WAS IN 1973 WHEN THE AVERAGE TEMPERATURE
WAS 71.2 DEGREES. THE COOLEST WAS IN 1968 AT ONLY 63.7 DEGREES.

A TOTAL OF 8.01 INCHES OF RAIN FELL WHICH WAS 2.28 INCHES BELOW
NORMAL AND THE DRIEST SUMMER SINCE 2010. THE DRIEST SUMMER WAS 1949
WHEN ONLY 4.76 INCHES FELL. THE WETTEST WAS 2009 WITH 18.94 INCHES.

THE FOLLOWING DAILY RECORDS WERE SET OR TIED IN SUMMER 2016...
DATE    RECORD                               PREVIOUS
JUN 5   1.54 - GREATEST PRECIPITATION        0.87 IN 2010
JUL 9   60   - COOLEST HIGH TEMPERATURE      62 IN 2005
AUG 11  94   - WARMEST HIGH TEMPERATURE      92 IN 2002
AUG 13  65   - COOLEST HIGH TEMPERATURE      65 IN 1997 /TIED/
AUG 22  1.13 - GREATEST PRECIPITATION        0.77 IN 1977

**NOTE**
EQUIPMENT MALFUNCTIONS CAUSED A LOSS OF PRECIPITATION DATA ON AUGUST
16 AND AUGUST 22. PRECIPITATION DATA ON THESE DATES WAS PROVIDED BY
NEARBY COCORAHS OBSERVATIONS.

$$

KIMBLE
