011
CXUS55 KPUB 100011
CLSCOS

CLIMATE REPORT...CORRECTION
NATIONAL WEATHER SERVICE PUEBLO
603 PM MDT THU JUN 9 2016

...................................

...THE COLORADO SPRINGS CO CLIMATE SUMMARY FOR THE SEASON, FROM
3/1/2016 TO 5/31/2016...

CLIMATE NORMAL PERIOD 1981 TO 2010
CLIMATE RECORD PERIOD 1872 TO 2016

WEATHER         OBSERVED          NORMAL  DEPART  LAST YEAR`S
                 VALUE   DATE(S)  VALUE   FROM    VALUE  DATE(S)
                                          NORMAL
................................................................
TEMPERATURE (F)
RECORD
 HIGH              94   05/30/2000
 LOW              -16   03/02/1943
HIGHEST            83   05/21                         80  03/16
LOWEST             15   03/20                         -2  03/05
AVG. MAXIMUM     60.9              60.3     0.6     60.7
AVG. MINIMUM     34.5              34.0     0.5     35.1
MEAN             47.7              47.2     0.5     48.0
DAYS MAX >= 90      0               0.2    -0.2
DAYS MAX <= 32      2               2.7    -0.7
DAYS MIN <= 32     39              38.0     1.0
DAYS MIN <= 0       0               0.1    -0.1

PRECIPITATION (INCHES)
RECORD
 MAXIMUM        12.13   1957
 MINIMUM         1.14   2006
TOTALS           5.39              4.45    0.94     9.91
DAILY AVG.       0.06              0.05    0.01
DAYS >= .01        23              26.5    -3.5
DAYS >= .10        18              11.3     6.7
DAYS >= .50         2               1.9     0.1
DAYS >= 1.00        0               0.5    -0.5
GREATEST
 24 HR. TOTAL    0.97   04/28 TO 04/29

SNOWFALL (INCHES)
RECORDS
 TOTAL           63.1   1957
TOTALS           23.6              13.7     9.9      5.6
SINCE 7/1        50.7              37.7    13.0     46.5
SNOWDEPTH AVG.      0
DAYS >= 1.0         7               4.0     3.0
GREATEST
 SNOW DEPTH         5   03/25                          5
                        03/26
                        04/29
 24 HR TOTAL      7.2   04/29                        3.3
                        03/25 TO 03/26

DEGREE_DAYS
HEATING TOTAL    1573              1650     -77     1546
 SINCE 7/1       5476              6213     -737    5767
COOLING TOTAL       2                10      -8        0
 SINCE 1/1          2                10      -8        0
.................................................................

WIND (MPH)
AVERAGE WIND SPEED              10.5
HIGHEST WIND SPEED/DIRECTION    51/340    DATE  03/23
HIGHEST GUST SPEED/DIRECTION    67/350    DATE  03/23

SKY COVER
POSSIBLE SUNSHINE (PERCENT)   MM
AVERAGE SKY COVER           0.60
NUMBER OF DAYS FAIR           17
NUMBER OF DAYS PC             54
NUMBER OF DAYS CLOUDY         21

AVERAGE RH (PERCENT)     50

WEATHER CONDITIONS. NUMBER OF DAYS WITH
THUNDERSTORM             13     MIXED PRECIP               3
HEAVY RAIN                5     RAIN                      10
LIGHT RAIN               26     FREEZING RAIN              0
LT FREEZING RAIN          0     HAIL                       2
HEAVY SNOW                3     SNOW                      10
LIGHT SNOW               18     SLEET                      1
FOG                      29     FOG W/VIS <= 1/4 MILE      3
HAZE                     13

-  INDICATES NEGATIVE NUMBERS.
R  INDICATES RECORD WAS SET OR TIED.
MM INDICATES DATA IS MISSING.
T  INDICATES TRACE AMOUNT.

$$

CORRECTION DUE TO TEMPERATURE ADJUSTMENT IN MAY DATA...AFFECTING
AVG MAX...MEAN TEMP AND HEATING DEGREE TOTALS.
