000
CXUS51 KRLX 030656
CLSEKN


CLIMATE REPORT
NATIONAL WEATHER SERVICE CHARLESTON WV
154 AM EST FRI MAR 3 2017

...................................

...THE ELKINS WV CLIMATE SUMMARY FOR THE SEASON, FROM
12/1/2016 TO 2/28/2017...

CLIMATE NORMAL PERIOD 1981 TO 2010
CLIMATE RECORD PERIOD 1899 TO 2017

WEATHER         OBSERVED          NORMAL  DEPART  LAST YEAR`S
                 VALUE   DATE(S)  VALUE   FROM    VALUE  DATE(S)
                                          NORMAL
................................................................
TEMPERATURE (F)
HIGHEST            77   02/24        MM      MM       73
LOWEST             -4   01/09        MM      MM       -9
AVG. MAXIMUM     47.5              41.3     6.2     45.8
AVG. MINIMUM     27.7              21.2     6.5     23.5
MEAN             37.6              31.3     6.3     34.7
DAYS MAX >= 90      0               0.0     0.0        0
DAYS MAX <= 32     15              22.0    -7.0       18
DAYS MIN <= 32     57              73.0   -16.0       66
DAYS MIN <= 0       2               5.2    -3.2        7

PRECIPITATION (INCHES)
TOTALS          12.15              9.59    2.56    10.08
DAILY AVG.       0.13              0.11    0.02     0.11
DAYS >= .01        53              50.1     2.9       49
DAYS >= .10        27              25.3     1.7       23
DAYS >= .50         9               4.5     4.5        5
DAYS >= 1.00        1               1.0     0.0        1
GREATEST
 24 HR. TOTAL    1.08   MM                       02/29 TO 02/29
                                                          02/29 TO 02/29
                                                          02/29 TO 02/29
 STORM TOTAL       MM                                 MM
 (MM/DD(HH))            MM                    02/29(00) TO 02/29(00)
                                                 02/29(00) TO 02/29(00)9
                                                 02/29(00) TO 02/29(00)9

SNOWFALL (INCHES)
TOTALS           25.7              59.9   -34.2     47.7
SINCE 7/1        30.4              65.5   -35.1     47.7
DAYS >= TRACE      24              33.3    -9.3       37
DAYS >= 1.0         9              18.8    -9.8       14
GREATEST
 SNOW DEPTH         5   01/30                         20  01/24
                        01/06
 24 HR TOTAL      7.9   MM                       02/29 TO 02/29
                                                          02/29 TO 02/29
                                                          02/29 TO 02/29

DEGREE_DAYS
HEATING TOTAL    2458              3037    -579     2739
 SINCE 7/1         MM              4321      MM       MM
COOLING TOTAL       0                 0       0        0
 SINCE 1/1          0                 0       0        0
..........................................................

WIND (MPH)
AVERAGE WIND SPEED              6.1
HIGHEST WIND SPEED/DIRECTION    33/300    DATE  02/12
HIGHEST GUST SPEED/DIRECTION    47/310    DATE  02/12

SKY COVER
POSSIBLE SUNSHINE (PERCENT)   MM
AVERAGE SKY COVER           0.70
NUMBER OF DAYS FAIR           11
NUMBER OF DAYS PC             32
NUMBER OF DAYS CLOUDY         47

AVERAGE RH (PERCENT)     67

WEATHER CONDITIONS. NUMBER OF DAYS WITH
THUNDERSTORM              0     MIXED PRECIP               0
HEAVY RAIN               12     RAIN                      19
LIGHT RAIN               46     FREEZING RAIN              2
LT FREEZING RAIN          1     HAIL                       0
HEAVY SNOW                5     SNOW                       8
LIGHT SNOW               31     SLEET                      0
FOG                      51     FOG W/VIS <= 1/4 MILE      8
HAZE                     18

-  INDICATES NEGATIVE NUMBERS.
R  INDICATES RECORD WAS SET OR TIED.
MM INDICATES DATA IS MISSING.
T  INDICATES TRACE AMOUNT.

$$
