000
CXUS51 KRLX 011212
CLSEKN


CLIMATE REPORT
NATIONAL WEATHER SERVICE CHARLESTON WV
809 AM EDT THU JUN 1 2017

...................................

...THE ELKINS WV CLIMATE SUMMARY FOR THE SEASON, FROM
3/1/2017 TO 5/31/2017...

CLIMATE NORMAL PERIOD 1981 TO 2010
CLIMATE RECORD PERIOD 1899 TO 2017

WEATHER         OBSERVED          NORMAL  DEPART  LAST YEAR`S
                 VALUE   DATE(S)  VALUE   FROM    VALUE  DATE(S)
                                          NORMAL
................................................................
TEMPERATURE (F)
HIGHEST            87   05/17        MM      MM       87
LOWEST             11   03/17        MM      MM       12
                        03/15
AVG. MAXIMUM     64.4              61.7     2.7     64.9
AVG. MINIMUM     40.3              36.7     3.6     38.8
MEAN             52.3              49.2     3.1     51.8
DAYS MAX >= 90      0               0.0     0.0        0
DAYS MAX <= 32      3               2.1     0.9        0
DAYS MIN <= 32     19              32.7   -13.7       32
DAYS MIN <= 0       0               0.2    -0.2        0

PRECIPITATION (INCHES)
TOTALS          13.45             12.88    0.57    12.06
DAILY AVG.       0.14              0.14    0.00     0.13
DAYS >= .01        55              47.0     8.0       51
DAYS >= .10        35              29.2     5.8       34
DAYS >= .50         8               8.1    -0.1        7
DAYS >= 1.00        1               1.8    -0.8        1
GREATEST
 24 HR. TOTAL    1.10   MM                       05/31 TO 05/31
                                                          05/31 TO 05/31
                                                          05/31 TO 05/31
 STORM TOTAL       MM                                 MM
 (MM/DD(HH))            MM                    05/31(00) TO 05/31(00)
                                                 05/31(00) TO 05/31(00)1
                                                 05/31(00) TO 05/31(00)1

SNOWFALL (INCHES)
TOTALS           14.1              18.0    -3.9     11.3
SINCE 7/1        44.5              83.5   -39.0     59.0
DAYS >= TRACE      11              10.8     0.2       15
DAYS >= 1.0         4               5.4    -1.4        4
GREATEST
 SNOW DEPTH         5   03/15                          4  04/10
 24 HR TOTAL      6.5   MM                       05/31 TO 05/31
                                                          05/31 TO 05/31
                                                          05/31 TO 05/31

DEGREE_DAYS
HEATING TOTAL    1186              1476    -290     1218
 SINCE 7/1         MM              5797      MM       MM
COOLING TOTAL      44                23      21       29
 SINCE 1/1         44                23      21       29
..................................................

WIND (MPH)
AVERAGE WIND SPEED              5.8
HIGHEST WIND SPEED/DIRECTION    43/270    DATE  03/01
HIGHEST GUST SPEED/DIRECTION    60/250    DATE  03/01

SKY COVER
POSSIBLE SUNSHINE (PERCENT)   MM
AVERAGE SKY COVER           0.60
NUMBER OF DAYS FAIR           34
NUMBER OF DAYS PC             28
NUMBER OF DAYS CLOUDY         30

AVERAGE RH (PERCENT)     64

WEATHER CONDITIONS. NUMBER OF DAYS WITH
THUNDERSTORM              0     MIXED PRECIP               0
HEAVY RAIN               24     RAIN                      27
LIGHT RAIN               55     FREEZING RAIN              0
LT FREEZING RAIN          0     HAIL                       0
HEAVY SNOW                5     SNOW                       5
LIGHT SNOW               11     SLEET                      0
FOG                      54     FOG W/VIS <= 1/4 MILE     13
HAZE                     10

-  INDICATES NEGATIVE NUMBERS.
R  INDICATES RECORD WAS SET OR TIED.
MM INDICATES DATA IS MISSING.
T  INDICATES TRACE AMOUNT.

$$
