000
CXUS51 KRLX 011715
CLSEKN


CLIMATE REPORT
NATIONAL WEATHER SERVICE CHARLESTON WV
111 PM EDT WED JUN 1 2016

...................................

...THE ELKINS WV CLIMATE SUMMARY FOR THE SEASON, FROM
3/1/2016 TO 5/31/2016...

CLIMATE NORMAL PERIOD 1981 TO 2010
CLIMATE RECORD PERIOD 1899 TO 2016

WEATHER         OBSERVED          NORMAL  DEPART  LAST YEAR`S
                 VALUE   DATE(S)  VALUE   FROM    VALUE  DATE(S)
                                          NORMAL
................................................................
TEMPERATURE (F)
HIGHEST            87   05/28        MM      MM       MM
LOWEST             12   04/10        MM      MM       MM
AVG. MAXIMUM     64.9              61.7     3.2       MM
AVG. MINIMUM     38.8              36.7     2.1       MM
MEAN             51.8              49.2     2.6       MM
DAYS MAX >= 90      0               0.0     0.0       MM
DAYS MAX <= 32      0               2.1    -2.1       MM
DAYS MIN <= 32     32              32.7    -0.7       MM
DAYS MIN <= 0       0               0.2    -0.2       MM

PRECIPITATION (INCHES)
TOTALS          12.06             12.88   -0.82       MM
DAILY AVG.       0.13              0.14   -0.01       MM
DAYS >= .01        51              47.0     4.0       MM
DAYS >= .10        34              29.2     4.8       MM
DAYS >= .50         7               8.1    -1.1       MM
DAYS >= 1.00        1               1.8    -0.8       MM
GREATEST
 24 HR. TOTAL    1.55   MM                            MM
 STORM TOTAL       MM                                 MM
 (MM/DD(HH))            MM                                MM

SNOWFALL (INCHES)
TOTALS           11.3              18.0    -6.7       MM
SINCE 7/1        59.0              83.5   -24.5       MM
DAYS >= TRACE      15              10.8     4.2       MM
DAYS >= 1.0         4               5.4    -1.4       MM
GREATEST
 SNOW DEPTH         4   04/10                         MM  MM
 24 HR TOTAL      5.1   MM                            MM

DEGREE_DAYS
HEATING TOTAL    1218              1476    -258       MM
 SINCE 7/1         MM              5797      MM       MM
COOLING TOTAL      29                23       6       MM
 SINCE 1/1         29                23       6       MM
.................................................................

WIND (MPH)
AVERAGE WIND SPEED              5.0
HIGHEST WIND SPEED/DIRECTION    33/280    DATE  04/02
HIGHEST GUST SPEED/DIRECTION    54/300    DATE  04/02

SKY COVER
POSSIBLE SUNSHINE (PERCENT)   MM
AVERAGE SKY COVER           0.50
NUMBER OF DAYS FAIR           30
NUMBER OF DAYS PC             31
NUMBER OF DAYS CLOUDY         31

AVERAGE RH (PERCENT)     64

WEATHER CONDITIONS. NUMBER OF DAYS WITH
THUNDERSTORM              0     MIXED PRECIP               0
HEAVY RAIN               16     RAIN                      24
LIGHT RAIN               52     FREEZING RAIN              0
LT FREEZING RAIN          0     HAIL                       0
HEAVY SNOW                2     SNOW                       5
LIGHT SNOW               15     SLEET                      0
FOG                      59     FOG W/VIS <= 1/4 MILE     13
HAZE                      9

-  INDICATES NEGATIVE NUMBERS.
R  INDICATES RECORD WAS SET OR TIED.
MM INDICATES DATA IS MISSING.
T  INDICATES TRACE AMOUNT.

$$
