000
CXUS51 KRLX 020202 CCA
CLSEKN

CLIMATE REPORT
NATIONAL WEATHER SERVICE CHARLESTON WV
941 PM EDT MON SEP 1 2014

...................................

...THE ELKINS WV CLIMATE SUMMARY FOR THE SEASON, FROM
6/1/2014 TO 8/31/2014...

CLIMATE NORMAL PERIOD 1981 TO 2010
CLIMATE RECORD PERIOD 1899 TO 2014

WEATHER         OBSERVED          NORMAL  DEPART  LAST YEAR`S
                 VALUE   DATE(S)  VALUE   FROM    VALUE  DATE(S)
                                          NORMAL
................................................................
TEMPERATURE (F)
RECORD
 HIGH              99   07/16/1988
                        08/06/1918
 LOW                0   06/30/2012
HIGHEST            88   07/13
LOWEST             43   08/16
AVG. MAXIMUM     79.8              79.7     0.1
AVG. MINIMUM     57.0              57.2    -0.2
MEAN             68.4              68.5    -0.1
DAYS MAX >= 90      0               2.2    -2.2
DAYS MAX <= 32      0               0.0     0.0
DAYS MIN <= 32      0               0.0     0.0
DAYS MIN <= 0       0               0.0     0.0

PRECIPITATION (INCHES)
RECORD
 MAXIMUM        23.63   1907
 MINIMUM         5.60   1999
TOTALS          12.89             13.60   -0.71       MM
DAILY AVG.       0.14              0.15   -0.01       MM
DAYS >= .01        46              42.0     4.0       MM
DAYS >= .10        30              26.1     3.9       MM
DAYS >= .50         9               9.4    -0.4       MM
DAYS >= 1.00        3               2.9     0.1       MM
GREATEST
 24 HR. TOTAL    1.27   MM                            MM
 STORM TOTAL       MM                                 MM
 (MM/DD(HH))            MM                                MM

DEGREE_DAYS
HEATING TOTAL      65                84     -19
 SINCE 7/1         51                30      21
COOLING TOTAL     402               404      -2
 SINCE 1/1        438               426      12


.................................................................

WIND (MPH)
AVERAGE WIND SPEED              3.2
HIGHEST WIND SPEED/DIRECTION    39/250    DATE  07/08
HIGHEST GUST SPEED/DIRECTION    62/250    DATE  07/08

SKY COVER
POSSIBLE SUNSHINE (PERCENT)   MM
AVERAGE SKY COVER           0.50
NUMBER OF DAYS FAIR           23
NUMBER OF DAYS PC             60
NUMBER OF DAYS CLOUDY          9

AVERAGE RH (PERCENT)     72

WEATHER CONDITIONS. NUMBER OF DAYS WITH
THUNDERSTORM              M     MIXED PRECIP               0
HEAVY RAIN               27     RAIN                      28
LIGHT RAIN               52     FREEZING RAIN              0
LT FREEZING RAIN          0     HAIL                       0
HEAVY SNOW                0     SNOW                       0
LIGHT SNOW                0     SLEET                      0
FOG                      88     FOG W/VIS <= 1/4 MILE     36
HAZE                     31

-  INDICATES NEGATIVE NUMBERS.
R  INDICATES RECORD WAS SET OR TIED.
MM INDICATES DATA IS MISSING.
T  INDICATES TRACE AMOUNT.

$$
