000
CXUS51 KRLX 031617
CLSEKN


CLIMATE REPORT
NATIONAL WEATHER SERVICE CHARLESTON WV
1116 AM EST THU MAR 3 2016

...................................

...THE ELKINS WV CLIMATE SUMMARY FOR THE SEASON, FROM
12/1/2015 TO 2/29/2016...

CLIMATE NORMAL PERIOD 1981 TO 2010
CLIMATE RECORD PERIOD 1899 TO 2016

WEATHER         OBSERVED          NORMAL  DEPART  LAST YEAR`S
                 VALUE   DATE(S)  VALUE   FROM    VALUE  DATE(S)
                                          NORMAL
................................................................
TEMPERATURE (F)
HIGHEST            73   12/27        MM      MM       63
LOWEST             -9   02/14        MM      MM      -15
AVG. MAXIMUM     45.8              41.3     4.5     38.4
AVG. MINIMUM     23.5              21.2     2.3     17.8
MEAN             34.7              31.3     3.4     28.1
DAYS MAX >= 90      0               0.0     0.0        0
DAYS MAX <= 32     18              22.0    -4.0       24
DAYS MIN <= 32     66              73.0    -7.0       79
DAYS MIN <= 0       7               5.2     1.8       15

PRECIPITATION (INCHES)
TOTALS          10.08              9.59    0.49     9.33
DAILY AVG.       0.11              0.11    0.00     0.11
DAYS >= .01        49              50.1    -1.1       45
DAYS >= .10        23              25.3    -2.3       27
DAYS >= .50         5               4.5     0.5        5
DAYS >= 1.00        1               1.0     0.0        1
GREATEST
 24 HR. TOTAL    1.38   MM                       02/28 TO 02/28
                                                          02/28 TO 02/28
                                                          02/28 TO 02/28
 STORM TOTAL       MM                                 MM
 (MM/DD(HH))            MM                    02/28(00) TO 02/28(00)
                                                 02/28(00) TO 02/28(00)8
                                                 02/28(00) TO 02/28(00)8

SNOWFALL (INCHES)
TOTALS           47.7              59.9   -12.2     48.4
SINCE 7/1        47.7              65.5   -17.8     56.0
DAYS >= TRACE      37              33.3     3.7       45
DAYS >= 1.0        14              18.8    -4.8       15
GREATEST
 SNOW DEPTH        20   01/24                         12  02/27
                                                          02/22
 24 HR TOTAL     11.8   MM                       02/28 TO 02/28
                                                          02/28 TO 02/28
                                                          02/28 TO 02/28

DEGREE_DAYS
HEATING TOTAL    2739              3037    -298     3275
 SINCE 7/1         MM              4351      MM       MM
COOLING TOTAL       0                 0       0        0
 SINCE 1/1          0                 0       0        0
.........................................................

WIND (MPH)
AVERAGE WIND SPEED              5.3
HIGHEST WIND SPEED/DIRECTION    33/260    DATE  02/29
HIGHEST GUST SPEED/DIRECTION    49/250    DATE  02/29

SKY COVER
POSSIBLE SUNSHINE (PERCENT)   MM
AVERAGE SKY COVER           0.60
NUMBER OF DAYS FAIR           17
NUMBER OF DAYS PC             36
NUMBER OF DAYS CLOUDY         38

AVERAGE RH (PERCENT)     69

WEATHER CONDITIONS. NUMBER OF DAYS WITH
THUNDERSTORM              0     MIXED PRECIP               0
HEAVY RAIN                8     RAIN                      17
LIGHT RAIN               37     FREEZING RAIN              0
LT FREEZING RAIN          0     HAIL                       0
HEAVY SNOW                6     SNOW                      10
LIGHT SNOW               37     SLEET                      0
FOG                      55     FOG W/VIS <= 1/4 MILE     19
HAZE                     19

-  INDICATES NEGATIVE NUMBERS.
R  INDICATES RECORD WAS SET OR TIED.
MM INDICATES DATA IS MISSING.
T  INDICATES TRACE AMOUNT.

$$
