000
CXUS55 KLKN 011838
CLSELY


CLIMATE REPORT
NATIONAL WEATHER SERVICE ELKO NV
1123 AM PDT THU JUN 1 2017

...................................

...THE ELY AIRPORT NV CLIMATE SUMMARY FOR THE SEASON, FROM
3/1/2017 TO 5/31/2017...

CLIMATE NORMAL PERIOD 1981 TO 2010
CLIMATE RECORD PERIOD 1893 TO 2017

WEATHER         OBSERVED          NORMAL  DEPART  LAST YEAR`S
                 VALUE   DATE(S)  VALUE   FROM    VALUE
                                          NORMAL
.............................................................
TEMPERATURE (F)
RECORD
 HIGH              95   05/31/1910
 LOW              -13   03/03/1952
HIGHEST            83   05/30        82       1       78
                        05/24
LOWEST              1   03/01         3      -2       10
AVG. MAXIMUM     61.3              58.6     2.7     58.7
AVG. MINIMUM     28.4              27.7     0.7     29.8
MEAN             44.9              43.2     1.7     44.3
DAYS MAX >= 90      0               0.1    -0.1        0
DAYS MAX <= 32      1               0.8     0.2        1
DAYS MIN <= 32     70              64.0     6.0       60
DAYS MIN <= 0       0               0.3    -0.3        0

PRECIPITATION (INCHES)
RECORD
 MAXIMUM         6.80   1896
 MINIMUM         0.50   1910
TOTALS           2.92              2.98   -0.06     3.78
DAILY AVG.       0.03              0.03    0.00     0.04
DAYS >= .01        20              22.8    -2.8       28
DAYS >= .10         8               9.6    -1.6       11
DAYS >= .50         1               0.9     0.1        2
DAYS >= 1.00        0               0.0     0.0        1

SNOWFALL (INCHES)
RECORDS
 TOTAL           50.0   1964
TOTALS           18.4              15.8     2.6     21.1
DAYS >= 1.0         5               5.4    -0.4        4
GREATEST
 SNOW DEPTH         7   03/31                         12

DEGREE_DAYS
HEATING TOTAL    1828              2010    -182     1885
COOLING TOTAL       0                 1      -1        0
..............................................................

WIND (MPH)
AVERAGE WIND SPEED              10.5
HIGHEST WIND SPEED/DIRECTION    43/190    DATE  04/13
HIGHEST GUST SPEED/DIRECTION    62/180    DATE  04/13

AVERAGE RH (PERCENT)     52

WEATHER CONDITIONS. NUMBER OF DAYS WITH
THUNDERSTORM              0     MIXED PRECIP               0
HEAVY RAIN                2     RAIN                       6
LIGHT RAIN               18     FREEZING RAIN              0
LT FREEZING RAIN          0     HAIL                       0
HEAVY SNOW                3     SNOW                       7
LIGHT SNOW               18     SLEET                      0
FOG                      13     FOG W/VIS <= 1/4 MILE      1
HAZE                      5

-  INDICATES NEGATIVE NUMBERS.
R  INDICATES RECORD WAS SET OR TIED.
MM INDICATES DATA IS MISSING.
T  INDICATES TRACE AMOUNT.

&&

=====================================================================

...TIED 12TH WARMEST METEOROLOGICAL SPRING (MARCH - MAY) ON RECORD IN
   ELY WITH AN AVERAGE TEMPERATURE OF 44.9 DEGREES...

...MARCH WAS THE 7TH WARMEST ON RECORD WITH AN AVERAGE TEMPERATURE
   OF 40.9 DEGREES...

$$

DS
