000
CXUS51 KOKX 012226
CLSEWR

CLIMATE REPORT
NATIONAL WEATHER SERVICE NEW YORK NY
625 PM EDT WED JUN 1 2016

...................................

...THE NEWARK NJ CLIMATE SUMMARY FOR THE SEASON, FROM
3/1/2016 TO 5/31/2016...

CLIMATE NORMAL PERIOD 1981 TO 2010
CLIMATE RECORD PERIOD 1929 TO 2016

WEATHER         OBSERVED          NORMAL  DEPART  LAST YEAR`S
                 VALUE   DATE(S)  VALUE   FROM    VALUE
                                          NORMAL
.............................................................
TEMPERATURE (F)
RECORD
 HIGH              99   05/20/1996
 LOW                6   03/04/1943
HIGHEST            96   05/28        MM      MM
LOWEST             26   04/05        MM      MM
                        03/03
AVG. MAXIMUM     64.5              61.6     2.9
AVG. MINIMUM     45.4              43.5     1.9
MEAN             55.0              52.6     2.4
DAYS MAX >= 90      3               1.4     1.6
DAYS MAX <= 32      0               0.8    -0.8
DAYS MIN <= 32     11              13.8    -2.8
DAYS MIN <= 0       0               0.0     0.0

PRECIPITATION (INCHES)
RECORD
 MAXIMUM        26.50   1983
 MINIMUM         4.43   1935
TOTALS           6.35             12.47   -6.12    11.13
DAILY AVG.       0.07              0.14   -0.07
DAYS >= .01        32              33.8    -1.8
DAYS >= .10        17              21.0    -4.0
DAYS >= .50         4               8.2    -4.2
DAYS >= 1.00        1               3.1    -2.1
GREATEST
 24 HR. TOTAL    1.60   MM
 STORM TOTAL       MM
 (MM/DD(HH))            MM

SNOWFALL (INCHES)
RECORDS
 TOTAL           29.4   1956
 24 HR TOTAL     12.8   04/06/1982 TO 04/06/1982
TOTALS            1.6               5.5    -3.9
 LIQUID EQUIV    0.16              0.60   -0.44
SINCE 7/1        36.3              28.5     7.8
 LIQUID 7/1      3.63
DAYS >= TRACE       4               2.8     1.2
DAYS >= 1.0         1               1.5    -0.5
GREATEST
 SNOW DEPTH         1   03/04
 24 HR TOTAL      1.4   MM
 STORM TOTAL       MM
 (MM/DD(HH))            MM

DEGREE_DAYS
HEATING TOTAL    1022              1219    -197
 SINCE 7/1         MM              4855      MM
COOLING TOTAL     118                75      43
 SINCE 1/1        118                76      42
..............................................................

WIND (MPH)
AVERAGE WIND SPEED              9.3
HIGHEST WIND SPEED/DIRECTION    41/310    DATE  04/03
HIGHEST GUST SPEED/DIRECTION    58/270    DATE  03/28

SKY COVER
POSSIBLE SUNSHINE (PERCENT)   MM
AVERAGE SKY COVER           0.70
NUMBER OF DAYS FAIR           10
NUMBER OF DAYS PC             43
NUMBER OF DAYS CLOUDY         39

AVERAGE RH (PERCENT)     57

WEATHER CONDITIONS. NUMBER OF DAYS WITH
THUNDERSTORM              0     MIXED PRECIP               0
HEAVY RAIN                7     RAIN                      18
LIGHT RAIN               45     FREEZING RAIN              0
LT FREEZING RAIN          0     HAIL                       0
HEAVY SNOW                0     SNOW                       1
LIGHT SNOW                5     SLEET                      0
FOG                      30     FOG W/VIS <= 1/4 MILE      0
HAZE                     10

-  INDICATES NEGATIVE NUMBERS.
R  INDICATES RECORD WAS SET OR TIED.
MM INDICATES DATA IS MISSING.
T  INDICATES TRACE AMOUNT.

$$
