000
CXUS51 KALY 011633
CLSGFL

ALBCLMGFL 000
TTAA00 KALY 011627


CLIMATE REPORT
NATIONAL WEATHER SERVICE ALBANY NY
1132 AM EST FRI DEC 1 2017

...................................

...THE GLENS FALLS NY CLIMATE SUMMARY FOR THE SEASON, FROM
9/1/2017 TO 11/30/2017...

CLIMATE NORMAL PERIOD 1981 TO 2010
CLIMATE RECORD PERIOD 1949 TO 2017

WEATHER         OBSERVED          NORMAL  DEPART  LAST YEAR`S
                 VALUE   DATE(S)  VALUE   FROM    VALUE  DATE(S)
                                          NORMAL
................................................................
TEMPERATURE (F)
HIGHEST            90   09/25                         87  09/09
LOWEST             13   11/28                         20  11/28
AVG. MAXIMUM     62.4              58.4     4.0     62.2
AVG. MINIMUM     39.1              36.3     2.8     39.7
MEAN             50.8              47.3     3.5     50.9
DAYS MAX >= 90      1               0.1     0.9        0
DAYS MAX <= 32      1               1.6    -0.6        0
DAYS MIN <= 32     30              34.9    -4.9       30
DAYS MIN <= 0       0               0.0     0.0        0

PRECIPITATION (INCHES)
RECORD
 MAXIMUM        16.60   2005
 MINIMUM         1.86   1964
TOTALS           6.32             10.20   -3.88     7.14
DAILY AVG.       0.07              0.11   -0.04     0.08
DAYS >= .01        29              31.5    -2.5       36
DAYS >= .10        17              19.5    -2.5       16
DAYS >= .50         3               7.1    -4.1        6
DAYS >= 1.00        2               1.9     0.1        0
GREATEST
 24 HR. TOTAL    1.37   09/03 TO 09/03

DEGREE_DAYS
HEATING TOTAL    1344              1632    -288
 SINCE 7/1       1411              1698    -287
COOLING TOTAL      74                25      49
 SINCE 1/1        388               352      36

FREEZE DATES
RECORD
 EARLIEST     08/29/1982
 LATEST       06/01/2009
EARLIEST                        09/29
LATEST                          05/13
.................................................................

WIND (MPH)
AVERAGE WIND SPEED              4.7
HIGHEST WIND SPEED/DIRECTION    36/150    DATE  10/30
HIGHEST GUST SPEED/DIRECTION    44/160    DATE  10/30


WEATHER CONDITIONS. NUMBER OF DAYS WITH
THUNDERSTORM              4     MIXED PRECIP               0
HEAVY RAIN                3     RAIN                       8
LIGHT RAIN               34     FREEZING RAIN              0
LT FREEZING RAIN          0     HAIL                       0
HEAVY SNOW                0     SNOW                       0
LIGHT SNOW                1     SLEET                      0
FOG                      73     FOG W/VIS <= 1/4 MILE     30
HAZE                      9

-  INDICATES NEGATIVE NUMBERS.
R  INDICATES RECORD WAS SET OR TIED.
MM INDICATES DATA IS MISSING.
T  INDICATES TRACE AMOUNT.

$$
