000
CXUS51 KRLX 020202 CCA
CLSHTS

CLIMATE REPORT
NATIONAL WEATHER SERVICE CHARLESTON WV
941 PM EDT MON SEP 1 2014

...................................

...THE HUNTINGTON WV CLIMATE SUMMARY FOR THE SEASON, FROM
6/1/2014 TO 8/31/2014...

CLIMATE NORMAL PERIOD 1981 TO 2010
CLIMATE RECORD PERIOD 1897 TO 2014

WEATHER         OBSERVED          NORMAL  DEPART  LAST YEAR`S
                 VALUE   DATE(S)  VALUE   FROM    VALUE  DATE(S)
                                          NORMAL
................................................................
TEMPERATURE (F)
RECORD
 HIGH             108   07/28/1930
 LOW               39   06/06/1945
HIGHEST            93   07/13                         MM  MM
LOWEST             50   08/16                         MM  MM
                        06/15
                        06/07
AVG. MAXIMUM     82.6              84.8    -2.2       MM
AVG. MINIMUM     62.6              63.7    -1.1       MM
MEAN             72.6              74.2    -1.6       MM
DAYS MAX >= 90      8              18.9   -10.9       MM
DAYS MAX <= 32      0               0.0     0.0       MM
DAYS MIN <= 32      0               0.0     0.0       MM
DAYS MIN <= 0       0               0.0     0.0       MM

PRECIPITATION (INCHES)
RECORD
 MAXIMUM        21.48   1907
 MINIMUM         5.09   1930
TOTALS          14.80             12.17    2.63       MM
DAILY AVG.       0.16              0.13    0.03       MM
DAYS >= .01        37              32.7     4.3       MM
DAYS >= .10        28              21.8     6.2       MM
DAYS >= .50         9               8.2     0.8       MM
DAYS >= 1.00        3               3.1    -0.1       MM
GREATEST
 24 HR. TOTAL    2.86   MM                            MM
 STORM TOTAL       MM                                 MM
 (MM/DD(HH))            MM                                MM

DEGREE_DAYS
HEATING TOTAL       3                14     -11       MM
 SINCE 7/1          3                 2       1       MM
COOLING TOTAL     727               864    -137       MM
 SINCE 1/1        841               977    -136       MM


.................................................................

WIND (MPH)
AVERAGE WIND SPEED              4.2
RESULTANT WIND SPEED/DIRECTION   1/198
HIGHEST WIND SPEED/DIRECTION    31/230    DATE  06/10
HIGHEST GUST SPEED/DIRECTION    51/220    DATE  06/10

SKY COVER
POSSIBLE SUNSHINE (PERCENT)   MM
AVERAGE SKY COVER           0.40
NUMBER OF DAYS FAIR           48
NUMBER OF DAYS PC             39
NUMBER OF DAYS CLOUDY          5

AVERAGE RH (PERCENT)     76

WEATHER CONDITIONS. NUMBER OF DAYS WITH
THUNDERSTORM              M     MIXED PRECIP               0
HEAVY RAIN               20     RAIN                      24
LIGHT RAIN               42     FREEZING RAIN              0
LT FREEZING RAIN          0     HAIL                       0
HEAVY SNOW                0     SNOW                       0
LIGHT SNOW                0     SLEET                      0
FOG                      71     FOG W/VIS <= 1/4 MILE     24
HAZE                     28

-  INDICATES NEGATIVE NUMBERS.
R  INDICATES RECORD WAS SET OR TIED.
MM INDICATES DATA IS MISSING.
T  INDICATES TRACE AMOUNT.

$$
