000
CXUS51 KRLX 031617
CLSHTS


CLIMATE REPORT
NATIONAL WEATHER SERVICE CHARLESTON WV
1116 AM EST THU MAR 3 2016

...................................

...THE HUNTINGTON WV CLIMATE SUMMARY FOR THE SEASON, FROM
12/1/2015 TO 2/29/2016...

CLIMATE NORMAL PERIOD 1981 TO 2010
CLIMATE RECORD PERIOD 1897 TO 2016

WEATHER         OBSERVED          NORMAL  DEPART  LAST YEAR`S
                 VALUE   DATE(S)  VALUE   FROM    VALUE  DATE(S)
                                          NORMAL
................................................................
TEMPERATURE (F)
HIGHEST            74   12/27        MM      MM       65
LOWEST              8   01/19        MM      MM      -16
                        01/18
AVG. MAXIMUM     48.4              44.6     3.8     40.4
AVG. MINIMUM     30.3              27.3     3.0     23.4
MEAN             39.3              36.0     3.3     31.9
DAYS MAX >= 90      0               0.0     0.0        0
DAYS MAX <= 32     15              14.1     0.9       19
DAYS MIN <= 32     57              61.1    -4.1       72
DAYS MIN <= 0       0               0.9    -0.9        2

PRECIPITATION (INCHES)
TOTALS          13.87              9.35    4.52     8.75
DAILY AVG.       0.15              0.10    0.05     0.10
DAYS >= .01        39              38.2     0.8       37
DAYS >= .10        23              20.2     2.8       17
DAYS >= .50         8               5.9     2.1        6
DAYS >= 1.00        6               1.6     4.4        2
GREATEST
 24 HR. TOTAL    4.30   MM                       02/28 TO 02/28
                                                          02/28 TO 02/28
                                                          02/28 TO 02/28

SNOWFALL (INCHES)
TOTALS           20.8              18.1     2.7     23.8
SINCE 7/1        20.8              18.9     1.9     23.8
DAYS >= TRACE      28              14.7    13.3       25
DAYS >= 1.0         4               5.4    -1.4        4
GREATEST
 SNOW DEPTH        10   01/24                          9  02/17
                        01/23
 24 HR TOTAL      9.6   MM                       02/28 TO 02/28
                                                          02/28 TO 02/28
                                                          02/28 TO 02/28

DEGREE_DAYS
HEATING TOTAL    2315              2614    -299     2937
 SINCE 7/1         MM              3525      MM       MM
COOLING TOTAL       0                 1      -1        0
 SINCE 1/1          0                 0       0        0
.........................................................

WIND (MPH)
AVERAGE WIND SPEED              6.2
HIGHEST WIND SPEED/DIRECTION    26/240    DATE  02/24
HIGHEST GUST SPEED/DIRECTION    42/240    DATE  02/29

SKY COVER
POSSIBLE SUNSHINE (PERCENT)   MM
AVERAGE SKY COVER           0.50
NUMBER OF DAYS FAIR           30
NUMBER OF DAYS PC             30
NUMBER OF DAYS CLOUDY         31

AVERAGE RH (PERCENT)     70

WEATHER CONDITIONS. NUMBER OF DAYS WITH
THUNDERSTORM              0     MIXED PRECIP               0
HEAVY RAIN                8     RAIN                      17
LIGHT RAIN               35     FREEZING RAIN              0
LT FREEZING RAIN          1     HAIL                       0
HEAVY SNOW                3     SNOW                       5
LIGHT SNOW               28     SLEET                      0
FOG                      54     FOG W/VIS <= 1/4 MILE     10
HAZE                     10

-  INDICATES NEGATIVE NUMBERS.
R  INDICATES RECORD WAS SET OR TIED.
MM INDICATES DATA IS MISSING.
T  INDICATES TRACE AMOUNT.

$$
